644
CXUS55 KBYZ 011100
CF6SHR
PRELIMINARY LOCAL CLIMATOLOGICAL DATA (WS FORM: F-6)
STATION: SHERIDAN WY
MONTH: OCTOBER
YEAR: 2020
LATITUDE: 44 46 N
LONGITUDE: 106 58 W
TEMPERATURE IN F: :PCPN: SNOW: WIND :SUNSHINE: SKY :PK WND
================================================================================
1 2 3 4 5 6A 6B 7 8 9 10 11 12 13 14 15 16 17 18
12Z AVG MX 2MIN
DY MAX MIN AVG DEP HDD CDD WTR SNW DPTH SPD SPD DIR MIN PSBL S-S WX SPD DR
================================================================================
1 71 31 51 0 14 0 0.00 M M 3.0 9 120 M M 2 13 150
2 72 37 55 4 10 0 0.00 M M 10.1 30 340 M M 5 37 310
3 71 37 54 4 11 0 0.00 M M 6.9 30 340 M M 3 35 340
4 84 34 59 9 6 0 0.00 M M 2.4 15 240 M M 0 18 280
5 74 42 58 9 7 0 0.00 M M 10.1 26 320 M M 1 33 310
6 85 39 62 13 3 0 0.00 M M 3.4 10 200 M M 0 12 180
7 81 43 62 13 3 0 0.00 M M 5.0 14 350 M M 0 18 330
8 84 35 60 12 5 0 0.00 M M 2.0 10 190 M M 0 11 190
9 76 40 58 10 7 0 0.00 M M 5.8 21 290 M M 0 8 24 300
10 84 33 59 11 6 0 0.00 M M 5.0 23 240 M M 0 34 230
11 74 31 53 6 12 0 0.11 M M 15.5 36 320 M M 5 46 320
12 69 32 51 4 14 0 T M M 12.0 40 260 M M 4 51 260
13 64 28 46 0 19 0 0.06 M M 6.4 24 350 M M 1 1 31 360
14 57 29 43 -3 22 0 0.15 M M 16.6 47 330 M M 6 1 60 310
15 48 29 39 -7 26 0 0.00 M M 12.1 28 310 M M 6 33 310
16 54 24 39 -7 26 0 0.03 M M 6.1 20 150 M M 7 25 150
17 50 27 39 -6 26 0 0.84 M M 8.0 29 320 M M 10 12 35 330
18 28 21 25 -20 40 0 0.16 M M 3.5 12 330 M M 10 16 13 330
19 37 27 32 -12 33 0 0.16 M M 4.3 17 340 M M 10 16 20 330
20 45 34 40 -4 25 0 0.47 M M 5.8 24 310 M M 9 1 30 310
21 42 33 38 -6 27 0 0.14 M M 5.3 16 310 M M 10 1 21 320
22 33 14 24 -19 41 0 0.21 M M 16.2 31 310 M M 10 128 38 300
23 25 0 13 -30 52 0 0.00 M M 3.1 9 310 M M 3 18 20 210
24 26 13 20 -23 45 0 0.22 M M 12.0 29 320 M M 10 1 32 320
25 13 -9 2 -40 63 0 0.07 M M 6.5 14 320 M M 5 18 16 330
26 24 -10 7 -35 58 0 0.00 M M 1.6 9 200 M M 3 10 200
27 47 12 30 -12 35 0 0.00 M M 3.1 10 200 M M 0 11 200
28 49 25 37 -4 28 0 0.00 M M 2.7 14 280 M M 3 16 280
29 64 27 46 5 19 0 0.00 M M 3.0 13 280 M M 1 13 280
30 73 27 50 10 15 0 0.00 M M 5.7 28 340 M M 0 8 33 350
31 52 27 40 0 25 0 0.00 M M 9.2 26 330 M M 5 32 330
================================================================================
SM 1756 812 723 0 2.62 M 212.4 M 129
================================================================================
AV 56.6 26.2 6.9 FASTST M M 4 MAX(MPH)
MISC ----> 47 330 60 310
================================================================================
NOTES:
# LAST OF SEVERAL OCCURRENCES
COLUMN 17 PEAK WIND IN M.P.H.
PRELIMINARY LOCAL CLIMATOLOGICAL DATA (WS FORM: F-6) , PAGE 2
STATION: SHERIDAN WY
MONTH: OCTOBER
YEAR: 2020
LATITUDE: 44 46 N
LONGITUDE: 106 58 W
[TEMPERATURE DATA] [PRECIPITATION DATA] SYMBOLS USED IN COLUMN 16
AVERAGE MONTHLY: 41.4 TOTAL FOR MONTH: 2.62 1 = FOG OR MIST
DPTR FM NORMAL: -4.1 DPTR FM NORMAL: 1.21 2 = FOG REDUCING VISIBILITY
HIGHEST: 85 ON 6 GRTST 24HR 0.85 ON 17-18 TO 1/4 MILE OR LESS
LOWEST: -10 ON 26 3 = THUNDER
SNOW, ICE PELLETS, HAIL 4 = ICE PELLETS
TOTAL MONTH: M 5 = HAIL
GRTST 24HR M ON M 6 = FREEZING RAIN OR DRIZZLE
GRTST DEPTH: M ON M 7 = DUSTSTORM OR SANDSTORM:
VSBY 1/2 MILE OR LESS
8 = SMOKE OR HAZE
[NO. OF DAYS WITH] [WEATHER - DAYS WITH] 9 = BLOWING SNOW
X = TORNADO
MAX 32 OR BELOW: 5 0.01 INCH OR MORE: 12
MAX 90 OR ABOVE: 0 0.10 INCH OR MORE: 9
MIN 32 OR BELOW: 20 0.50 INCH OR MORE: 1
MIN 0 OR BELOW: 3 1.00 INCH OR MORE: 0
[HDD (BASE 65) ]
TOTAL THIS MO. 723 CLEAR (SCALE 0-3) 15
DPTR FM NORMAL 118 PTCLDY (SCALE 4-7) 9
TOTAL FM JUL 1 906 CLOUDY (SCALE 8-10) 7
DPTR FM NORMAL 0
[CDD (BASE 65) ]
TOTAL THIS MO. 0
DPTR FM NORMAL -1 [PRESSURE DATA]
TOTAL FM JAN 1 612 HIGHEST SLP 30.69 ON 25
DPTR FM NORMAL 193 LOWEST SLP 29.32 ON 10
[REMARKS]
#FINAL-10-20#