001
CXUS55 KBYZ 011000
CF6SHR
PRELIMINARY LOCAL CLIMATOLOGICAL DATA (WS FORM: F-6)
STATION: SHERIDAN WY
MONTH: AUGUST
YEAR: 2020
LATITUDE: 44 46 N
LONGITUDE: 106 58 W
TEMPERATURE IN F: :PCPN: SNOW: WIND :SUNSHINE: SKY :PK WND
================================================================================
1 2 3 4 5 6A 6B 7 8 9 10 11 12 13 14 15 16 17 18
12Z AVG MX 2MIN
DY MAX MIN AVG DEP HDD CDD WTR SNW DPTH SPD SPD DIR MIN PSBL S-S WX SPD DR
================================================================================
1 94 56 75 3 0 10 0.00 M M 4.1 15 110 M M 1 18 110
2 94 57 76 4 0 11 0.00 M M 6.1 15 150 M M 0 21 150
3 93 56 75 4 0 10 0.27 M M 5.2 25 280 M M 2 3 32 270
4 89 57 73 2 0 8 0.00 M M 6.7 20 310 M M 1 27 330
5 88 57 73 2 0 8 0.00 M M 5.8 18 170 M M 1 24 170
6 94 53 74 3 0 9 0.05 M M 4.9 20 290 M M 0 3 25 180
7 92 54 73 2 0 8 0.00 M M 9.2 26 310 M M 0 30 300
8 96 51 74 3 0 9 0.00 M M 6.6 24 280 M M 0 3 31 290
9 84 54 69 -2 0 4 0.00 M M 8.4 22 310 M M 0 29 310
10 89 48 69 -2 0 4 0.00 M M 3.7 12 300 M M 0 13 300
11 97 53 75 5 0 10 0.00 M M 2.6 10 310 M M 0 14 300
12 97 55 76 6 0 11 T M M 7.8 30 290 M M 0 47 300
13 92 53 73 3 0 8 0.00 M M 7.7 29 300 M M 0 36 310
14 83 51 67 -3 0 2 0.00 M M 8.0 23 320 M M 1 28 350
15 93 46 70 0 0 5 0.00 M M 2.9 12 320 M M 0 16 20
16 97 48 73 4 0 8 0.00 M M 3.7 9 180 M M 0 13 360
17 101 52 77 8 0 12 0.00 M M 2.9 13 350 M M 0 16 350
18 100 61 81 12 0 16 T M M 6.4 20 160 M M 0 3 27 180
19 95 56 76 7 0 11 0.00 M M 4.4 30 250 M M 1 37 260
20 95 61 78 10 0 13 T M M 5.1 29 320 M M 0 8 36 320
21 92 55 74 6 0 9 0.00 M M 3.8 12 20 M M 0 17 30
22 99 53 76 8 0 11 0.00 M M 2.3 10 270 M M 0 8 12 270
23 87 58 73 5 0 8 0.00 M M 5.5 15 290 M M 0 8 19 290
24 99 50 75 8 0 10 0.00 M M 5.0 17 330 M M 0 8 23 320
25 92 60 76 9 0 11 0.09 M M 7.0 41 210 M M 0 8 49 210
26 90 55 73 7 0 8 T M M 3.5 21 320 M M 0 1 24 330
27 89 57 73 7 0 8 0.04 M M 9.8 32 330 M M 1 3 39 310
28 83 55 69 3 0 4 0.00 M M 6.1 16 300 M M 1 22 150
29 94 46 70 4 0 5 0.00 M M 3.1 20 350 M M 0 3 23 350
30 71 41 56 -9 9 0 0.08 M M 12.5 30 300 M M 3 38 300
31 65 37 51 -14 14 0 0.00 M M 6.0 20 170 M M 6 24 170
================================================================================
SM 2824 1646 23 251 0.53 M 176.8 M 18
================================================================================
AV 91.1 53.1 5.7 FASTST M M 1 MAX(MPH)
MISC ----> 41 210 49 210
================================================================================
NOTES:
# LAST OF SEVERAL OCCURRENCES
COLUMN 17 PEAK WIND IN M.P.H.
PRELIMINARY LOCAL CLIMATOLOGICAL DATA (WS FORM: F-6) , PAGE 2
STATION: SHERIDAN WY
MONTH: AUGUST
YEAR: 2020
LATITUDE: 44 46 N
LONGITUDE: 106 58 W
[TEMPERATURE DATA] [PRECIPITATION DATA] SYMBOLS USED IN COLUMN 16
AVERAGE MONTHLY: 72.1 TOTAL FOR MONTH: 0.53 1 = FOG OR MIST
DPTR FM NORMAL: 3.1 DPTR FM NORMAL: -0.19 2 = FOG REDUCING VISIBILITY
HIGHEST: 101 ON 17 GRTST 24HR 0.27 ON 3- 3 TO 1/4 MILE OR LESS
LOWEST: 37 ON 31 3 = THUNDER
SNOW, ICE PELLETS, HAIL 4 = ICE PELLETS
TOTAL MONTH: M 5 = HAIL
GRTST 24HR M ON M 6 = FREEZING RAIN OR DRIZZLE
GRTST DEPTH: M ON M 7 = DUSTSTORM OR SANDSTORM:
VSBY 1/2 MILE OR LESS
8 = SMOKE OR HAZE
[NO. OF DAYS WITH] [WEATHER - DAYS WITH] 9 = BLOWING SNOW
X = TORNADO
MAX 32 OR BELOW: 0 0.01 INCH OR MORE: 5
MAX 90 OR ABOVE: 21 0.10 INCH OR MORE: 1
MIN 32 OR BELOW: 0 0.50 INCH OR MORE: 0
MIN 0 OR BELOW: 0 1.00 INCH OR MORE: 0
[HDD (BASE 65) ]
TOTAL THIS MO. 23 CLEAR (SCALE 0-3) 30
DPTR FM NORMAL -13 PTCLDY (SCALE 4-7) 1
TOTAL FM JUL 1 24 CLOUDY (SCALE 8-10) 0
DPTR FM NORMAL -36
[CDD (BASE 65) ]
TOTAL THIS MO. 251
DPTR FM NORMAL 93 [PRESSURE DATA]
TOTAL FM JAN 1 564 HIGHEST SLP 30.17 ON 16
DPTR FM NORMAL 174 LOWEST SLP 29.52 ON 30
[REMARKS]
#FINAL-08-20#