000
CXUS55 KBYZ 011000
CF6SHR
PRELIMINARY LOCAL CLIMATOLOGICAL DATA (WS FORM: F-6)
STATION: SHERIDAN WY
MONTH: JULY
YEAR: 2023
LATITUDE: 44 46 N
LONGITUDE: 106 58 W
TEMPERATURE IN F: :PCPN: SNOW: WIND :SUNSHINE: SKY :PK WND
================================================================================
1 2 3 4 5 6A 6B 7 8 9 10 11 12 13 14 15 16 17 18
12Z AVG MX 2MIN
DY MAX MIN AVG DEP HDD CDD WTR SNW DPTH SPD SPD DIR MIN PSBL S-S WX SPD DR
================================================================================
1 86 50 68 1 0 3 0.01 M M 5.0 24 340 M M 1 3 30 280
2 85 53 69 2 0 4 0.00 M M 5.1 18 300 M M 0 25 300
3 74 54 64 -4 1 0 0.05 M M 8.8 23 300 M M 4 13 27 310
4 65 52 59 -9 6 0 0.69 M M 5.5 17 290 M M 10 18 21 290
5 73 48 61 -7 4 0 0.02 M M 3.4 13 180 M M 4 1 16 60
6 79 45 62 -6 3 0 0.43 M M 6.1 25 310 M M 3 13 35 310
7 78 47 63 -6 2 0 0.00 M M 3.1 15 40 M M 1 20 40
8 81 48 65 -4 0 0 0.00 M M 3.4 10 150 M M 1 13 180
9 83 50 67 -3 0 2 0.00 M M 2.1 14 200 M M 0 3 17 200
10 86 56 71 1 0 6 T M M 5.6 26 330 M M 1 3 33 330
11 87 57 72 2 0 7 0.00 M M 4.4 17 300 M M 0 3 23 300
12 82 53 68 -2 0 3 0.00 M M 3.3 14 300 M M 0 16 300
13 84 54 69 -2 0 4 T M M 5.9 16 280 M M 1 3 20 290
14 79 53 66 -5 0 1 T M M 8.8 22 330 M M 1 8 27 320
15 84 51 68 -3 0 3 0.00 M M 2.4 14 320 M M 0 8 17 330
16 87 52 70 -1 0 5 0.00 M M 4.2 16 330 M M 0 8 22 320
17 93 52 73 1 0 8 0.00 M M 5.6 22 360 M M 0 138 28 360
18 87 56 72 0 0 7 0.00 M M 6.4 22 310 M M 0 26 300
19 82 53 68 -4 0 3 0.00 M M 4.2 10 30 M M 0 13 20
20 83 51 67 -5 0 2 0.00 M M 4.6 14 140 M M 0 3 19 110
21 90 50 70 -2 0 5 0.00 M M 2.7 10 340 M M 0 14 340
22 96 51 74 2 0 9 0.00 M M 3.4 17 360 M M 0 21 360
23 97 57 77 5 0 12 0.00 M M 5.0 17 320 M M 0 20 320
24 101 61 81 9 0 16 0.00 M M 4.0 21 320 M M 0 3 26 310
25 95 62 79 7 0 14 0.00 M M 6.9 22 340 M M 0 29 310
26 94 60 77 5 0 12 0.00 M M 8.1 17 300 M M 0 20 290
27 88 56 72 0 0 7 T M M 9.0 38 210 M M 1 47 210
28 86 53 70 -2 0 5 0.16 M M 5.6 25 240 M M 1 38 33 240
29 89 57 73 1 0 8 0.00 M M 3.7 13 120 M M 0 16 110
30 94 57 76 4 0 11 T M M 5.2 33 310 M M 1 3 42 310
31 92 57 75 3 0 10 T M M 7.9 26 190 M M 1 3 38 190
================================================================================
SM 2660 1656 16 167 1.36 M 159.4 M 31
================================================================================
AV 85.8 53.4 5.1 FASTST M M 1 MAX(MPH)
MISC ----> 38 210 47 210
================================================================================
NOTES:
# LAST OF SEVERAL OCCURRENCES
COLUMN 17 PEAK WIND IN M.P.H.
PRELIMINARY LOCAL CLIMATOLOGICAL DATA (WS FORM: F-6) , PAGE 2
STATION: SHERIDAN WY
MONTH: JULY
YEAR: 2023
LATITUDE: 44 46 N
LONGITUDE: 106 58 W
[TEMPERATURE DATA] [PRECIPITATION DATA] SYMBOLS USED IN COLUMN 16
AVERAGE MONTHLY: 69.6 TOTAL FOR MONTH: 1.36 1 = FOG OR MIST
DPTR FM NORMAL: -1.1 DPTR FM NORMAL: 0.29 2 = FOG REDUCING VISIBILITY
HIGHEST: 101 ON 24 GRTST 24HR 0.74 ON 3- 4 TO 1/4 MILE OR LESS
LOWEST: 45 ON 6 3 = THUNDER
SNOW, ICE PELLETS, HAIL 4 = ICE PELLETS
TOTAL MONTH: M 5 = HAIL
GRTST 24HR M ON M 6 = FREEZING RAIN OR DRIZZLE
GRTST DEPTH: M ON M 7 = DUSTSTORM OR SANDSTORM:
VSBY 1/2 MILE OR LESS
8 = SMOKE OR HAZE
[NO. OF DAYS WITH] [WEATHER - DAYS WITH] 9 = BLOWING SNOW
X = TORNADO
MAX 32 OR BELOW: 0 0.01 INCH OR MORE: 6
MAX 90 OR ABOVE: 9 0.10 INCH OR MORE: 3
MIN 32 OR BELOW: 0 0.50 INCH OR MORE: 1
MIN 0 OR BELOW: 0 1.00 INCH OR MORE: 0
[HDD (BASE 65) ]
TOTAL THIS MO. 16 CLEAR (SCALE 0-3) 28
DPTR FM NORMAL -6 PTCLDY (SCALE 4-7) 2
TOTAL FM JUL 1 16 CLOUDY (SCALE 8-10) 1
DPTR FM NORMAL -2
[CDD (BASE 65) ]
TOTAL THIS MO. 167
DPTR FM NORMAL -30 [PRESSURE DATA]
TOTAL FM JAN 1 179 HIGHEST SLP 30.25 ON 4
DPTR FM NORMAL -65 LOWEST SLP 29.73 ON 17
[REMARKS]
#FINAL-07-23#