000
CXUS56 KMFR 010930
CF6SIY
PRELIMINARY LOCAL CLIMATOLOGICAL DATA (WS FORM: F-6)
STATION: MONTAGUE CA
MONTH: JUNE
YEAR: 2021
LATITUDE: 41 46 N
LONGITUDE: 122 28 W
TEMPERATURE IN F: :PCPN: SNOW: WIND :SUNSHINE: SKY :PK WND
================================================================================
1 2 3 4 5 6A 6B 7 8 9 10 11 12 13 14 15 16 17 18
12Z AVG MX 2MIN
DY MAX MIN AVG DEP HDD CDD WTR SNW DPTH SPD SPD DIR MIN PSBL S-S WX SPD DR
================================================================================
1 102 53 78 17 0 13 0.00 M M 4.6 17 340 M M 0 20 360
2 103 58 81 20 0 16 0.00 M M 6.4 23 340 M M 0 27 340
3 97 60 79 18 0 14 0.00 M M 8.5 22 10 M M 0 27 10
4 92 56 74 13 0 9 0.00 M M 8.5 23 360 M M 0 28 360
5 85 54 70 8 0 5 0.00 M M 13.2 32 10 M M 0 41 10
6 78 44 61 -1 4 0 0.00 M M 10.2 26 340 M M 0 36 20
7 72 46 59 -3 6 0 0.00 M M 12.2 23 360 M M 3 29 350
8 66 49 58 -4 7 0 0.04 M M 8.7 18 210 M M 9 26 200
9 70 45 58 -5 7 0 0.05 M M 8.0 26 310 M M 6 35 290
10 69 44 57 -6 8 0 T M M 4.9 18 170 M M 5 23 170
11 70 50 60 -3 5 0 0.06 M M 9.2 26 170 M M 9 32 170
12 82 46 64 0 1 0 0.00 M M 8.3 25 190 M M 4 33 150
13 86 54 70 6 0 5 T M M 12.8 31 150 M M 4 45 150
14 81 54 68 4 0 3 0.20 M M 11.2 23 160 M M 7 1 33 160
15 76 50 63 -1 2 0 0.00 M M 8.8 20 360 M M 3 24 10
16 90 45 68 3 0 3 0.00 M M 7.7 18 10 M M 0 22 360
17 95 51 73 8 0 8 0.00 M M 8.6 20 350 M M 0 23 10
18 95 55 75 9 0 10 0.00 M M 9.1 23 360 M M 0 28 330
19 101 59 80 14 0 15 0.00 M M 8.7 21 350 M M 0 26 340
20 104 59 82 16 0 17 0.00 M M 5.7 14 250 M M 0 M M
21 102 60 81 14 0 16 T M M 6.5 26 180 M M 0 33 180
22 98 64 81 14 0 16 0.00 M M 7.9 28 330 M M 0 35 340
23 95 54 75 8 0 10 0.00 M M 9.2 25 170 M M 0 30 200
24 96 53 75 7 0 10 0.00 M M 6.5 28 200 M M 0 34 30
25 99 56 78 10 0 13 0.00 M M 5.3 22 10 M M 0 8 26 360
26 103 57 80 12 0 15 0.00 M M 5.3 17 340 M M 0 22 360
27 109 63 86 17 0 21 0.00 M M 4.7 17 170 M M 0 26 120
28 106 65 86 17 0 21 0.00 M M 8.8 29 190 M M 2 34 180
29 104 64 84 14 0 19 0.00 M M 8.6 21 290 M M 2 27 270
30 101 61 81 11 0 16 0.00 M M 6.5 22 350 M M 0 27 330
================================================================================
SM 2727 1629 40 275 0.35 M 244.6 M 54
================================================================================
AV 90.9 54.3 8.2 FASTST M M 2 MAX(MPH)
MISC ----> 32 10 45 150
================================================================================
NOTES:
# LAST OF SEVERAL OCCURRENCES
COLUMN 17 PEAK WIND IN M.P.H.
PRELIMINARY LOCAL CLIMATOLOGICAL DATA (WS FORM: F-6) , PAGE 2
STATION: MONTAGUE CA
MONTH: JUNE
YEAR: 2021
LATITUDE: 41 46 N
LONGITUDE: 122 28 W
[TEMPERATURE DATA] [PRECIPITATION DATA] SYMBOLS USED IN COLUMN 16
AVERAGE MONTHLY: 72.6 TOTAL FOR MONTH: 0.35 1 = FOG OR MIST
DPTR FM NORMAL: 7.7 DPTR FM NORMAL: -0.21 2 = FOG REDUCING VISIBILITY
HIGHEST: 109 ON 27 GRTST 24HR 0.20 ON 14-14 TO 1/4 MILE OR LESS
LOWEST: 44 ON 10, 6 3 = THUNDER
SNOW, ICE PELLETS, HAIL 4 = ICE PELLETS
TOTAL MONTH: M 5 = HAIL
GRTST 24HR M ON M 6 = FREEZING RAIN OR DRIZZLE
GRTST DEPTH: M ON M 7 = DUSTSTORM OR SANDSTORM:
VSBY 1/2 MILE OR LESS
8 = SMOKE OR HAZE
[NO. OF DAYS WITH] [WEATHER - DAYS WITH] 9 = BLOWING SNOW
X = TORNADO
MAX 32 OR BELOW: 0 0.01 INCH OR MORE: 4
MAX 90 OR ABOVE: 19 0.10 INCH OR MORE: 1
MIN 32 OR BELOW: 0 0.50 INCH OR MORE: 0
MIN 0 OR BELOW: 0 1.00 INCH OR MORE: 0
[HDD (BASE 65) ]
TOTAL THIS MO. 40 CLEAR (SCALE 0-3) 22
DPTR FM NORMAL -48 PTCLDY (SCALE 4-7) 6
TOTAL FM JUL 1 4793 CLOUDY (SCALE 8-10) 2
DPTR FM NORMAL -334
[CDD (BASE 65) ]
TOTAL THIS MO. 275
DPTR FM NORMAL 190 [PRESSURE DATA]
TOTAL FM JAN 1 295 HIGHEST SLP M ON M
DPTR FM NORMAL 194 LOWEST SLP 29.66 ON 28
[REMARKS]
#FINAL-06-21#