000
CXUS56 KMFR 011000
CF6SIY
PRELIMINARY LOCAL CLIMATOLOGICAL DATA (WS FORM: F-6)
STATION: MONTAGUE CA
MONTH: MARCH
YEAR: 2020
LATITUDE: 41 46 N
LONGITUDE: 122 28 W
TEMPERATURE IN F: :PCPN: SNOW: WIND :SUNSHINE: SKY :PK WND
================================================================================
1 2 3 4 5 6A 6B 7 8 9 10 11 12 13 14 15 16 17 18
12Z AVG MX 2MIN
DY MAX MIN AVG DEP HDD CDD WTR SNW DPTH SPD SPD DIR MIN PSBL S-S WX SPD DR
================================================================================
1 52 28 40 -2 25 0 0.00 M M 12.3 26 330 M M 2 32 330
2 61 21 41 -1 24 0 0.00 M M 7.0 22 340 M M 2 26 340
3 68 21 45 3 20 0 0.00 M M 2.5 20 10 M M 0 1 22 10
4 69 26 48 6 17 0 0.00 M M 1.8 8 50 M M 0 9 50
5 72 25 49 7 16 0 0.00 M M 7.8 30 160 M M 0 35 160
6 63 34 49 6 16 0 0.00 M M 11.8 31 150 M M 3 35 160
7 47 35 41 -2 24 0 0.23 M M 5.9 16 290 M M 10 1 22 300
8 50 35 43 0 22 0 0.02 M M 6.9 16 340 M M 8 18 180
9 55 36 46 3 19 0 0.09 M M 5.3 14 360 M M 7 16 360
10 62 25 44 1 21 0 0.00 M M 1.7 8 250 M M 0 11 240
11 68 27 48 5 17 0 0.00 M M 5.5 21 20 M M 0 23 20
12 69 27 48 5 17 0 0.00 M M 7.0 20 330 M M 0 8 26 330
13 65 25 45 2 20 0 T M M 8.3 31 240 M M 2 36 240
14 48 28 38 -5 27 0 T M M 9.0 26 250 M M 8 30 250
15 47 19 33 -10 32 0 0.02 M M 7.4 24 190 M M 6 1 30 200
16 51 20 36 -7 29 0 0.00 M M 4.1 16 360 M M 5 19 360
17 43 34 39 -4 26 0 0.01 M M 5.3 13 190 M M 9 16 190
18 51 28 40 -3 25 0 0.00 M M 2.6 12 190 M M 9 14 150
19 59 19 39 -4 26 0 0.00 M M 3.5 12 130 M M 0 17 180
20 62 21 42 -1 23 0 0.00 M M 2.8 10 260 M M 1 14 200
21 66 27 47 4 18 0 0.00 M M 3.6 20 30 M M 3 23 30
22 67 27 47 4 18 0 0.00 M M 3.6 13 280 M M 2 16 290
23 59 36 48 5 17 0 0.00 M M 8.7 24 290 M M 3 30 240
24 50 30 40 -3 25 0 T M M 7.5 22 290 M M 7 26 290
25 49 20 35 -8 30 0 0.00 M M 5.4 20 340 M M 4 8 23 330
26 54 16 35 -8 30 0 0.00 M M 3.7 16 30 M M 1 12 19 20
27 53 26 40 -3 25 0 0.00 M M 3.7 13 310 M M 8 17 290
28 52 38 45 2 20 0 0.01 M M 5.6 16 220 M M 10 20 220
29 59 34 47 3 18 0 0.01 M M 6.8 21 170 M M 7 27 200
30 58 44 51 7 14 0 T M M 15.2 26 190 M M 10 35 200
31 56 44 50 6 15 0 0.01 M M 9.8 22 300 M M 7 26 310
================================================================================
SM 1785 876 676 0 0.40 M 192.1 M 134
================================================================================
AV 57.6 28.3 6.2 FASTST M M 4 MAX(MPH)
MISC ----> # 31 150 # 36 240
================================================================================
NOTES:
# LAST OF SEVERAL OCCURRENCES
COLUMN 17 PEAK WIND IN M.P.H.
PRELIMINARY LOCAL CLIMATOLOGICAL DATA (WS FORM: F-6) , PAGE 2
STATION: MONTAGUE CA
MONTH: MARCH
YEAR: 2020
LATITUDE: 41 46 N
LONGITUDE: 122 28 W
[TEMPERATURE DATA] [PRECIPITATION DATA] SYMBOLS USED IN COLUMN 16
AVERAGE MONTHLY: 42.9 TOTAL FOR MONTH: 0.40 1 = FOG OR MIST
DPTR FM NORMAL: -0.1 DPTR FM NORMAL: -1.91 2 = FOG REDUCING VISIBILITY
HIGHEST: 72 ON 5 GRTST 24HR 0.23 ON 7- 7 TO 1/4 MILE OR LESS
LOWEST: 16 ON 26 3 = THUNDER
SNOW, ICE PELLETS, HAIL 4 = ICE PELLETS
TOTAL MONTH: M 5 = HAIL
GRTST 24HR M ON M 6 = FREEZING RAIN OR DRIZZLE
GRTST DEPTH: M ON M 7 = DUSTSTORM OR SANDSTORM:
VSBY 1/2 MILE OR LESS
8 = SMOKE OR HAZE
[NO. OF DAYS WITH] [WEATHER - DAYS WITH] 9 = BLOWING SNOW
X = TORNADO
MAX 32 OR BELOW: 0 0.01 INCH OR MORE: 8
MAX 90 OR ABOVE: 0 0.10 INCH OR MORE: 1
MIN 32 OR BELOW: 21 0.50 INCH OR MORE: 0
MIN 0 OR BELOW: 0 1.00 INCH OR MORE: 0
[HDD (BASE 65) ]
TOTAL THIS MO. 676 CLEAR (SCALE 0-3) 16
DPTR FM NORMAL -6 PTCLDY (SCALE 4-7) 9
TOTAL FM JUL 1 4358 CLOUDY (SCALE 8-10) 6
DPTR FM NORMAL -201
[CDD (BASE 65) ]
TOTAL THIS MO. 0
DPTR FM NORMAL 0 [PRESSURE DATA]
TOTAL FM JAN 1 0 HIGHEST SLP M ON M
DPTR FM NORMAL 0 LOWEST SLP 29.54 ON 13
[REMARKS]
#FINAL-03-20#