000
CXUS54 KSJT 011100
CF6SJT
PRELIMINARY LOCAL CLIMATOLOGICAL DATA (WS FORM: F-6)
STATION: SAN ANGELO
MONTH: NOVEMBER
YEAR: 2021
LATITUDE: 31 21 N
LONGITUDE: 100 30 W
TEMPERATURE IN F: :PCPN: SNOW: WIND :SUNSHINE: SKY :PK WND
================================================================================
1 2 3 4 5 6A 6B 7 8 9 10 11 12 13 14 15 16 17 18
12Z AVG MX 2MIN
DY MAX MIN AVG DEP HDD CDD WTR SNW DPTH SPD SPD DIR MIN PSBL S-S WX SPD DR
================================================================================
1 78 47 63 2 2 0 0.00 0.0 0 4.4 13 180 M M 6 18 160
2 65 49 57 -4 8 0 0.00 0.0 0 9.6 15 50 M M 9 1 20 50
3 50 47 49 -11 16 0 1.04 0.0 0 10.6 16 40 M M 10 13 21 30
4 52 46 49 -11 16 0 0.00 0.0 0 3.6 10 30 M M 10 1 14 20
5 69 45 57 -3 8 0 0.00 0.0 0 5.8 13 180 M M 4 21 160
6 73 37 55 -4 10 0 0.00 0.0 0 5.3 12 160 M M 2 12 17 170
7 78 44 61 2 4 0 0.00 0.0 0 8.0 16 190 M M 0 25 150
8 79 50 65 7 0 0 0.00 0.0 0 9.0 18 200 M M 1 26 190
9 77 57 67 9 0 2 0.00 0.0 0 7.9 16 190 M M 3 8 24 210
10 80 50 65 7 0 0 0.00 0.0 0 10.8 26 200 M M 2 35 210
11 70 42 56 -1 9 0 0.00 0.0 0 5.5 16 30 M M 0 24 30
12 68 40 54 -3 11 0 0.00 0.0 0 7.4 20 10 M M 0 28 20
13 74 31 53 -4 12 0 0.00 0.0 0 9.4 22 210 M M 0 30 220
14 76 45 61 5 4 0 0.00 0.0 0 5.8 14 200 M M 0 20 200
15 86 37 62 6 3 0 0.00 0.0 0 8.1 20 230 M M 0 25 230
16 87 56 72 16 0 7 0.00 0.0 0 11.9 23 200 M M 0 33 220
17 85 51 68 13 0 3 0.00 0.0 0 11.8 23 30 M M 0 32 60
18 61 38 50 -5 15 0 0.00 0.0 0 12.5 24 30 M M 3 33 60
19 72 34 53 -2 12 0 0.00 0.0 0 6.7 18 190 M M 2 27 190
20 80 52 66 12 0 1 0.00 0.0 0 11.9 21 220 M M 0 32 220
21 68 45 57 3 8 0 0.00 0.0 0 10.9 22 30 M M 4 32 20
22 68 31 50 -4 15 0 0.00 0.0 0 3.5 8 210 M M 0 11 20
23 75 33 54 1 11 0 0.00 0.0 0 9.2 20 190 M M 0 29 180
24 76 51 64 11 1 0 0.00 0.0 0 12.0 26 210 M M 2 39 190
25 59 43 51 -2 14 0 0.00 0.0 0 12.3 23 30 M M 0 31 20
26 61 36 49 -3 16 0 0.00 0.0 0 4.4 13 190 M M 2 19 180
27 69 49 59 7 6 0 T 0.0 0 6.8 14 200 M M 7 19 180
28 69 39 54 2 11 0 0.00 0.0 0 6.1 15 30 M M 3 25 30
29 79 33 56 4 9 0 0.00 0.0 0 7.3 16 230 M M 0 21 220
30 78 40 59 8 6 0 0.00 M M 7.0 17 200 M M 0 8 26 210
================================================================================
SM 2162 1298 227 13 1.04 0.0 245.5 M 70
================================================================================
AV 72.1 43.3 8.2 FASTST M M 2 MAX(MPH)
MISC ----> # 26 200 39 190
================================================================================
NOTES:
# LAST OF SEVERAL OCCURRENCES
COLUMN 17 PEAK WIND IN M.P.H.
PRELIMINARY LOCAL CLIMATOLOGICAL DATA (WS FORM: F-6) , PAGE 2
STATION: SAN ANGELO
MONTH: NOVEMBER
YEAR: 2021
LATITUDE: 31 21 N
LONGITUDE: 100 30 W
[TEMPERATURE DATA] [PRECIPITATION DATA] SYMBOLS USED IN COLUMN 16
AVERAGE MONTHLY: 57.7 TOTAL FOR MONTH: 1.04 1 = FOG OR MIST
DPTR FM NORMAL: 1.8 DPTR FM NORMAL: -0.12 2 = FOG REDUCING VISIBILITY
HIGHEST: 87 ON 16 GRTST 24HR 1.04 ON 3- 3 TO 1/4 MILE OR LESS
LOWEST: 31 ON 22,13 3 = THUNDER
SNOW, ICE PELLETS, HAIL 4 = ICE PELLETS
TOTAL MONTH: 0.0 INCH 5 = HAIL
GRTST 24HR 0.0 6 = FREEZING RAIN OR DRIZZLE
GRTST DEPTH: 0 7 = DUSTSTORM OR SANDSTORM:
VSBY 1/2 MILE OR LESS
8 = SMOKE OR HAZE
[NO. OF DAYS WITH] [WEATHER - DAYS WITH] 9 = BLOWING SNOW
X = TORNADO
MAX 32 OR BELOW: 0 0.01 INCH OR MORE: 1
MAX 90 OR ABOVE: 0 0.10 INCH OR MORE: 1
MIN 32 OR BELOW: 2 0.50 INCH OR MORE: 1
MIN 0 OR BELOW: 0 1.00 INCH OR MORE: 1
[HDD (BASE 65) ]
TOTAL THIS MO. 227 CLEAR (SCALE 0-3) 22
DPTR FM NORMAL -67 PTCLDY (SCALE 4-7) 5
TOTAL FM JUL 1 265 CLOUDY (SCALE 8-10) 3
DPTR FM NORMAL -110
[CDD (BASE 65) ]
TOTAL THIS MO. 13
DPTR FM NORMAL -8 [PRESSURE DATA]
TOTAL FM JAN 1 2577 HIGHEST SLP 30.53 ON 18
DPTR FM NORMAL -207 LOWEST SLP 29.74 ON 10
[REMARKS]
#FINAL-11-21#