000
CXUS54 KSJT 011454
CF6SJT
PRELIMINARY LOCAL CLIMATOLOGICAL DATA (WS FORM: F-6)
STATION: SAN ANGELO
MONTH: MAY
YEAR: 2020
LATITUDE: 31 21 N
LONGITUDE: 100 30 W
TEMPERATURE IN F: :PCPN: SNOW: WIND :SUNSHINE: SKY :PK WND
================================================================================
1 2 3 4 5 6A 6B 7 8 9 10 11 12 13 14 15 16 17 18
12Z AVG MX 2MIN
DY MAX MIN AVG DEP HDD CDD WTR SNW DPTH SPD SPD DIR MIN PSBL S-S WX SPD DR
================================================================================
1 98 67 83 13 0 18 0.00 0.0 0 14.5 26 210 M M 0 32 190
2 104 70 87 16 0 22 0.00 0.0 0 12.9 22 190 M M 0 31 200
3 103 73 88 17 0 23 0.00 0.0 0 10.5 20 220 M M 0 26 190
4 106 70 88 17 0 23 0.00 0.0 0 11.6 22 220 M M 0 31 240
5 85 65 75 3 0 10 0.00 0.0 0 16.3 32 50 M M 0 43 40
6 88 49 69 -3 0 4 0.00 0.0 0 8.5 18 120 M M 0 25 100
7 90 62 76 4 0 11 0.00 0.0 0 15.6 30 170 M M 2 44 160
8 83 58 71 -1 0 6 0.00 0.0 0 18.6 35 350 M M 0 41 350
9 84 42 63 -10 2 0 0.00 0.0 0 6.5 16 80 M M 0 21 80
10 86 53 70 -3 0 5 0.00 0.0 0 8.0 18 110 M M 0 23 130
11 83 62 73 0 0 8 T 0.0 0 11.2 28 240 M M 5 38 39 240
12 90 62 76 2 0 11 0.35 0.0 0 7.6 21 140 M M 3 13 26 140
13 94 67 81 7 0 16 0.05 0.0 0 13.7 31 240 M M 4 3 43 240
14 97 61 79 5 0 14 0.00 0.0 0 8.6 22 220 M M 1 25 220
15 94 62 78 4 0 13 0.83 T 0 13.3 44 220 M M 3 1358 60 230
16 80 61 71 -4 0 6 0.00 0.0 0 8.6 30 90 M M 4 39 80
17 92 56 74 -1 0 9 0.00 0.0 0 3.6 12 10 M M 0 16 30
18 100 63 82 7 0 17 0.00 0.0 0 9.2 20 210 M M 0 8 25 190
19 108 70 89 14 0 24 0.00 0.0 0 11.8 25 230 M M 0 32 230
20 104 67 86 10 0 21 0.70 0.0 0 9.7 36 360 M M 1 13 46 260
21 95 62 79 3 0 14 0.01 0.0 0 7.8 26 30 M M 1 3 32 30
22 95 73 84 8 0 19 0.00 0.0 0 8.3 20 220 M M 3 18 24 230
23 92 69 81 5 0 16 T 0.0 0 10.6 37 230 M M 4 38 44 240
24 91 60 76 -1 0 11 0.20 0.0 0 12.9 47 240 M M 2 13 61 250
25 78 60 69 -8 0 4 0.00 0.0 0 8.3 17 10 M M 5 21 80
26 85 59 72 -5 0 7 0.06 0.0 0 6.1 16 360 M M 2 13 24 350
27 98 59 79 2 0 14 0.00 0.0 0 9.4 21 60 M M 1 30 200
28 89 59 74 -3 0 9 0.02 0.0 0 5.0 18 60 M M 0 13 27 60
29 88 57 73 -5 0 8 0.00 0.0 0 7.4 20 40 M M 0 27 20
30 89 56 73 -5 0 8 0.00 0.0 0 5.8 18 80 M M 0 25 40
31 91 57 74 -4 0 9 0.00 0.0 0 6.5 20 130 M M 2 28 130
================================================================================
SM 2860 1911 2 380 2.22 T 308.4 M 43
================================================================================
AV 92.3 61.7 9.9 FASTST M M 1 MAX(MPH)
MISC ----> # 47 240 # 61 250
================================================================================
NOTES:
# LAST OF SEVERAL OCCURRENCES
COLUMN 17 PEAK WIND IN M.P.H.
PRELIMINARY LOCAL CLIMATOLOGICAL DATA (WS FORM: F-6) , PAGE 2
STATION: SAN ANGELO
MONTH: MAY
YEAR: 2020
LATITUDE: 31 21 N
LONGITUDE: 100 30 W
[TEMPERATURE DATA] [PRECIPITATION DATA] SYMBOLS USED IN COLUMN 16
AVERAGE MONTHLY: 77.0 TOTAL FOR MONTH: 2.22 1 = FOG OR MIST
DPTR FM NORMAL: 2.5 DPTR FM NORMAL: -0.60 2 = FOG REDUCING VISIBILITY
HIGHEST: 108 ON 19 GRTST 24HR 0.83 ON 15-15 TO 1/4 MILE OR LESS
LOWEST: 42 ON 9 3 = THUNDER
SNOW, ICE PELLETS, HAIL 4 = ICE PELLETS
TOTAL MONTH: T 5 = HAIL
GRTST 24HR T ON 15-15 6 = FREEZING RAIN OR DRIZZLE
GRTST DEPTH: 0 7 = DUSTSTORM OR SANDSTORM:
VSBY 1/2 MILE OR LESS
8 = SMOKE OR HAZE
[NO. OF DAYS WITH] [WEATHER - DAYS WITH] 9 = BLOWING SNOW
X = TORNADO
MAX 32 OR BELOW: 0 0.01 INCH OR MORE: 8
MAX 90 OR ABOVE: 19 0.10 INCH OR MORE: 4
MIN 32 OR BELOW: 0 0.50 INCH OR MORE: 2
MIN 0 OR BELOW: 0 1.00 INCH OR MORE: 0
[HDD (BASE 65) ]
TOTAL THIS MO. 2 CLEAR (SCALE 0-3) 26
DPTR FM NORMAL -8 PTCLDY (SCALE 4-7) 5
TOTAL FM JUL 1 1978 CLOUDY (SCALE 8-10) 0
DPTR FM NORMAL -338
[CDD (BASE 65) ]
TOTAL THIS MO. 380
DPTR FM NORMAL 76 [PRESSURE DATA]
TOTAL FM JAN 1 592 HIGHEST SLP 30.21 ON 6
DPTR FM NORMAL 132 LOWEST SLP 29.55 ON 24
[REMARKS]
TRACE OF SNOW ON MAY 15 WAS FOR THE OCCURRENCE OF HAIL.
#FINAL-05-20#