000
CXCA52 TJSJ 020424
CLMSJU
CLIMATE REPORT
NATIONAL WEATHER SERVICE SAN JUAN PR
1224 AM AST TUE APR 02 2024
...................................
...THE SAN JUAN AREA/PR CLIMATE SUMMARY FOR THE MONTH OF MARCH 2024...
CLIMATE NORMAL PERIOD: 1991 TO 2020
CLIMATE RECORD PERIOD: 1898 TO 2024
WEATHER OBSERVED NORMAL DEPART LAST YEAR`S
VALUE DATE(S) VALUE FROM VALUE
NORMAL
..............................................................
TEMPERATURE (F)
RECORD
HIGH 96 03/19/1983
LOW 60 03/03/1957
HIGHEST 93 03/19 90 3 87
LOWEST 72 03/05 67 5 70
AVG. MAXIMUM 86.6 84.7 1.9 84.3
AVG. MINIMUM 75.2 72.4 2.8 72.4
MEAN 80.9 78.6 2.3 78.3
DAYS MAX >= 90 5 1.8 3.2 0
DAYS MAX <= 32 0 0.0 0.0 0
DAYS MIN <= 32 0 0.0 0.0 0
DAYS MIN <= 0 0 0.0 0.0 0
PRECIPITATION (INCHES)
RECORD
MAXIMUM 9.38 1927
MINIMUM 0.00 2005
TOTALS 2.89 2.18 0.71 2.25
DAILY AVG. 0.09 0.07 0.02 0.07
DAYS >= .01 24 13.1 10.9 15
DAYS >= .10 9 5.3 3.7 3
DAYS >= .50 0 0.8 -0.8 1
DAYS >= 1.00 0 0.3 -0.3 1
GREATEST
24 HR. TOTAL MM
STORM TOTAL 0.48
DEGREE DAYS
HEATING TOTAL 0 0 0 0
SINCE 7/1 0
COOLING TOTAL 501 420 81 421
SINCE 1/1 1394
FREEZE DATES
..............................................................
WIND (MPH)
AVERAGE WIND SPEED 8.9
HIGHEST WIND SPEED/DIRECTION 25/070 DATE 03/08
HIGHEST GUST SPEED/DIRECTION 35/090 DATE 03/23
SKY COVER
AVERAGE SKY COVER 0.41
AVERAGE RH (PERCENT) 73
WEATHER CONDITIONS. NUMBER OF DAYS WITH
THUNDERSTORM 0 MIXED PRECIP 0
HEAVY RAIN 2 RAIN 6
LIGHT RAIN 12 FREEZING RAIN 0
LT FREEZING RAIN 0 HAIL 0
HEAVY SNOW 0 SNOW 0
LIGHT SNOW 0 SLEET 0
FOG 7 FOG W/VIS <= 1/4 MILE 0
HAZE 1
- INDICATES NEGATIVE NUMBERS.
R INDICATES RECORD WAS SET OR TIED.
MM INDICATES DATA IS MISSING.
T INDICATES TRACE AMOUNT.
$$