000
CXUS56 KSLC 011228
CF6SLC
PRELIMINARY LOCAL CLIMATOLOGICAL DATA (WS FORM: F-6)
STATION: SALT LAKE CITY UT
MONTH: AUGUST
YEAR: 2020
LATITUDE: 40 46 N
LONGITUDE: 111 58 W
TEMPERATURE IN F: :PCPN: SNOW: WIND :SUNSHINE: SKY :PK WND
================================================================================
1 2 3 4 5 6A 6B 7 8 9 10 11 12 13 14 15 16 17 18
12Z AVG MX 2MIN
DY MAX MIN AVG DEP HDD CDD WTR SNW DPTH SPD SPD DIR MIN PSBL S-S WX SPD DR
================================================================================
1 105 74 90 10 0 25 0.00 0.0 0 7.6 15 360 M M 0 22 330
2 105 73 89 9 0 24 0.00 0.0 0 8.7 18 20 M M 0 22 30
3 100 76 88 8 0 23 0.00 0.0 0 8.8 22 190 M M 0 26 190
4 95 69 82 2 0 17 0.00 0.0 0 6.8 15 320 M M 0 19 340
5 100 70 85 6 0 20 0.00 0.0 0 7.8 28 130 M M 0 41 140
6 98 75 87 8 0 22 0.00 0.0 0 15.0 29 160 M M 0 34 170
7 94 73 84 5 0 19 0.00 0.0 0 9.7 22 170 M M 0 30 160
8 96 68 82 3 0 17 0.00 0.0 0 8.1 17 180 M M 0 8 23 340
9 96 65 81 2 0 16 0.00 0.0 0 6.4 15 340 M M 0 8 20 340
10 95 66 81 2 0 16 0.00 0.0 0 6.0 14 340 M M 0 18 340
11 96 71 84 6 0 19 0.00 0.0 0 8.5 20 300 M M 0 26 310
12 93 69 81 3 0 16 0.00 0.0 0 6.9 16 330 M M 0 20 350
13 95 69 82 4 0 17 0.00 0.0 0 7.9 17 330 M M 0 20 340
14 93 64 79 1 0 14 0.00 0.0 0 6.0 16 350 M M 0 8 20 310
15 96 67 82 4 0 17 0.00 0.0 0 5.5 17 340 M M 0 23 340
16 99 68 84 7 0 19 0.00 0.0 0 7.3 16 330 M M 1 19 320
17 102 68 85 8 0 20 0.00 0.0 0 6.3 15 330 M M 1 20 330
18 101 70 86 9 0 21 0.00 0.0 0 4.9 12 340 M M 1 19 350
19 100 73 87 10 0 22 0.00 0.0 0 6.1 15 350 M M 2 19 350
20 98 78 88 12 0 23 T 0.0 0 8.2 24 320 M M 2 32 290
21 98 69 84 8 0 19 0.00 0.0 0 4.3 12 340 M M 0 8 15 320
22 100 70 85 9 0 20 0.00 0.0 0 6.6 18 340 M M 0 8 22 340
23 97 73 85 10 0 20 0.00 0.0 0 5.9 16 200 M M 1 21 200
24 99 76 88 13 0 23 0.00 0.0 0 7.8 26 340 M M 4 38 34 320
25 96 74 85 10 0 20 0.04 0.0 0 9.7 25 40 M M 3 38 40 240
26 97 68 83 9 0 18 0.06 0.0 0 6.8 32 260 M M 1 38 52 270
27 93 71 82 8 0 17 0.00 0.0 0 11.4 22 310 M M 0 8 27 310
28 93 65 79 5 0 14 0.00 0.0 0 5.2 18 300 M M 0 23 300
29 93 71 82 8 0 17 0.00 0.0 0 9.1 21 300 M M 0 8 27 310
30 89 63 76 3 0 11 0.00 0.0 0 10.4 22 340 M M 0 8 28 350
31 78 53 66 -7 0 1 T 0.0 0 9.2 31 350 M M 2 38 330
================================================================================
SM 2990 2159 0 567 0.10 0.0 238.9 M 18
================================================================================
AV 96.5 69.7 7.7 FASTST M M 1 MAX(MPH)
MISC ----> # 32 260 # 52 270
================================================================================
NOTES:
# LAST OF SEVERAL OCCURRENCES
COLUMN 17 PEAK WIND IN M.P.H.
PRELIMINARY LOCAL CLIMATOLOGICAL DATA (WS FORM: F-6) , PAGE 2
STATION: SALT LAKE CITY UT
MONTH: AUGUST
YEAR: 2020
LATITUDE: 40 46 N
LONGITUDE: 111 58 W
[TEMPERATURE DATA] [PRECIPITATION DATA] SYMBOLS USED IN COLUMN 16
AVERAGE MONTHLY: 83.1 TOTAL FOR MONTH: 0.10 1 = FOG OR MIST
DPTR FM NORMAL: 6.0 DPTR FM NORMAL: -0.59 2 = FOG REDUCING VISIBILITY
HIGHEST: 105 ON 2, 1 GRTST 24HR 0.06 ON 26-26 TO 1/4 MILE OR LESS
LOWEST: 53 ON 31 3 = THUNDER
SNOW, ICE PELLETS, HAIL 4 = ICE PELLETS
TOTAL MONTH: 0.0 INCH 5 = HAIL
GRTST 24HR 0.0 6 = FREEZING RAIN OR DRIZZLE
GRTST DEPTH: 0 7 = DUSTSTORM OR SANDSTORM:
VSBY 1/2 MILE OR LESS
8 = SMOKE OR HAZE
[NO. OF DAYS WITH] [WEATHER - DAYS WITH] 9 = BLOWING SNOW
X = TORNADO
MAX 32 OR BELOW: 0 0.01 INCH OR MORE: 2
MAX 90 OR ABOVE: 29 0.10 INCH OR MORE: 0
MIN 32 OR BELOW: 0 0.50 INCH OR MORE: 0
MIN 0 OR BELOW: 0 1.00 INCH OR MORE: 0
[HDD (BASE 65) ]
TOTAL THIS MO. 0 CLEAR (SCALE 0-3) 30
DPTR FM NORMAL -3 PTCLDY (SCALE 4-7) 1
TOTAL FM JUL 1 0 CLOUDY (SCALE 8-10) 0
DPTR FM NORMAL -5
[CDD (BASE 65) ]
TOTAL THIS MO. 567
DPTR FM NORMAL 193 [PRESSURE DATA]
TOTAL FM JAN 1 1437 HIGHEST SLP 30.08 ON 17
DPTR FM NORMAL 401 LOWEST SLP 29.58 ON 26
[REMARKS]
#FINAL-08-20#