000
CXUS56 KPQR 011201
CF6SLE
PRELIMINARY LOCAL CLIMATOLOGICAL DATA (WS FORM: F-6)
STATION: SALEM OR
MONTH: JULY
YEAR: 2023
LATITUDE: 44 55 N
LONGITUDE: 123 0 W
TEMPERATURE IN F: :PCPN: SNOW: WIND :SUNSHINE: SKY :PK WND
================================================================================
1 2 3 4 5 6A 6B 7 8 9 10 11 12 13 14 15 16 17 18
12Z AVG MX 2MIN
DY MAX MIN AVG DEP HDD CDD WTR SNW DPTH SPD SPD DIR MIN PSBL S-S WX SPD DR
================================================================================
1 86 52 69 3 0 4 0.00 M M 9.8 18 360 M M 0 24 10
2 88 56 72 6 0 7 0.00 M M 9.5 20 350 M M 0 26 340
3 90 54 72 5 0 7 0.00 M M 6.2 17 340 M M 0 22 340
4 96 56 76 9 0 11 0.00 M M 6.9 16 350 M M 0 22 340
5 98 62 80 13 0 15 0.00 M M 5.0 15 280 M M 0 20 270
6 89 57 73 5 0 8 0.00 M M 5.2 15 290 M M M 23 290
7 80 52 66 -2 0 1 0.00 M M 5.2 14 290 M M M 16 290
8 78 51 65 -3 0 0 0.00 M M 2.6 10 270 M M M 14 270
9 84 51 68 0 0 3 0.00 M M 5.1 16 280 M M M 19 280
10 76 53 65 -4 0 0 T M M 4.7 12 340 M M M 15 350
11 83 54 69 0 0 4 0.00 M M 4.0 13 340 M M M 15 340
12 86 57 72 3 0 7 0.00 M M 4.7 15 300 M M 0 19 290
13 88 57 73 4 0 8 0.00 M M 4.5 16 360 M M 0 19 350
14 94 61 78 9 0 13 0.00 M M 7.0 17 10 M M 0 21 20
15 98 60 79 9 0 14 0.00 M M 6.9 16 20 M M 0 22 350
16 93 57 75 5 0 10 0.00 M M 6.1 21 270 M M 0 28 280
17 80 55 68 -2 0 3 0.00 M M 7.2 15 30 M M 3 20 20
18 89 55 72 2 0 7 0.00 M M 11.1 20 360 M M 0 24 20
19 94 58 76 6 0 11 0.00 M M 5.8 17 280 M M 0 22 290
20 87 56 72 2 0 7 0.00 M M 6.2 13 280 M M 1 16 120
21 89 55 72 2 0 7 0.00 M M 4.9 14 320 M M 0 17 310
22 91 56 74 4 0 9 0.00 M M 4.9 14 320 M M 0 18 350
23 89 59 74 3 0 9 0.00 M M 4.7 18 280 M M 0 22 280
24 80 53 67 -4 0 2 T M M 8.1 20 250 M M 4 25 260
25 81 59 70 -1 0 5 T M M 6.2 14 320 M M 6 1 19 10
26 85 55 70 -1 0 5 0.00 M M 6.9 16 310 M M 0 22 340
27 84 54 69 -2 0 4 0.00 M M 4.4 16 320 M M 0 18 310
28 85 53 69 -2 0 4 0.00 M M 4.8 14 330 M M 0 18 330
29 83 52 68 -3 0 3 0.00 M M 4.6 16 320 M M 1 20 310
30 82 56 69 -2 0 4 0.00 M M 6.4 15 310 M M 0 18 310
31 85 53 69 -2 0 4 0.00 M M 6.3 14 320 M M 0 18 330
================================================================================
SM 2691 1719 0 196 T M 185.9 M 15
================================================================================
AV 86.8 55.5 6.0 FASTST M M 1 MAX(MPH)
MISC ----> 21 270 28 280
================================================================================
NOTES:
# LAST OF SEVERAL OCCURRENCES
COLUMN 17 PEAK WIND IN M.P.H.
PRELIMINARY LOCAL CLIMATOLOGICAL DATA (WS FORM: F-6) , PAGE 2
STATION: SALEM OR
MONTH: JULY
YEAR: 2023
LATITUDE: 44 55 N
LONGITUDE: 123 0 W
[TEMPERATURE DATA] [PRECIPITATION DATA] SYMBOLS USED IN COLUMN 16
AVERAGE MONTHLY: 71.1 TOTAL FOR MONTH: T 1 = FOG OR MIST
DPTR FM NORMAL: 1.8 DPTR FM NORMAL: -0.25 2 = FOG REDUCING VISIBILITY
HIGHEST: 98 ON 15, 5 GRTST 24HR T ON 24-24 TO 1/4 MILE OR LESS
LOWEST: 51 ON 9, 8 3 = THUNDER
SNOW, ICE PELLETS, HAIL 4 = ICE PELLETS
TOTAL MONTH: M 5 = HAIL
GRTST 24HR M ON M 6 = FREEZING RAIN OR DRIZZLE
GRTST DEPTH: M ON M 7 = DUSTSTORM OR SANDSTORM:
VSBY 1/2 MILE OR LESS
8 = SMOKE OR HAZE
[NO. OF DAYS WITH] [WEATHER - DAYS WITH] 9 = BLOWING SNOW
X = TORNADO
MAX 32 OR BELOW: 0 0.01 INCH OR MORE: 0
MAX 90 OR ABOVE: 8 0.10 INCH OR MORE: 0
MIN 32 OR BELOW: 0 0.50 INCH OR MORE: 0
MIN 0 OR BELOW: 0 1.00 INCH OR MORE: 0
[HDD (BASE 65) ]
TOTAL THIS MO. 0 CLEAR (SCALE 0-3) 22
DPTR FM NORMAL -15 PTCLDY (SCALE 4-7) 3
TOTAL FM JUL 1 0 CLOUDY (SCALE 8-10) 6
DPTR FM NORMAL -11
[CDD (BASE 65) ]
TOTAL THIS MO. 196
DPTR FM NORMAL 48 [PRESSURE DATA]
TOTAL FM JAN 1 321 HIGHEST SLP 30.19 ON 25
DPTR FM NORMAL 122 LOWEST SLP 29.79 ON 5
[REMARKS]
#FINAL-07-23#