000
CXUS51 KBTV 010700
CF6SLK
PRELIMINARY LOCAL CLIMATOLOGICAL DATA (WS FORM: F-6)
STATION: SARANAC LAKE NY
MONTH: MAY
YEAR: 2021
LATITUDE: 44 23 N
LONGITUDE: 74 12 W
TEMPERATURE IN F: :PCPN: SNOW: WIND :SUNSHINE: SKY :PK WND
================================================================================
1 2 3 4 5 6A 6B 7 8 9 10 11 12 13 14 15 16 17 18
12Z AVG MX 2MIN
DY MAX MIN AVG DEP HDD CDD WTR SNW DPTH SPD SPD DIR MIN PSBL S-S WX SPD DR
================================================================================
1 46 27 37 -8 28 0 0.01 M M 6.8 16 270 M M 7 1 25 260
2 57 36 47 1 18 0 0.03 M M 6.5 17 250 M M 5 26 240
3 50 40 45 -1 20 0 0.01 M M 6.4 14 60 M M 9 17 70
4 57 39 48 2 17 0 0.03 M M 3.5 9 60 M M 10 18 13 60
5 54 41 48 1 17 0 0.26 M M 4.6 9 280 M M 10 1 16 290
6 51 27 39 -8 26 0 0.02 M M 5.7 14 300 M M 6 1 25 320
7 54 23 39 -9 26 0 0.00 M M 2.9 14 60 M M 7 18 230
8 53 31 42 -6 23 0 0.15 M M 3.7 14 160 M M 8 1 21 150
9 54 34 44 -4 21 0 0.02 M M 4.2 12 220 M M 8 1 18 340
10 53 38 46 -3 19 0 0.03 M M 4.0 12 250 M M 9 1 17 260
11 51 33 42 -7 23 0 0.14 M M 8.2 21 230 M M 9 1 32 220
12 57 27 42 -7 23 0 0.01 M M 4.9 18 10 M M 7 1 26 360
13 65 24 45 -5 20 0 0.00 M M 3.5 15 60 M M 2 20 50
14 69 29 49 -1 16 0 0.00 M M 4.2 16 240 M M 3 23 320
15 71 29 50 0 15 0 0.00 M M 4.3 16 220 M M 1 26 240
16 68 29 49 -2 16 0 0.07 M M 2.3 18 190 M M 4 1 24 190
17 74 29 52 1 13 0 0.00 M M 3.3 14 250 M M 1 22 240
18 73 42 58 7 7 0 0.00 M M 5.4 14 270 M M 5 24 290
19 82 36 59 7 6 0 0.00 M M 3.4 16 50 M M 1 1 21 60
20 85 42 64 12 1 0 0.00 M M 3.6 17 210 M M 2 1 22 200
21 86 52 69 17 0 4 0.00 M M 3.2 14 250 M M 1 18 220
22 78 56 67 15 0 2 0.00 M M 6.0 15 220 M M 4 25 260
23 66 33 50 -3 15 0 0.08 M M 5.8 14 350 M M 8 1 21 360
24 70 27 49 -4 16 0 0.00 M M 2.3 15 210 M M 0 1 19 210
25 79 35 57 4 8 0 T M M 9.5 20 220 M M 5 1 30 220
26 82 59 71 17 0 6 0.02 M M 10.6 25 240 M M 4 39 210
27 59 32 46 -8 19 0 0.00 M M 5.8 13 270 M M 4 21 10
28 50 28 39 -15 26 0 0.00 M M 4.6 12 50 M M 6 16 40
29 60 27 44 -10 21 0 0.00 M M 8.1 22 50 M M 1 33 30
30 55 25 40 -15 25 0 0.13 M M 4.1 8 90 M M 6 M M
31 65 40 53 -2 12 0 0.00 M M 3.8 14 20 M M 6 1 22 20
================================================================================
SM 1974 1070 497 12 1.01 M 155.2 M 159
================================================================================
AV 63.7 34.5 5.0 FASTST M M 5 MAX(MPH)
MISC ----> 25 240 39 210
================================================================================
NOTES:
# LAST OF SEVERAL OCCURRENCES
COLUMN 17 PEAK WIND IN M.P.H.
PRELIMINARY LOCAL CLIMATOLOGICAL DATA (WS FORM: F-6) , PAGE 2
STATION: SARANAC LAKE NY
MONTH: MAY
YEAR: 2021
LATITUDE: 44 23 N
LONGITUDE: 74 12 W
[TEMPERATURE DATA] [PRECIPITATION DATA] SYMBOLS USED IN COLUMN 16
AVERAGE MONTHLY: 49.1 TOTAL FOR MONTH: 1.01 1 = FOG OR MIST
DPTR FM NORMAL: -1.4 DPTR FM NORMAL: -2.69 2 = FOG REDUCING VISIBILITY
HIGHEST: 86 ON 21 GRTST 24HR 0.56 ON 30- 1 TO 1/4 MILE OR LESS
LOWEST: 23 ON 7 3 = THUNDER
SNOW, ICE PELLETS, HAIL 4 = ICE PELLETS
TOTAL MONTH: M 5 = HAIL
GRTST 24HR M ON M 6 = FREEZING RAIN OR DRIZZLE
GRTST DEPTH: M ON M 7 = DUSTSTORM OR SANDSTORM:
VSBY 1/2 MILE OR LESS
8 = SMOKE OR HAZE
[NO. OF DAYS WITH] [WEATHER - DAYS WITH] 9 = BLOWING SNOW
X = TORNADO
MAX 32 OR BELOW: 0 0.01 INCH OR MORE: 15
MAX 90 OR ABOVE: 0 0.10 INCH OR MORE: 4
MIN 32 OR BELOW: 15 0.50 INCH OR MORE: 0
MIN 0 OR BELOW: 0 1.00 INCH OR MORE: 0
[HDD (BASE 65) ]
TOTAL THIS MO. 497 CLEAR (SCALE 0-3) 9
DPTR FM NORMAL 42 PTCLDY (SCALE 4-7) 16
TOTAL FM JUL 1 8661 CLOUDY (SCALE 8-10) 6
DPTR FM NORMAL -445
[CDD (BASE 65) ]
TOTAL THIS MO. 12
DPTR FM NORMAL 8 [PRESSURE DATA]
TOTAL FM JAN 1 12 HIGHEST SLP M ON M
DPTR FM NORMAL 8 LOWEST SLP 29.59 ON 2
[REMARKS]
#FINAL-05-21#