000
CXUS53 KICT 030629
CF6SLN
PRELIMINARY LOCAL CLIMATOLOGICAL DATA (WS FORM: F-6)
STATION: SALINA KS
MONTH: MAY
YEAR: 2023
LATITUDE: 38 47 N
LONGITUDE: 97 39 W
TEMPERATURE IN F: :PCPN: SNOW: WIND :SUNSHINE: SKY :PK WND
================================================================================
1 2 3 4 5 6A 6B 7 8 9 10 11 12 13 14 15 16 17 18
12Z AVG MX 2MIN
DY MAX MIN AVG DEP HDD CDD WTR SNW DPTH SPD SPD DIR MIN PSBL S-S WX SPD DR
================================================================================
1 69 35 52 -7 13 0 0.00 M M 10.1 23 320 M M 0 31 320
2 70 37 54 -6 11 0 0.00 M M 7.6 20 350 M M 0 27 290
3 76 32 54 -6 11 0 0.00 M M 3.5 12 190 M M 2 17 160
4 80 51 66 6 0 1 0.00 M M 11.8 24 160 M M 4 1 32 160
5 85 59 72 11 0 7 T M M 11.7 25 160 M M 7 1 32 170
6 91 64 78 17 0 13 0.00 M M 10.4 18 270 M M 1 1 27 290
7 95 65 80 19 0 15 0.00 M M 14.7 32 10 M M 1 40 10
8 88 55 72 10 0 7 0.00 M M 10.5 18 50 M M 0 27 30
9 85 60 73 11 0 8 0.58 M M 17.1 37 170 M M 3 13 55 40
10 85 59 72 9 0 7 0.00 M M 10.9 25 190 M M 2 33 200
11 82 62 72 9 0 7 0.00 M M 10.8 21 120 M M 4 30 120
12 88 65 77 14 0 12 0.00 M M 13.4 25 220 M M 1 18 33 170
13 83 57 70 6 0 5 0.00 M M 8.1 20 340 M M 1 33 330
14 77 61 69 5 0 4 0.43 M M 9.2 20 350 M M 6 1 25 350
15 61 56 59 -6 6 0 0.93 M M 13.3 20 340 M M 10 1 24 330
16 71 54 63 -2 2 0 0.00 M M 6.4 15 360 M M 7 18 18 360
17 80 50 65 -1 0 0 0.00 M M 2.2 10 120 M M 1 1 15 110
18 82 56 69 3 0 4 T M M 5.8 15 200 M M 2 20 200
19 69 51 60 -6 5 0 0.02 M M 10.8 22 20 M M 5 8 31 30
20 73 44 59 -8 6 0 0.00 M M 5.0 14 20 M M 0 20 20
21 78 46 62 -5 3 0 0.00 M M 6.2 14 120 M M 0 1 22 160
22 79 51 65 -3 0 0 0.00 M M 7.5 16 190 M M 2 23 150
23 81 59 70 2 0 5 0.00 M M 5.4 15 110 M M 6 20 100
24 84 57 71 3 0 6 0.00 M M 6.9 30 130 M M 2 18 41 130
25 80 59 70 1 0 5 0.17 M M 10.6 26 140 M M 4 3 38 140
26 86 59 73 4 0 8 0.00 M M 10.2 21 130 M M 2 1 28 120
27 84 57 71 1 0 6 0.00 M M 9.9 18 150 M M 1 26 120
28 83 63 73 3 0 8 0.06 M M 11.9 22 160 M M 6 38 28 160
29 89 62 76 6 0 11 0.00 M M 9.3 20 150 M M 1 24 170
30 93 63 78 7 0 13 0.00 M M 7.2 22 150 M M 1 3 29 290
31 92 60 76 5 0 11 0.00 M M 9.2 20 140 M M 2 30 170
================================================================================
SM 2519 1709 57 163 2.19 M 287.6 M 84
================================================================================
AV 81.3 55.1 9.3 FASTST M M 3 MAX(MPH)
MISC ----> 37 170 55 40
================================================================================
NOTES:
# LAST OF SEVERAL OCCURRENCES
COLUMN 17 PEAK WIND IN M.P.H.
PRELIMINARY LOCAL CLIMATOLOGICAL DATA (WS FORM: F-6) , PAGE 2
STATION: SALINA KS
MONTH: MAY
YEAR: 2023
LATITUDE: 38 47 N
LONGITUDE: 97 39 W
[TEMPERATURE DATA] [PRECIPITATION DATA] SYMBOLS USED IN COLUMN 16
AVERAGE MONTHLY: 68.2 TOTAL FOR MONTH: 2.19 1 = FOG OR MIST
DPTR FM NORMAL: 3.1 DPTR FM NORMAL: -2.85 2 = FOG REDUCING VISIBILITY
HIGHEST: 95 ON 7 GRTST 24HR 1.36 ON 14-15 TO 1/4 MILE OR LESS
LOWEST: 32 ON 3 3 = THUNDER
SNOW, ICE PELLETS, HAIL 4 = ICE PELLETS
TOTAL MONTH: M 5 = HAIL
GRTST 24HR M ON M 6 = FREEZING RAIN OR DRIZZLE
GRTST DEPTH: M ON M 7 = DUSTSTORM OR SANDSTORM:
VSBY 1/2 MILE OR LESS
8 = SMOKE OR HAZE
[NO. OF DAYS WITH] [WEATHER - DAYS WITH] 9 = BLOWING SNOW
X = TORNADO
MAX 32 OR BELOW: 0 0.01 INCH OR MORE: 6
MAX 90 OR ABOVE: 4 0.10 INCH OR MORE: 4
MIN 32 OR BELOW: 1 0.50 INCH OR MORE: 2
MIN 0 OR BELOW: 0 1.00 INCH OR MORE: 0
[HDD (BASE 65) ]
TOTAL THIS MO. 57 CLEAR (SCALE 0-3) 21
DPTR FM NORMAL -52 PTCLDY (SCALE 4-7) 9
TOTAL FM JUL 1 4769 CLOUDY (SCALE 8-10) 1
DPTR FM NORMAL -156
[CDD (BASE 65) ]
TOTAL THIS MO. 163
DPTR FM NORMAL 51 [PRESSURE DATA]
TOTAL FM JAN 1 192 HIGHEST SLP 30.32 ON 20
DPTR FM NORMAL 60 LOWEST SLP 29.60 ON 7
[REMARKS]
#FINAL-05-23#