000
CXUS56 KLOX 011655
CF6SMX
PRELIMINARY LOCAL CLIMATOLOGICAL DATA (WS FORM: F-6)
STATION: SANTA MARIA AIRPORT CA
MONTH: MARCH
YEAR: 2020
LATITUDE: 34 54 N
LONGITUDE: 120 27 W
TEMPERATURE IN F: :PCPN: SNOW: WIND :SUNSHINE: SKY :PK WND
================================================================================
1 2 3 4 5 6A 6B 7 8 9 10 11 12 13 14 15 16 17 18
12Z AVG MX 2MIN
DY MAX MIN AVG DEP HDD CDD WTR SNW DPTH SPD SPD DIR MIN PSBL S-S WX SPD DR
================================================================================
1 57 44 51 -3 14 0 0.07 M 0 6.3 20 300 M M 8 1 29 240
2 66 38 52 -2 13 0 0.00 0.0 0 7.9 22 300 M M 1 25 300
3 72 37 55 1 10 0 0.00 0.0 0 4.1 15 320 M M 0 18 M M
4 67 40 54 0 11 0 0.00 0.0 0 5.4 16 350 M M 2 18 22 340
5 66 52 59 5 6 0 0.00 0.0 0 5.1 14 330 M M 8 1 22 290
6 65 47 56 2 9 0 0.00 0.0 0 5.4 25 220 M M 7 1 M M
7 59 46 53 -1 12 0 0.02 M 0 6.2 14 240 M M 9 18 18 230
8 62 42 52 -2 13 0 T M 0 5.7 15 200 M M 3 19 190
9 71 43 57 3 8 0 0.04 M 0 5.1 15 230 M M 6 18 230
10 65 51 58 4 7 0 0.24 0.0 0 3.7 17 120 M M 7 18 19 170
11 68 51 60 6 5 0 0.71 0.0 0 3.8 14 310 M M 8 1 22 200
12 73 46 60 6 5 0 0.00 0.0 0 5.1 20 30 M M 5 1 24 20
13 59 53 56 2 9 0 0.00 0.0 0 7.4 14 210 M M 10 1 M M
14 61 50 56 2 9 0 T 0.0 0 6.8 17 250 M M 9 18 27 210
15 59 50 55 1 10 0 0.33 0.0 0 11.5 21 170 M M 10 1 26 170
16 53 40 47 -7 18 0 1.26 M 0 8.1 21 250 M M 9 1 24 240
17 58 40 49 -5 16 0 0.11 M 0 6.5 16 120 M M 6 1 21 120
18 58 34 46 -8 19 0 T M 0 8.7 26 300 M M 2 1 32 300
19 59 44 52 -2 13 0 0.01 M 0 4.8 15 250 M M 8 M M
20 61 48 55 1 10 0 0.01 M 0 4.1 15 160 M M 9 1 M M
21 66 50 58 4 7 0 0.00 0.0 0 5.5 20 340 M M 8 23 350
22 67 45 56 2 9 0 0.85 M 0 7.3 23 140 M M 7 1 30 140
23 61 49 55 1 10 0 0.04 M 0 6.2 16 290 M M 7 1 18 290
24 55 46 51 -3 14 0 0.06 M 0 5.2 15 300 M M 8 18 17 310
25 59 44 52 -2 13 0 0.06 M 0 7.5 20 290 M M 7 1 26 340
26 57 36 47 -7 18 0 0.00 0.0 0 6.9 22 290 M M 3 27 300
27 59 36 48 -6 17 0 0.00 0.0 0 8.5 24 290 M M 1 30 310
28 63 38 51 -3 14 0 0.00 0.0 0 7.0 24 300 M M 3 8 28 290
29 63 45 54 0 11 0 0.00 0.0 0 6.3 21 290 M M 5 M M
30 65 42 54 0 11 0 0.00 0.0 0 8.2 25 310 M M 0 18 30 300
31 77 50 64 10 1 0 0.00 0.0 0 11.5 24 20 M M 1 18 31 10
================================================================================
SM 1951 1377 342 0 3.81 0.0 201.8 M 177
================================================================================
AV 62.9 44.4 6.5 FASTST M M 6 MAX(MPH)
MISC ----> # 26 300 # 32 300
================================================================================
NOTES:
# LAST OF SEVERAL OCCURRENCES
COLUMN 17 PEAK WIND IN M.P.H.
PRELIMINARY LOCAL CLIMATOLOGICAL DATA (WS FORM: F-6) , PAGE 2
STATION: SANTA MARIA AIRPORT CA
MONTH: MARCH
YEAR: 2020
LATITUDE: 34 54 N
LONGITUDE: 120 27 W
[TEMPERATURE DATA] [PRECIPITATION DATA] SYMBOLS USED IN COLUMN 16
AVERAGE MONTHLY: 53.7 TOTAL FOR MONTH: 3.81 1 = FOG OR MIST
DPTR FM NORMAL: -0.3 DPTR FM NORMAL: 1.17 2 = FOG REDUCING VISIBILITY
HIGHEST: 77 ON 31 GRTST 24HR 1.26 ON 16-16 TO 1/4 MILE OR LESS
LOWEST: 34 ON 18 3 = THUNDER
SNOW, ICE PELLETS, HAIL 4 = ICE PELLETS
TOTAL MONTH: 0.0 INCH 5 = HAIL
GRTST 24HR 0.0 6 = FREEZING RAIN OR DRIZZLE
GRTST DEPTH: 0 7 = DUSTSTORM OR SANDSTORM:
VSBY 1/2 MILE OR LESS
8 = SMOKE OR HAZE
[NO. OF DAYS WITH] [WEATHER - DAYS WITH] 9 = BLOWING SNOW
X = TORNADO
MAX 32 OR BELOW: 0 0.01 INCH OR MORE: 14
MAX 90 OR ABOVE: 0 0.10 INCH OR MORE: 6
MIN 32 OR BELOW: 0 0.50 INCH OR MORE: 3
MIN 0 OR BELOW: 0 1.00 INCH OR MORE: 1
[HDD (BASE 65) ]
TOTAL THIS MO. 342 CLEAR (SCALE 0-3) 9
DPTR FM NORMAL 2 PTCLDY (SCALE 4-7) 12
TOTAL FM JUL 1 1693 CLOUDY (SCALE 8-10) 10
DPTR FM NORMAL -480
[CDD (BASE 65) ]
TOTAL THIS MO. 0
DPTR FM NORMAL -1 [PRESSURE DATA]
TOTAL FM JAN 1 1 HIGHEST SLP 30.29 ON 30
DPTR FM NORMAL -1 LOWEST SLP 29.77 ON 12
[REMARKS]
#FINAL-03-20#