000
CXAK56 PAFC 011044
CF6SNP
PRELIMINARY LOCAL CLIMATOLOGICAL DATA (WS FORM: F-6)
STATION: SAINT PAUL ISLAND
MONTH: FEBRUARY
YEAR: 2023
LATITUDE: 57 9 N
LONGITUDE: 170 13 W
TEMPERATURE IN F: :PCPN: SNOW: WIND :SUNSHINE: SKY :PK WND
================================================================================
1 2 3 4 5 6A 6B 7 8 9 10 11 12 13 14 15 16 17 18
12Z AVG MX 2MIN
DY MAX MIN AVG DEP HDD CDD WTR SNW DPTH SPD SPD DIR MIN PSBL S-S WX SPD DR
================================================================================
1 37 33 35 10 30 0 0.14 M M 22.0 39 140 M M 9 1 47 140
2 M M M M M M M M M 21.7 31 260 M M 9 1 44 260
3 36 32 34 9 31 0 T M M 15.9 35 260 M M 6 18 43 260
4 36 20 28 3 37 0 0.09 M M 5.3 17 100 M M 7 12 20 110
5 32 20 26 1 39 0 0.05 M M 13.8 24 360 M M 9 12 28 10
6 29 20 25 0 40 0 0.00 M M 16.6 26 340 M M 10 33 360
7 25 17 21 -4 44 0 0.01 M M 10.2 15 80 M M 8 1 19 70
8 28 20 24 -1 41 0 0.00 M M 16.6 22 120 M M 1 26 80
9 28 21 25 0 40 0 T M M 31.9 48 40 M M 5 60 50
10 21 11 16 -9 49 0 0.01 M M 30.7 48 40 M M 10 18 61 50
11 13 11 12 -13 53 0 0.08 M M 14.9 25 10 M M 10 29 10
12 25 6 16 -9 49 0 0.08 M M 15.3 29 210 M M 9 128 36 210
13 20 9 15 -10 50 0 0.22 M M 29.7 45 30 M M 10 1289 56 30
14 16 7 12 -13 53 0 0.05 M M 20.1 38 10 M M 10 128 46 20
15 36 9 23 -2 42 0 0.25 M M 22.1 44 120 M M 10 128 58 120
16 36 32 34 9 31 0 0.28 M M 20.4 47 260 M M 10 1 55 260
17 35 32 34 9 31 0 0.01 M M 15.6 38 250 M M 8 18 45 240
18 35 28 32 7 33 0 0.12 M M 8.8 24 200 M M 6 18 27 200
19 35 25 30 5 35 0 0.12 M M 12.9 29 200 M M 6 128 36 200
20 36 30 33 8 32 0 0.01 M M 11.1 21 110 M M 2 1 26 120
21 39 35 37 12 28 0 0.06 M M 21.3 40 200 M M 1 18 49 210
22 40 36 38 13 27 0 0.37 M M 24.7 36 210 M M 9 18 51 200
23 38 32 35 10 30 0 0.02 M M 20.1 40 210 M M 4 18 50 210
24 35 30 33 8 32 0 0.03 M M 22.7 45 250 M M 3 18 56 230
25 36 25 31 6 34 0 0.12 M M 22.2 44 290 M M 10 18 55 270
26 26 24 25 0 40 0 0.01 M M 21.2 33 90 M M 10 1 40 90
27 37 25 31 6 34 0 0.52 M M 28.9 41 200 M M 10 168 52 200
28 37 25 31 6 34 0 T M M 39.1 55 240 M M 9 18 73 230
================================================================================
SM 847 615 1019 0 2.65 M 555.8 M 211
================================================================================
AV 31.4 22.8 19.9 FASTST M M 8 MAX(MPH)
MISC ----> 55 240 73 230
================================================================================
NOTES:
# LAST OF SEVERAL OCCURRENCES
COLUMN 17 PEAK WIND IN M.P.H.
PRELIMINARY LOCAL CLIMATOLOGICAL DATA (WS FORM: F-6) , PAGE 2
STATION: SAINT PAUL ISLAND
MONTH: FEBRUARY
YEAR: 2023
LATITUDE: 57 9 N
LONGITUDE: 170 13 W
[TEMPERATURE DATA] [PRECIPITATION DATA] SYMBOLS USED IN COLUMN 16
AVERAGE MONTHLY: 27.1 TOTAL FOR MONTH: 2.65 1 = FOG OR MIST
DPTR FM NORMAL: 1.8 DPTR FM NORMAL: 1.22 2 = FOG REDUCING VISIBILITY
HIGHEST: 40 ON 22 GRTST 24HR 0.53 ON 26-27 TO 1/4 MILE OR LESS
LOWEST: 6 ON 12 3 = THUNDER
SNOW, ICE PELLETS, HAIL 4 = ICE PELLETS
TOTAL MONTH: M 5 = HAIL
GRTST 24HR M ON M 6 = FREEZING RAIN OR DRIZZLE
GRTST DEPTH: M ON M 7 = DUSTSTORM OR SANDSTORM:
VSBY 1/2 MILE OR LESS
8 = SMOKE OR HAZE
[NO. OF DAYS WITH] [WEATHER - DAYS WITH] 9 = BLOWING SNOW
X = TORNADO
MAX 32 OR BELOW: 11 0.01 INCH OR MORE: 22
MAX 90 OR ABOVE: 0 0.10 INCH OR MORE: 9
MIN 32 OR BELOW: 24 0.50 INCH OR MORE: 1
MIN 0 OR BELOW: 0 1.00 INCH OR MORE: 0
[HDD (BASE 65) ]
TOTAL THIS MO. 1019 CLEAR (SCALE 0-3) 3
DPTR FM NORMAL -93 PTCLDY (SCALE 4-7) 8
TOTAL FM JUL 1 6444 CLOUDY (SCALE 8-10) 17
DPTR FM NORMAL -330
[CDD (BASE 65) ]
TOTAL THIS MO. 0
DPTR FM NORMAL 0 [PRESSURE DATA]
TOTAL FM JAN 1 0 HIGHEST SLP M ON M
DPTR FM NORMAL 0 LOWEST SLP 28.72 ON 28
[REMARKS]
#FINAL-02-23#