000
CXUS56 KMTR 011000
CF6SNS
PRELIMINARY LOCAL CLIMATOLOGICAL DATA (WS FORM: F-6)
STATION: SALINAS AIRPORT
MONTH: NOVEMBER
YEAR: 2023
LATITUDE: 36 40 N
LONGITUDE: 121 36 W
TEMPERATURE IN F: :PCPN: SNOW: WIND :SUNSHINE: SKY :PK WND
================================================================================
1 2 3 4 5 6A 6B 7 8 9 10 11 12 13 14 15 16 17 18
12Z AVG MX 2MIN
DY MAX MIN AVG DEP HDD CDD WTR SNW DPTH SPD SPD DIR MIN PSBL S-S WX SPD DR
================================================================================
1 84 45 65 6 0 0 0.00 M M 8.4 23 130 M M 1 29 120
2 80 47 64 5 1 0 0.00 M M 8.1 16 130 M M 0 8 21 120
3 85 47 66 7 0 1 0.00 M M 6.7 21 290 M M 0 8 26 300
4 79 50 65 6 0 0 0.00 M M 6.6 16 310 M M 2 12 21 290
5 74 51 63 5 2 0 T M M 5.2 13 310 M M 8 12 17 290
6 71 57 64 6 1 0 T M M 6.1 15 300 M M 9 1 20 310
7 65 55 60 2 5 0 0.00 M M 8.1 18 280 M M 6 1 24 300
8 70 41 56 -2 9 0 0.00 M M 4.0 13 300 M M 0 1 17 290
9 70 38 54 -4 11 0 0.00 M M 5.6 16 120 M M 1 20 280
10 70 40 55 -2 10 0 0.00 M M 5.8 17 290 M M 0 23 290
11 75 41 58 1 7 0 0.00 M M 7.4 15 290 M M 0 8 18 280
12 73 51 62 5 3 0 0.00 M M 11.4 26 140 M M 2 8 32 130
13 65 47 56 -1 9 0 0.00 M M 5.8 14 330 M M 5 18 21 340
14 75 50 63 7 2 0 0.00 M M 11.2 22 150 M M 1 27 140
15 74 48 61 5 4 0 T M M 16.6 37 130 M M 7 178 48 130
16 70 55 63 7 2 0 T M M 9.5 20 130 M M 6 24 120
17 69 52 61 5 4 0 T M M 13.3 26 130 M M 3 31 140
18 68 57 63 7 2 0 0.48 M M 12.9 23 150 M M 9 18 31 140
19 62 45 54 -1 11 0 0.00 M M 5.8 16 300 M M 2 18 21 300
20 69 39 54 -1 11 0 0.00 M M 3.2 12 270 M M 0 13 260
21 76 44 60 5 5 0 0.00 M M 6.9 17 150 M M 3 23 150
22 77 44 61 7 4 0 0.00 M M 6.7 17 120 M M 1 21 120
23 67 45 56 2 9 0 0.00 M M 4.8 16 280 M M 0 18 21 300
24 65 37 51 -3 14 0 0.00 M M 4.4 15 290 M M 0 20 290
25 67 38 53 -1 12 0 0.00 M M 7.7 17 130 M M 0 21 130
26 68 41 55 1 10 0 0.00 M M 10.4 21 130 M M 3 26 130
27 70 38 54 1 11 0 0.00 M M 10.2 23 140 M M 1 29 130
28 69 44 57 4 8 0 0.00 M M 10.4 21 140 M M 1 24 130
29 67 47 57 4 8 0 T M M 9.6 22 130 M M 7 1 25 140
30 63 47 55 2 10 0 0.00 M M 7.3 22 280 M M 4 29 290
================================================================================
SM 2137 1381 185 1 0.48 M 240.1 M 82
================================================================================
AV 71.2 46.0 8.0 FASTST M M 3 MAX(MPH)
MISC ----> 37 130 48 130
================================================================================
NOTES:
# LAST OF SEVERAL OCCURRENCES
COLUMN 17 PEAK WIND IN M.P.H.
PRELIMINARY LOCAL CLIMATOLOGICAL DATA (WS FORM: F-6) , PAGE 2
STATION: SALINAS AIRPORT
MONTH: NOVEMBER
YEAR: 2023
LATITUDE: 36 40 N
LONGITUDE: 121 36 W
[TEMPERATURE DATA] [PRECIPITATION DATA] SYMBOLS USED IN COLUMN 16
AVERAGE MONTHLY: 58.6 TOTAL FOR MONTH: 0.48 1 = FOG OR MIST
DPTR FM NORMAL: 2.5 DPTR FM NORMAL: -0.78 2 = FOG REDUCING VISIBILITY
HIGHEST: 85 ON 3 GRTST 24HR 0.48 ON 18-18 TO 1/4 MILE OR LESS
LOWEST: 37 ON 24 3 = THUNDER
SNOW, ICE PELLETS, HAIL 4 = ICE PELLETS
TOTAL MONTH: M 5 = HAIL
GRTST 24HR M ON M 6 = FREEZING RAIN OR DRIZZLE
GRTST DEPTH: M ON M 7 = DUSTSTORM OR SANDSTORM:
VSBY 1/2 MILE OR LESS
8 = SMOKE OR HAZE
[NO. OF DAYS WITH] [WEATHER - DAYS WITH] 9 = BLOWING SNOW
X = TORNADO
MAX 32 OR BELOW: 0 0.01 INCH OR MORE: 1
MAX 90 OR ABOVE: 0 0.10 INCH OR MORE: 1
MIN 32 OR BELOW: 0 0.50 INCH OR MORE: 0
MIN 0 OR BELOW: 0 1.00 INCH OR MORE: 0
[HDD (BASE 65) ]
TOTAL THIS MO. 185 CLEAR (SCALE 0-3) 20
DPTR FM NORMAL -88 PTCLDY (SCALE 4-7) 8
TOTAL FM JUL 1 306 CLOUDY (SCALE 8-10) 2
DPTR FM NORMAL -297
[CDD (BASE 65) ]
TOTAL THIS MO. 1
DPTR FM NORMAL -4 [PRESSURE DATA]
TOTAL FM JAN 1 173 HIGHEST SLP M ON M
DPTR FM NORMAL 40 LOWEST SLP 29.72 ON 15
[REMARKS]
#FINAL-11-23#