000
CXUS55 KPIH 012232
CF6SNT
PRELIMINARY LOCAL CLIMATOLOGICAL DATA (WS FORM: F-6)
STATION: STANLEY
MONTH: JULY
YEAR: 2022
LATITUDE: 44 10 N
LONGITUDE: 114 56 W
TEMPERATURE IN F: :PCPN: SNOW: WIND :SUNSHINE: SKY :PK WND
================================================================================
1 2 3 4 5 6A 6B 7 8 9 10 11 12 13 14 15 16 17 18
12Z AVG MX 2MIN
DY MAX MIN AVG DEP HDD CDD WTR SNW DPTH SPD SPD DIR MIN PSBL S-S WX SPD DR
================================================================================
1 81 32 57 1 8 0 0.00 M M 3.4 14 270 M M 0 24 220
2 83 33 58 2 7 0 0.00 M M 3.9 15 190 M M 0 29 160
3 73 49 61 5 4 0 0.02 M M 6.7 20 180 M M 0 34 170
4 69 42 56 -1 9 0 0.00 M M 4.3 15 180 M M 0 25 240
5 78 41 60 3 5 0 0.02 M M 3.6 12 280 M M 0 18 40
6 83 39 61 4 4 0 0.00 M M 4.0 20 90 M M 0 31 90
7 83 41 62 4 3 0 0.00 M M 3.2 16 260 M M 0 25 270
8 84 40 62 4 3 0 0.00 M M 4.6 14 240 M M 0 24 200
9 84 37 61 3 4 0 0.00 M M 4.0 16 280 M M 0 28 180
10 76 38 57 -1 8 0 0.00 M M 4.0 14 260 M M 0 23 270
11 84 35 60 1 5 0 0.00 M M 3.9 10 350 M M 0 18 80
12 87 38 63 4 2 0 0.00 M M 3.6 15 80 M M 0 22 300
13 85 41 63 4 2 0 0.00 M M 4.1 20 250 M M 0 34 230
14 89 40 65 6 0 0 0.00 M M 3.0 13 230 M M 0 23 220
15 85 42 64 4 1 0 0.10 M M 3.5 16 230 M M 0 31 280
16 87 35 61 1 4 0 0.00 M M 3.2 17 190 M M 0 28 180
17 87 42 65 5 0 0 0.00 M M 3.3 15 180 M M 0 24 160
18 79 39 59 -1 6 0 0.00 M M 7.2 20 210 M M 0 41 200
19 83 28 56 -4 9 0 0.00 M M 3.4 16 320 M M 0 26 310
20 86 35 61 1 4 0 0.00 M M 3.3 15 330 M M 0 26 320
21 86 35 61 0 4 0 0.00 M M 3.4 14 270 M M 0 27 250
22 84 34 59 -2 6 0 0.00 M M 3.7 15 280 M M 0 29 280
23 82 32 57 -4 8 0 0.00 M M 4.9 16 310 M M 0 25 320
24 82 32 57 -4 8 0 0.00 M M 3.7 16 320 M M 0 23 290
25 85 35 60 -1 5 0 0.00 M M 2.8 12 250 M M 0 19 250
26 89 40 65 4 0 0 0.00 M M 3.2 13 340 M M 0 22 330
27 90 42 66 5 0 1 0.00 M M 3.3 13 360 M M 0 19 360
28 90 43 67 6 0 2 0.00 M M 4.0 14 130 M M 0 23 260
29 91 43 67 6 0 2 0.07 M M 4.4 17 180 M M 0 27 340
30 90 40 65 4 0 0 0.00 M M 4.6 15 330 M M 0 23 340
31 89 40 65 4 0 0 0.00 M M 3.4 15 350 M M 0 23 340
================================================================================
SM 2604 1183 119 5 0.21 M 121.6 M 0
================================================================================
AV 84.0 38.2 3.9 FASTST M M 0 MAX(MPH)
MISC ----> # 20 180 41 200
================================================================================
NOTES:
# LAST OF SEVERAL OCCURRENCES
COLUMN 17 PEAK WIND IN M.P.H.
PRELIMINARY LOCAL CLIMATOLOGICAL DATA (WS FORM: F-6) , PAGE 2
STATION: STANLEY
MONTH: JULY
YEAR: 2022
LATITUDE: 44 10 N
LONGITUDE: 114 56 W
[TEMPERATURE DATA] [PRECIPITATION DATA] SYMBOLS USED IN COLUMN 16
AVERAGE MONTHLY: 61.1 TOTAL FOR MONTH: 0.21 1 = FOG OR MIST
DPTR FM NORMAL: 1.8 DPTR FM NORMAL: -0.42 2 = FOG REDUCING VISIBILITY
HIGHEST: 91 ON 29 GRTST 24HR 0.10 ON 15-15 TO 1/4 MILE OR LESS
LOWEST: 28 ON 19 3 = THUNDER
SNOW, ICE PELLETS, HAIL 4 = ICE PELLETS
TOTAL MONTH: M 5 = HAIL
GRTST 24HR M ON M 6 = FREEZING RAIN OR DRIZZLE
GRTST DEPTH: M ON M 7 = DUSTSTORM OR SANDSTORM:
VSBY 1/2 MILE OR LESS
8 = SMOKE OR HAZE
[NO. OF DAYS WITH] [WEATHER - DAYS WITH] 9 = BLOWING SNOW
X = TORNADO
MAX 32 OR BELOW: 0 0.01 INCH OR MORE: 4
MAX 90 OR ABOVE: 4 0.10 INCH OR MORE: 1
MIN 32 OR BELOW: 4 0.50 INCH OR MORE: 0
MIN 0 OR BELOW: 0 1.00 INCH OR MORE: 0
[HDD (BASE 65) ]
TOTAL THIS MO. 119 CLEAR (SCALE 0-3) 31
DPTR FM NORMAL -66 PTCLDY (SCALE 4-7) 0
TOTAL FM JUL 1 119 CLOUDY (SCALE 8-10) 0
DPTR FM NORMAL -63
[CDD (BASE 65) ]
TOTAL THIS MO. 5
DPTR FM NORMAL -3 [PRESSURE DATA]
TOTAL FM JAN 1 5 HIGHEST SLP 30.21 ON 11
DPTR FM NORMAL -4 LOWEST SLP 29.62 ON 3
[REMARKS]
29TH: HIGH OF 91 TIES PREVIOUS RECORD OF 91 SET IN 1968.
#FINAL-07-22#