000
CXUS55 KPIH 020629
CF6SNT
PRELIMINARY LOCAL CLIMATOLOGICAL DATA (WS FORM: F-6)
STATION: STANLEY
MONTH: JULY
YEAR: 2021
LATITUDE: 44 10 N
LONGITUDE: 114 56 W
TEMPERATURE IN F: :PCPN: SNOW: WIND :SUNSHINE: SKY :PK WND
================================================================================
1 2 3 4 5 6A 6B 7 8 9 10 11 12 13 14 15 16 17 18
12Z AVG MX 2MIN
DY MAX MIN AVG DEP HDD CDD WTR SNW DPTH SPD SPD DIR MIN PSBL S-S WX SPD DR
================================================================================
1 85 42 64 8 1 0 0.00 M M 4.6 21 90 M M 0 30 100
2 89 40 65 9 0 0 0.00 M M 3.8 14 310 M M 0 30 350
3 89 43 66 10 0 1 0.00 M M 5.2 18 180 M M 0 28 140
4 86 52 69 12 0 4 0.13 M M 3.9 16 180 M M 0 27 180
5 86 50 68 11 0 3 0.03 M M 5.2 15 320 M M 0 23 320
6 90 40 65 8 0 0 0.00 M M 4.4 16 300 M M 0 23 340
7 89 49 69 11 0 4 0.00 M M 6.1 17 160 M M 0 31 150
8 85 36 61 3 4 0 0.00 M M 4.2 15 260 M M 0 25 250
9 85 39 62 4 3 0 0.00 M M 3.8 12 280 M M 0 19 330
10 90 38 64 6 1 0 0.00 M M 4.2 16 320 M M 0 25 310
11 90 43 67 8 0 2 0.00 M M 3.5 15 330 M M 0 23 340
12 91 36 64 5 1 0 0.00 M M 3.2 14 330 M M 0 26 310
13 85 41 63 4 2 0 0.00 M M 3.1 14 330 M M 0 22 340
14 86 41 64 5 1 0 0.00 M M 3.8 15 300 M M 0 27 300
15 89 39 64 4 1 0 0.00 M M 3.5 13 180 M M 0 25 250
16 87 40 64 4 1 0 0.00 M M 3.9 24 240 M M 0 41 180
17 88 35 62 2 3 0 0.00 M M 3.8 16 260 M M 0 27 260
18 91 40 66 6 0 1 0.00 M M 2.8 12 270 M M 0 18 270
19 71 53 62 2 3 0 0.19 M M 4.2 12 150 M M 0 19 140
20 80 52 66 6 0 1 0.00 M M 3.2 14 340 M M 0 26 330
21 84 50 67 6 0 2 0.00 M M 4.7 15 180 M M 0 31 160
22 86 39 63 2 2 0 0.00 M M 2.3 20 330 M M 0 33 200
23 83 37 60 -1 5 0 0.00 M M 4.0 15 310 M M 0 23 330
24 89 35 62 1 3 0 0.00 M M 2.8 10 310 M M 0 18 290
25 88 40 64 3 1 0 0.00 M M 3.7 14 320 M M 0 27 360
26 92 40 66 5 0 1 0.00 M M 3.5 14 300 M M 0 23 300
27 80 45 63 2 2 0 0.00 M M 2.7 18 160 M M 0 29 170
28 84 45 65 4 0 0 0.00 M M 4.3 12 360 M M 0 21 350
29 90 48 69 8 0 4 0.00 M M 4.0 14 10 M M 0 20 140
30 90 47 69 8 0 4 0.00 M M 5.7 14 150 M M 0 25 150
31 75 50 63 2 2 0 0.09 M M 3.2 17 170 M M 0 26 170
================================================================================
SM 2673 1325 36 27 0.44 M 121.3 M 0
================================================================================
AV 86.2 42.7 3.9 FASTST M M 0 MAX(MPH)
MISC ----> 24 240 41 180
================================================================================
NOTES:
# LAST OF SEVERAL OCCURRENCES
COLUMN 17 PEAK WIND IN M.P.H.
PRELIMINARY LOCAL CLIMATOLOGICAL DATA (WS FORM: F-6) , PAGE 2
STATION: STANLEY
MONTH: JULY
YEAR: 2021
LATITUDE: 44 10 N
LONGITUDE: 114 56 W
[TEMPERATURE DATA] [PRECIPITATION DATA] SYMBOLS USED IN COLUMN 16
AVERAGE MONTHLY: 64.5 TOTAL FOR MONTH: 0.44 1 = FOG OR MIST
DPTR FM NORMAL: 5.2 DPTR FM NORMAL: -0.19 2 = FOG REDUCING VISIBILITY
HIGHEST: 92 ON 26 GRTST 24HR 0.19 ON 19-19 TO 1/4 MILE OR LESS
LOWEST: 35 ON 24,17 3 = THUNDER
SNOW, ICE PELLETS, HAIL 4 = ICE PELLETS
TOTAL MONTH: M 5 = HAIL
GRTST 24HR M ON M 6 = FREEZING RAIN OR DRIZZLE
GRTST DEPTH: M ON M 7 = DUSTSTORM OR SANDSTORM:
VSBY 1/2 MILE OR LESS
8 = SMOKE OR HAZE
[NO. OF DAYS WITH] [WEATHER - DAYS WITH] 9 = BLOWING SNOW
X = TORNADO
MAX 32 OR BELOW: 0 0.01 INCH OR MORE: 4
MAX 90 OR ABOVE: 8 0.10 INCH OR MORE: 2
MIN 32 OR BELOW: 0 0.50 INCH OR MORE: 0
MIN 0 OR BELOW: 0 1.00 INCH OR MORE: 0
[HDD (BASE 65) ]
TOTAL THIS MO. 36 CLEAR (SCALE 0-3) 31
DPTR FM NORMAL -149 PTCLDY (SCALE 4-7) 0
TOTAL FM JUL 1 36 CLOUDY (SCALE 8-10) 0
DPTR FM NORMAL -146
[CDD (BASE 65) ]
TOTAL THIS MO. 27
DPTR FM NORMAL 19 [PRESSURE DATA]
TOTAL FM JAN 1 37 HIGHEST SLP 30.17 ON 10
DPTR FM NORMAL 28 LOWEST SLP 29.71 ON 7
[REMARKS]
3RD: HIGH OF 89 TIES PREVIOUS RECORD SET IN 1922.
25TH: HIGH OF 88 TIES PREVIOUS RECORD SET IN 1928.
26TH: HIGH OF 92 BREAKS PREVIOUS RECORD OF 90 SET IN 1928.
#FINAL-07-21#