000
CXUS55 KCYS 061813
CF6SNY
PRELIMINARY LOCAL CLIMATOLOGICAL DATA (WS FORM: F-6) ...CORRECTED...
STATION: SIDNEY NEBRASKA AIRPORT
MONTH: JANUARY
YEAR: 2021
LATITUDE: 41 5 N
LONGITUDE: 102 59 W
TEMPERATURE IN F: :PCPN: SNOW: WIND :SUNSHINE: SKY :PK WND
================================================================================
1 2 3 4 5 6A 6B 7 8 9 10 11 12 13 14 15 16 17 18
12Z AVG MX 2MIN
DY MAX MIN AVG DEP HDD CDD WTR SNW DPTH SPD SPD DIR MIN PSBL S-S WX SPD DR
================================================================================
1 39 10 25 -4 40 0 0.00 M M 9.2 16 330 M M 2 21 320
2 38 5 22 -7 43 0 0.00 M M 10.6 21 300 M M 1 29 290
3 43 16 30 1 35 0 0.00 M M 13.8 32 310 M M 2 45 300
4 45 26 36 7 29 0 0.00 M M 13.3 21 290 M M 1 27 290
5 49 22 36 7 29 0 T M M 16.2 37 310 M M 4 18 45 310
6 41 14 28 -1 37 0 0.00 M M 14.9 23 320 M M 0 30 320
7 36 10 23 -6 42 0 0.00 M M 7.8 17 190 M M 1 21 200
8 41 20 31 2 34 0 0.00 M M 9.2 18 300 M M 6 24 300
9 36 19 28 -1 37 0 0.00 M M 4.5 15 30 M M 8 12 18 30
10 38 15 27 -2 38 0 T M M 6.5 16 200 M M 4 1 20 210
11 48 13 31 2 34 0 0.00 M M 12.9 17 280 M M 0 23 280
12 56 20 38 9 27 0 0.00 M M 11.2 20 270 M M 0 25 270
13 60 32 46 17 19 0 T M M 17.9 53 340 M M 1 18 72 330
14 36 23 30 1 35 0 0.01 M M 27.2 40 320 M M 2 12 56 320
15 38 16 27 -2 38 0 0.00 M M 27.4 48 330 M M 0 63 330
16 45 23 34 5 31 0 T M M 19.5 41 340 M M 6 52 320
17 46 17 32 3 33 0 T M M 11.3 30 350 M M 5 39 360
18 43 17 30 1 35 0 T M M 20.1 35 320 M M 3 44 320
19 39 15 27 -2 38 0 0.00 M M 12.7 28 330 M M 0 36 330
20 57 15 36 7 29 0 0.00 M M 15.8 37 320 M M 0 45 330
21 41 22 32 3 33 0 0.00 M M 7.7 15 260 M M 3 18 260
22 41 23 32 3 33 0 0.00 M M 12.3 28 170 M M 8 35 170
23 36 20 28 -1 37 0 0.00 M M 11.0 25 150 M M 6 33 150
24 33 11 22 -7 43 0 0.00 M M 10.6 22 170 M M 8 1 29 190
25 24 17 21 -8 44 0 0.00 M M 11.3 21 340 M M 10 1 26 340
26 17 3 10 -19 55 0 T M M 9.0 15 130 M M 9 18 18 120
27 34 1 18 -11 47 0 0.00 M M 11.2 21 200 M M 0 25 200
28 49 9 29 -1 36 0 0.00 M M 7.8 15 190 M M 0 19 190
29 63 20 42 12 23 0 0.00 M M 7.7 16 310 M M 0 19 310
30 50 28 39 9 26 0 0.00 M M 21.2 36 330 M M 4 44 320
31 50 14 32 2 33 0 0.00 M M 10.5 21 340 M M 1 27 320
================================================================================
SM 1312 516 1093 0 0.01 M 402.3 M 95
================================================================================
AV 42.3 16.6 13.0 FASTST M M 3 MAX(MPH)
MISC ----> 53 340 72 330
================================================================================
NOTES:
# LAST OF SEVERAL OCCURRENCES
COLUMN 17 PEAK WIND IN M.P.H.
PRELIMINARY LOCAL CLIMATOLOGICAL DATA (WS FORM: F-6) , PAGE 2
STATION: SIDNEY NEBRASKA AIRPORT
MONTH: JANUARY
YEAR: 2021
LATITUDE: 41 5 N
LONGITUDE: 102 59 W
[TEMPERATURE DATA] [PRECIPITATION DATA] SYMBOLS USED IN COLUMN 16
AVERAGE MONTHLY: 29.5 TOTAL FOR MONTH: 0.01 1 = FOG OR MIST
DPTR FM NORMAL: 0.3 DPTR FM NORMAL: -0.19 2 = FOG REDUCING VISIBILITY
HIGHEST: 63 ON 29 GRTST 24HR 0.01 ON 14-14 TO 1/4 MILE OR LESS
LOWEST: 1 ON 27 3 = THUNDER
SNOW, ICE PELLETS, HAIL 4 = ICE PELLETS
TOTAL MONTH: M 5 = HAIL
GRTST 24HR M ON M 6 = FREEZING RAIN OR DRIZZLE
GRTST DEPTH: M ON M 7 = DUSTSTORM OR SANDSTORM:
VSBY 1/2 MILE OR LESS
8 = SMOKE OR HAZE
[NO. OF DAYS WITH] [WEATHER - DAYS WITH] 9 = BLOWING SNOW
X = TORNADO
MAX 32 OR BELOW: 2 0.01 INCH OR MORE: 1
MAX 90 OR ABOVE: 0 0.10 INCH OR MORE: 0
MIN 32 OR BELOW: 31 0.50 INCH OR MORE: 0
MIN 0 OR BELOW: 0 1.00 INCH OR MORE: 0
[HDD (BASE 65) ]
TOTAL THIS MO. 1093 CLEAR (SCALE 0-3) 19
DPTR FM NORMAL -17 PTCLDY (SCALE 4-7) 8
TOTAL FM JUL 1 3661 CLOUDY (SCALE 8-10) 4
DPTR FM NORMAL 1
[CDD (BASE 65) ]
TOTAL THIS MO. 0
DPTR FM NORMAL 0 [PRESSURE DATA]
TOTAL FM JAN 1 0 HIGHEST SLP 30.52 ON 19
DPTR FM NORMAL 0 LOWEST SLP 29.46 ON 30
[REMARKS]
JANUARY 29TH...RECORD HIGH 63 DEGREES (PREVIOUS 62 DEGREES IN 2012).
#FINAL-01-21#