000
CXUS55 KCYS 170133
CF6SNY
PRELIMINARY LOCAL CLIMATOLOGICAL DATA (WS FORM: F-6) ...CORRECTED...
STATION: SIDNEY NEBRASKA AIRPORT
MONTH: JUNE
YEAR: 2020
LATITUDE: 41 5 N
LONGITUDE: 102 59 W
TEMPERATURE IN F: :PCPN: SNOW: WIND :SUNSHINE: SKY :PK WND
================================================================================
1 2 3 4 5 6A 6B 7 8 9 10 11 12 13 14 15 16 17 18
12Z AVG MX 2MIN
DY MAX MIN AVG DEP HDD CDD WTR SNW DPTH SPD SPD DIR MIN PSBL S-S WX SPD DR
================================================================================
1 92 57 75 13 0 10 0.00 M M 5.9 14 270 M M 0 19 270
2 87 57 72 9 0 7 T M M 10.6 20 350 M M 0 27 350
3 90 50 70 7 0 5 T M M 9.3 35 320 M M 0 38 47 320
4 90 50 70 7 0 5 0.01 M M 8.8 26 290 M M 0 3 36 290
5 92 46 69 5 0 4 0.01 M M 10.5 24 130 M M 0 3 32 130
6 94 56 75 11 0 10 0.11 M M 16.6 51 210 M M 0 38 70 210
7 96 52 74 10 0 9 0.00 M M 15.8 37 210 M M 0 49 200
8 M M M M M M 0.03 M M 17.8 38 330 M M 0 67 320
9 65 42 54 -11 11 0 0.18 M M 23.3 40 340 M M 6 13 54 340
10 76 38 57 -9 8 0 0.00 M M 11.0 22 330 M M 1 30 350
11 83 44 64 -2 1 0 0.00 M M 7.5 14 280 M M 0 19 290
12 89 52 71 5 0 6 0.00 M M 11.8 22 150 M M 0 29 170
13 92 50 71 4 0 6 0.00 M M 14.1 30 130 M M 0 40 120
14 95 62 79 12 0 14 0.00 M M 13.6 33 190 M M 0 48 190
15 91 51 71 4 0 6 0.00 M M 12.9 24 170 M M 0 35 160
16 100 60 80 12 0 15 0.00 M M 19.5 37 160 M M 0 50 160
17 95 49 72 4 0 7 0.00 M M 10.9 33 10 M M 0 51 10
18 76 59 68 -1 0 3 T M M 14.7 27 350 M M 5 37 350
19 73 52 63 -6 2 0 0.14 M M 10.3 21 130 M M 4 1 30 170
20 86 46 66 -3 0 1 0.00 M M 8.6 20 230 M M 3 12 26 240
21 84 51 68 -2 0 3 0.10 M M 10.1 33 270 M M 0 3 43 280
22 84 49 67 -3 0 2 0.00 M M 9.4 25 30 M M 1 37 360
23 87 48 68 -2 0 3 0.00 M M 7.5 15 140 M M 2 21 80
24 92 51 72 1 0 7 0.00 M M 7.5 17 130 M M 0 23 140
25 98 58 78 7 0 13 T M M 9.8 33 280 M M 0 44 280
26 85 56 71 -1 0 6 0.19 M M 9.5 40 310 M M 4 3 54 310
27 93 56 75 3 0 10 0.00 M M 7.0 15 170 M M 0 22 150
28 97 57 77 5 0 12 T M M 9.5 23 40 M M 1 3 38 30
29 98 55 77 5 0 12 0.00 M M 8.7 18 90 M M 0 27 90
30 81 50 66 -7 0 1 0.00 M M 18.7 35 320 M M 0 46 310
================================================================================
SM 2561 1504 22 177 0.77 M 351.2 M 27
================================================================================
AV 88.3 51.9 11.7 FASTST M M 1 MAX(MPH)
MISC ----> # 51 210 # 70 210
================================================================================
NOTES:
# LAST OF SEVERAL OCCURRENCES
COLUMN 17 PEAK WIND IN M.P.H.
PRELIMINARY LOCAL CLIMATOLOGICAL DATA (WS FORM: F-6) , PAGE 2
STATION: SIDNEY NEBRASKA AIRPORT
MONTH: JUNE
YEAR: 2020
LATITUDE: 41 5 N
LONGITUDE: 102 59 W
[TEMPERATURE DATA] [PRECIPITATION DATA] SYMBOLS USED IN COLUMN 16
AVERAGE MONTHLY: 70.1 TOTAL FOR MONTH: 0.77 1 = FOG OR MIST
DPTR FM NORMAL: 2.5 DPTR FM NORMAL: -2.41 2 = FOG REDUCING VISIBILITY
HIGHEST: 100 ON 16 GRTST 24HR 0.34 ON 31- 1 TO 1/4 MILE OR LESS
LOWEST: 38 ON 10 3 = THUNDER
SNOW, ICE PELLETS, HAIL 4 = ICE PELLETS
TOTAL MONTH: M 5 = HAIL
GRTST 24HR M ON M 6 = FREEZING RAIN OR DRIZZLE
GRTST DEPTH: M ON M 7 = DUSTSTORM OR SANDSTORM:
VSBY 1/2 MILE OR LESS
8 = SMOKE OR HAZE
[NO. OF DAYS WITH] [WEATHER - DAYS WITH] 9 = BLOWING SNOW
X = TORNADO
MAX 32 OR BELOW: 0 0.01 INCH OR MORE: 8
MAX 90 OR ABOVE: 16 0.10 INCH OR MORE: 5
MIN 32 OR BELOW: 0 0.50 INCH OR MORE: 0
MIN 0 OR BELOW: 0 1.00 INCH OR MORE: 0
[HDD (BASE 65) ]
TOTAL THIS MO. 22 CLEAR (SCALE 0-3) 26
DPTR FM NORMAL -37 PTCLDY (SCALE 4-7) 4
TOTAL FM JUL 1 6740 CLOUDY (SCALE 8-10) 0
DPTR FM NORMAL 519
[CDD (BASE 65) ]
TOTAL THIS MO. 177
DPTR FM NORMAL 40 [PRESSURE DATA]
TOTAL FM JAN 1 188 HIGHEST SLP 30.23 ON 12
DPTR FM NORMAL 29 LOWEST SLP 29.25 ON 7
[REMARKS]
JUNE 8TH...MISSING MAX/MIN TEMPERATURES.
JUNE 16TH...RECORD HIGH 100 DEGREES (PREVIOUS 96 DEGREES IN 1987).
#FINAL-06-20#