000
CXUS55 KCYS 020307
CF6SNY
PRELIMINARY LOCAL CLIMATOLOGICAL DATA (WS FORM: F-6) ...CORRECTED...
STATION: SIDNEY NEBRASKA AIRPORT
MONTH: FEBRUARY
YEAR: 2020
LATITUDE: 41 5 N
LONGITUDE: 102 59 W
TEMPERATURE IN F: :PCPN: SNOW: WIND :SUNSHINE: SKY :PK WND
================================================================================
1 2 3 4 5 6A 6B 7 8 9 10 11 12 13 14 15 16 17 18
12Z AVG MX 2MIN
DY MAX MIN AVG DEP HDD CDD WTR SNW DPTH SPD SPD DIR MIN PSBL S-S WX SPD DR
================================================================================
1 61 31 46 16 19 0 0.00 M M 17.9 31 290 M M 0 44 300
2 76 30 53 23 12 0 0.00 M M 16.6 32 50 M M 1 44 50
3 30 15 23 -7 42 0 T M M 16.9 30 40 M M 10 1 41 40
4 20 -6 7 -23 58 0 T M M 7.6 13 40 M M 9 18 17 50
5 28 -8 10 -20 55 0 0.00 M M 11.7 23 320 M M 5 18 31 320
6 37 14 26 -4 39 0 0.00 M M 16.2 24 330 M M 5 39 320
7 37 17 27 -3 38 0 0.00 M M 11.2 22 340 M M 3 29 340
8 58 22 40 10 25 0 T M M 13.5 29 200 M M 5 1 39 320
9 34 15 25 -6 40 0 0.00 M M 13.0 28 10 M M 9 38 20
10 39 10 25 -6 40 0 0.00 M M 12.9 24 350 M M 5 32 350
11 39 2 21 -10 44 0 0.00 M M 12.7 29 220 M M 0 38 220
12 36 13 25 -6 40 0 T M M 15.1 33 340 M M 8 1 47 340
13 26 10 18 -13 47 0 T M M 8.4 14 200 M M 5 18 18 200
14 60 14 37 5 28 0 0.00 M M 13.8 24 350 M M 0 32 340
15 45 16 31 -1 34 0 0.00 M M 9.8 23 340 M M 2 34 350
16 50 16 33 1 32 0 T M M 10.6 26 290 M M 5 37 280
17 41 21 31 -1 34 0 T M M 12.7 26 330 M M 7 36 300
18 41 7 24 -8 41 0 0.00 M M 5.3 17 310 M M 4 12 25 310
19 19 -4 8 -25 57 0 T M M 11.0 18 60 M M 9 18 23 60
20 37 -6 16 -17 49 0 0.00 M M 11.8 21 240 M M 0 30 240
21 59 5 32 -1 33 0 0.00 M M 11.0 23 320 M M 0 28 320
22 63 16 40 6 25 0 0.00 M M 11.3 29 330 M M 0 39 340
23 50 21 36 2 29 0 0.00 M M 9.8 22 20 M M 4 26 20
24 43 19 31 -3 34 0 T M M 20.9 38 320 M M 4 1 53 320
25 26 2 14 -20 51 0 0.01 M M 19.2 33 330 M M 9 128 44 330
26 37 -10 14 -21 51 0 0.00 M M 11.1 26 310 M M 2 34 320
27 44 21 33 -2 32 0 T M M 16.2 37 330 M M 5 51 330
28 54 21 38 3 27 0 0.00 M M 11.2 21 320 M M 0 29 310
29 63 21 42 7 23 0 0.00 M M 11.9 29 270 M M 0 41 270
================================================================================
SM 1253 345 1079 0 0.01 M 371.3 M 116
================================================================================
AV 43.2 11.9 12.8 FASTST M M 4 MAX(MPH)
MISC ----> # 38 320 # 53 320
================================================================================
NOTES:
# LAST OF SEVERAL OCCURRENCES
COLUMN 17 PEAK WIND IN M.P.H.
PRELIMINARY LOCAL CLIMATOLOGICAL DATA (WS FORM: F-6) , PAGE 2
STATION: SIDNEY NEBRASKA AIRPORT
MONTH: FEBRUARY
YEAR: 2020
LATITUDE: 41 5 N
LONGITUDE: 102 59 W
[TEMPERATURE DATA] [PRECIPITATION DATA] SYMBOLS USED IN COLUMN 16
AVERAGE MONTHLY: 27.6 TOTAL FOR MONTH: 0.01 1 = FOG OR MIST
DPTR FM NORMAL: -4.4 DPTR FM NORMAL: -0.31 2 = FOG REDUCING VISIBILITY
HIGHEST: 76 ON 2 GRTST 24HR 0.01 ON 25-25 TO 1/4 MILE OR LESS
LOWEST: -10 ON 26 3 = THUNDER
SNOW, ICE PELLETS, HAIL 4 = ICE PELLETS
TOTAL MONTH: M 5 = HAIL
GRTST 24HR M ON M 6 = FREEZING RAIN OR DRIZZLE
GRTST DEPTH: M ON M 7 = DUSTSTORM OR SANDSTORM:
VSBY 1/2 MILE OR LESS
8 = SMOKE OR HAZE
[NO. OF DAYS WITH] [WEATHER - DAYS WITH] 9 = BLOWING SNOW
X = TORNADO
MAX 32 OR BELOW: 6 0.01 INCH OR MORE: 1
MAX 90 OR ABOVE: 0 0.10 INCH OR MORE: 0
MIN 32 OR BELOW: 29 0.50 INCH OR MORE: 0
MIN 0 OR BELOW: 5 1.00 INCH OR MORE: 0
[HDD (BASE 65) ]
TOTAL THIS MO. 1079 CLEAR (SCALE 0-3) 12
DPTR FM NORMAL 154 PTCLDY (SCALE 4-7) 12
TOTAL FM JUL 1 4947 CLOUDY (SCALE 8-10) 5
DPTR FM NORMAL 335
[CDD (BASE 65) ]
TOTAL THIS MO. 0
DPTR FM NORMAL 0 [PRESSURE DATA]
TOTAL FM JAN 1 0 HIGHEST SLP 30.81 ON 20
DPTR FM NORMAL 0 LOWEST SLP 29.47 ON 2
[REMARKS]
FEBRUARY 2ND...RECORD HIGH 76 DEGREES (PREVIOUS 67 DEGREES IN 2019)
#FINAL-02-20#