000
CXUS56 KPQR 011201
CF6SPB
PRELIMINARY LOCAL CLIMATOLOGICAL DATA (WS FORM: F-6)
STATION: SCAPPOOSE OR
MONTH: JULY
YEAR: 2023
LATITUDE: 45 46 N
LONGITUDE: 122 50 W
TEMPERATURE IN F: :PCPN: SNOW: WIND :SUNSHINE: SKY :PK WND
================================================================================
1 2 3 4 5 6A 6B 7 8 9 10 11 12 13 14 15 16 17 18
12Z AVG MX 2MIN
DY MAX MIN AVG DEP HDD CDD WTR SNW DPTH SPD SPD DIR MIN PSBL S-S WX SPD DR
================================================================================
1 83 49 66 1 0 1 0.00 M M 6.3 17 350 M M 0 22 360
2 86 56 71 6 0 6 0.00 M M 9.5 18 10 M M 0 23 310
3 89 52 71 6 0 6 0.00 M M 8.3 16 360 M M 0 22 10
4 96 57 77 11 0 12 0.00 M M 6.4 14 360 M M 0 19 10
5 97 57 77 11 0 12 0.00 M M 6.9 15 360 M M 0 20 360
6 88 54 71 5 0 6 0.00 M M 5.8 14 360 M M 0 18 360
7 76 52 64 -2 1 0 0.00 M M 5.6 15 340 M M 4 21 340
8 77 52 65 -2 0 0 0.00 M M 2.9 10 330 M M 5 13 40
9 85 55 70 3 0 5 0.00 M M 5.7 13 350 M M 0 20 300
10 69 57 63 -4 2 0 0.00 M M 3.5 12 130 M M 9 14 150
11 82 58 70 3 0 5 0.00 M M 5.9 14 10 M M 4 19 20
12 83 56 70 3 0 5 0.00 M M 5.5 15 360 M M 2 20 360
13 87 52 70 2 0 5 0.00 M M 5.4 14 360 M M 0 8 20 360
14 93 58 76 8 0 11 0.00 M M 6.6 15 360 M M 0 18 320
15 96 58 77 9 0 12 0.00 M M 7.0 15 330 M M 0 22 310
16 91 54 73 5 0 8 0.00 M M 5.4 18 10 M M 0 25 280
17 79 57 68 0 0 3 0.03 M M 5.2 15 360 M M 7 1 21 20
18 87 57 72 4 0 7 0.00 M M 9.5 18 360 M M 0 26 350
19 96 66 81 12 0 16 0.00 M M 8.7 14 330 M M 0 19 360
20 87 57 72 3 0 7 0.00 M M 5.0 15 320 M M 0 22 310
21 88 55 72 3 0 7 0.00 M M 6.1 14 340 M M 1 19 310
22 88 54 71 2 0 6 0.00 M M 5.0 13 360 M M 0 17 360
23 87 62 75 6 0 10 0.00 M M 7.6 15 330 M M 0 24 300
24 76 52 64 -5 1 0 T M M 4.6 15 210 M M 6 20 190
25 80 61 71 2 0 6 T M M 6.1 14 360 M M 6 22 60
26 83 54 69 0 0 4 0.00 M M 6.9 15 360 M M 0 20 20
27 83 58 71 2 0 6 0.00 M M 6.4 16 360 M M 1 21 360
28 83 58 71 2 0 6 0.00 M M 8.0 15 10 M M 0 21 10
29 82 56 69 0 0 4 0.00 M M 6.4 15 350 M M 1 22 330
30 82 52 67 -2 0 2 0.00 M M 6.0 15 340 M M 2 20 350
31 84 57 71 2 0 6 0.00 M M 7.5 15 350 M M 0 19 360
================================================================================
SM 2643 1733 4 184 0.03 M 195.7 M 48
================================================================================
AV 85.3 55.9 6.3 FASTST M M 2 MAX(MPH)
MISC ----> # 18 10 26 350
================================================================================
NOTES:
# LAST OF SEVERAL OCCURRENCES
COLUMN 17 PEAK WIND IN M.P.H.
PRELIMINARY LOCAL CLIMATOLOGICAL DATA (WS FORM: F-6) , PAGE 2
STATION: SCAPPOOSE OR
MONTH: JULY
YEAR: 2023
LATITUDE: 45 46 N
LONGITUDE: 122 50 W
[TEMPERATURE DATA] [PRECIPITATION DATA] SYMBOLS USED IN COLUMN 16
AVERAGE MONTHLY: 70.6 TOTAL FOR MONTH: 0.03 1 = FOG OR MIST
DPTR FM NORMAL: 2.9 DPTR FM NORMAL: -0.45 2 = FOG REDUCING VISIBILITY
HIGHEST: 97 ON 5 GRTST 24HR 0.03 ON 17-17 TO 1/4 MILE OR LESS
LOWEST: 49 ON 1 3 = THUNDER
SNOW, ICE PELLETS, HAIL 4 = ICE PELLETS
TOTAL MONTH: M 5 = HAIL
GRTST 24HR M ON M 6 = FREEZING RAIN OR DRIZZLE
GRTST DEPTH: M ON M 7 = DUSTSTORM OR SANDSTORM:
VSBY 1/2 MILE OR LESS
8 = SMOKE OR HAZE
[NO. OF DAYS WITH] [WEATHER - DAYS WITH] 9 = BLOWING SNOW
X = TORNADO
MAX 32 OR BELOW: 0 0.01 INCH OR MORE: 1
MAX 90 OR ABOVE: 6 0.10 INCH OR MORE: 0
MIN 32 OR BELOW: 0 0.50 INCH OR MORE: 0
MIN 0 OR BELOW: 0 1.00 INCH OR MORE: 0
[HDD (BASE 65) ]
TOTAL THIS MO. 4 CLEAR (SCALE 0-3) 24
DPTR FM NORMAL -27 PTCLDY (SCALE 4-7) 6
TOTAL FM JUL 1 4 CLOUDY (SCALE 8-10) 1
DPTR FM NORMAL -28
[CDD (BASE 65) ]
TOTAL THIS MO. 184
DPTR FM NORMAL 68 [PRESSURE DATA]
TOTAL FM JAN 1 309 HIGHEST SLP 30.19 ON 25
DPTR FM NORMAL 146 LOWEST SLP 29.80 ON 5
[REMARKS]
#FINAL-07-23#