000
CXUS53 KILX 011000
CF6SPI
PRELIMINARY LOCAL CLIMATOLOGICAL DATA (WS FORM: F-6)
STATION: SPRINGFIELD IL
MONTH: JANUARY
YEAR: 2022
LATITUDE: 39 50 N
LONGITUDE: 89 41 W
TEMPERATURE IN F: :PCPN: SNOW: WIND :SUNSHINE: SKY :PK WND
================================================================================
1 2 3 4 5 6A 6B 7 8 9 10 11 12 13 14 15 16 17 18
12Z AVG MX 2MIN
DY MAX MIN AVG DEP HDD CDD WTR SNW DPTH SPD SPD DIR MIN PSBL S-S WX SPD DR
================================================================================
1 39 22 31 2 34 0 0.46 0.2 0 13.9 26 10 M M 10 16 39 10
2 22 9 16 -13 49 0 0.01 T T 12.5 22 350 M M 10 18 33 350
3 29 7 18 -11 47 0 0.00 0.0 0 7.3 16 190 M M 0 22 180
4 37 24 31 2 34 0 0.00 0.0 0 17.7 30 170 M M 0 40 170
5 36 14 25 -3 40 0 0.00 0.0 0 18.5 31 260 M M 3 41 250
6 15 M M M M M 0.00 0.0 0 12.8 20 320 M M 2 26 310
7 18 0 9 -19 56 0 0.00 0.0 0 8.3 16 160 M M 1 23 160
8 39 M M M M M 0.05 0.0 0 13.9 20 170 M M 7 16 28 180
9 39 M M M M M 0.00 0.0 0 14.4 25 320 M M 2 25 320
10 28 M M M M M 0.00 0.0 0 11.9 18 330 M M 0 24 330
11 43 12 28 0 37 0 0.00 0.0 0 13.9 22 200 M M 0 23 210
12 52 34 43 15 22 0 0.00 0.0 0 9.0 14 250 M M 1 14 250
13 46 27 37 9 28 0 0.00 0.0 0 6.7 13 360 M M 1 1 21 350
14 37 27 32 4 33 0 0.01 T 0 6.5 12 80 M M 7 128 12 80
15 M M M M M M 0.09 1.6 1 16.5 26 30 M M 4 1 32 50
16 27 9 18 -9 47 0 0.01 0.3 1 8.0 17 290 M M 2 1 17 290
17 30 18 24 -3 41 0 0.00 0.0 1 12.1 18 320 M M 5 28 320
18 46 18 32 5 33 0 0.00 0.0 1 14.4 21 180 M M 0 25 170
19 43 9 26 -1 39 0 0.00 0.0 0 18.4 24 330 M M 2 30 330
20 18 5 12 -15 53 0 0.00 0.0 0 11.3 16 330 M M 0 22 330
21 25 3 14 -13 51 0 0.00 0.0 0 4.7 12 190 M M 0 12 190
22 37 M M M M M 0.00 0.0 0 13.9 22 270 M M 0 26 280
23 39 21 30 2 35 0 0.00 0.0 0 12.3 23 330 M M 3 30 320
24 41 18 30 2 35 0 0.00 0.0 0 14.9 22 320 M M 6 28 320
25 21 7 14 -14 51 0 0.00 0.0 0 11.7 16 300 M M 0 21 330
26 23 0 12 -16 53 0 0.00 0.0 0 8.1 16 190 M M 0 16 190
27 39 M M M M M T 0.5 0 14.9 23 270 M M 6 1 24 310
28 34 7 21 -7 44 0 T T 0 12.7 21 340 M M 3 26 350
29 36 7 22 -6 43 0 0.00 0.0 0 9.4 18 210 M M 0 21 160
30 34 23 29 1 36 0 0.00 0.0 0 12.5 21 320 M M 1 26 330
31 41 16 29 1 36 0 0.00 0.0 0 12.0 18 190 M M 0 22 170
================================================================================
SM 1014 337 977 0 0.63 2.6 375.1 M 76
================================================================================
AV 33.8 14.0 12.1 FASTST M M 2 MAX(MPH)
MISC ----> 31 260 41 250
================================================================================
NOTES:
# LAST OF SEVERAL OCCURRENCES
COLUMN 17 PEAK WIND IN M.P.H.
PRELIMINARY LOCAL CLIMATOLOGICAL DATA (WS FORM: F-6) , PAGE 2
STATION: SPRINGFIELD IL
MONTH: JANUARY
YEAR: 2022
LATITUDE: 39 50 N
LONGITUDE: 89 41 W
[TEMPERATURE DATA] [PRECIPITATION DATA] SYMBOLS USED IN COLUMN 16
AVERAGE MONTHLY: 23.9 TOTAL FOR MONTH: 0.63 1 = FOG OR MIST
DPTR FM NORMAL: -4.0 DPTR FM NORMAL: -1.40 2 = FOG REDUCING VISIBILITY
HIGHEST: 52 ON 12 GRTST 24HR 0.55 ON 8- 9 TO 1/4 MILE OR LESS
LOWEST: 0 ON 26, 7 3 = THUNDER
SNOW, ICE PELLETS, HAIL 4 = ICE PELLETS
TOTAL MONTH: 2.6 INCHES 5 = HAIL
GRTST 24HR 1.6 ON 15-15 6 = FREEZING RAIN OR DRIZZLE
GRTST DEPTH: 1 ON 18,17 7 = DUSTSTORM OR SANDSTORM:
VSBY 1/2 MILE OR LESS
8 = SMOKE OR HAZE
[NO. OF DAYS WITH] [WEATHER - DAYS WITH] 9 = BLOWING SNOW
X = TORNADO
MAX 32 OR BELOW: 11 0.01 INCH OR MORE: 6
MAX 90 OR ABOVE: 0 0.10 INCH OR MORE: 1
MIN 32 OR BELOW: 23 0.50 INCH OR MORE: 0
MIN 0 OR BELOW: 2 1.00 INCH OR MORE: 0
[HDD (BASE 65) ]
TOTAL THIS MO. 977 CLEAR (SCALE 0-3) 22
DPTR FM NORMAL -173 PTCLDY (SCALE 4-7) 7
TOTAL FM JUL 1 2594 CLOUDY (SCALE 8-10) 2
DPTR FM NORMAL -574
[CDD (BASE 65) ]
TOTAL THIS MO. 0
DPTR FM NORMAL 0 [PRESSURE DATA]
TOTAL FM JAN 1 0 HIGHEST SLP 30.68 ON 9
DPTR FM NORMAL 0 LOWEST SLP 29.64 ON 4
[REMARKS]
#FINAL-01-22#