000
CXUS54 KOUN 011028
CF6SPS
PRELIMINARY LOCAL CLIMATOLOGICAL DATA (WS FORM: F-6)
STATION: WICHITA FALLS
MONTH: MARCH
YEAR: 2024
LATITUDE: 33 58 N
LONGITUDE: 98 29 W
TEMPERATURE IN F: :PCPN: SNOW: WIND :SUNSHINE: SKY :PK WND
================================================================================
1 2 3 4 5 6A 6B 7 8 9 10 11 12 13 14 15 16 17 18
12Z AVG MX 2MIN
DY MAX MIN AVG DEP HDD CDD WTR SNW DPTH SPD SPD DIR MIN PSBL S-S WX SPD DR
================================================================================
1 72 32 52 2 13 0 0.00 0.0 0 10.8 17 170 M M 3 1 22 170
2 83 45 64 14 1 0 0.00 0.0 0 13.4 28 210 M M 0 35 200
3 85 53 69 18 0 4 0.00 0.0 0 16.7 25 200 M M 0 33 190
4 81 51 66 15 0 1 0.00 0.0 0 12.7 23 220 M M 3 32 210
5 72 44 58 7 7 0 0.00 0.0 0 12.3 21 20 M M 1 29 360
6 75 40 58 6 7 0 0.00 0.0 0 6.3 14 160 M M 2 17 160
7 73 54 64 12 1 0 0.28 0.0 0 15.4 35 170 M M 7 13 45 180
8 57 39 48 -4 17 0 0.04 0.0 0 16.5 31 360 M M 9 1 40 350
9 58 37 48 -5 17 0 0.00 0.0 0 11.7 24 360 M M 3 29 360
10 66 35 51 -2 14 0 0.00 0.0 0 7.4 16 190 M M 0 20 200
11 73 39 56 3 9 0 0.00 0.0 0 12.7 24 180 M M 1 34 180
12 81 52 67 13 0 2 0.00 0.0 0 16.0 24 230 M M 2 33 200
13 86 59 73 19 0 8 0.00 0.0 0 16.3 26 210 M M 1 35 220
14 83 58 71 17 0 6 0.00 0.0 0 11.3 29 10 M M 4 1 37 10
15 63 47 55 1 10 0 0.00 0.0 0 15.1 32 20 M M 4 40 20
16 56 43 50 -5 15 0 0.45 0.0 0 7.2 21 60 M M 8 1 25 60
17 67 48 58 3 7 0 0.01 0.0 0 11.9 24 50 M M 7 1 32 50
18 59 36 48 -8 17 0 0.00 0.0 0 7.2 18 50 M M 1 26 40
19 71 32 52 -4 13 0 0.00 0.0 0 10.2 18 180 M M 0 30 200
20 76 48 62 6 3 0 0.00 0.0 0 10.4 17 160 M M 2 24 150
21 69 53 61 5 4 0 0.48 0.0 0 9.7 20 150 M M 8 13 25 120
22 74 48 61 4 4 0 0.00 0.0 0 11.8 23 10 M M 7 29 360
23 61 38 50 -7 15 0 0.00 0.0 0 9.7 18 140 M M 0 24 140
24 70 56 63 6 2 0 1.52 0.0 0 18.4 38 180 M M 6 1358 54 180
25 63 37 50 -8 15 0 0.00 0.0 0 16.3 30 300 M M 2 39 300
26 56 33 45 -13 20 0 0.00 0.0 0 8.8 17 340 M M 0 25 320
27 61 34 48 -10 17 0 0.00 0.0 0 10.3 21 50 M M 4 27 70
28 73 35 54 -4 11 0 0.00 0.0 0 9.0 21 170 M M 0 27 180
29 78 56 67 8 0 2 0.00 0.0 0 18.7 30 190 M M 4 39 190
30 81 54 68 9 0 3 0.00 0.0 0 12.8 22 190 M M 0 29 180
31 74 61 68 9 0 3 0.00 0.0 0 11.8 20 190 M M 2 27 190
================================================================================
SM 2197 1397 239 29 2.78 0.0 378.8 M 91
================================================================================
AV 70.9 45.1 12.2 FASTST M M 3 MAX(MPH)
MISC ----> 38 180 54 180
================================================================================
NOTES:
# LAST OF SEVERAL OCCURRENCES
COLUMN 17 PEAK WIND IN M.P.H.
PRELIMINARY LOCAL CLIMATOLOGICAL DATA (WS FORM: F-6) , PAGE 2
STATION: WICHITA FALLS
MONTH: MARCH
YEAR: 2024
LATITUDE: 33 58 N
LONGITUDE: 98 29 W
[TEMPERATURE DATA] [PRECIPITATION DATA] SYMBOLS USED IN COLUMN 16
AVERAGE MONTHLY: 58.0 TOTAL FOR MONTH: 2.78 1 = FOG OR MIST
DPTR FM NORMAL: 3.3 DPTR FM NORMAL: 0.76 2 = FOG REDUCING VISIBILITY
HIGHEST: 86 ON 13 GRTST 24HR 1.52 ON 24-24 TO 1/4 MILE OR LESS
LOWEST: 32 ON 19, 1 3 = THUNDER
SNOW, ICE PELLETS, HAIL 4 = ICE PELLETS
TOTAL MONTH: T 5 = HAIL
GRTST 24HR 0.0 6 = FREEZING RAIN OR DRIZZLE
GRTST DEPTH: 0 7 = DUSTSTORM OR SANDSTORM:
VSBY 1/2 MILE OR LESS
8 = SMOKE OR HAZE
[NO. OF DAYS WITH] [WEATHER - DAYS WITH] 9 = BLOWING SNOW
X = TORNADO
MAX 32 OR BELOW: 0 0.01 INCH OR MORE: 6
MAX 90 OR ABOVE: 0 0.10 INCH OR MORE: 4
MIN 32 OR BELOW: 2 0.50 INCH OR MORE: 1
MIN 0 OR BELOW: 0 1.00 INCH OR MORE: 1
[HDD (BASE 65) ]
TOTAL THIS MO. 239 CLEAR (SCALE 0-3) 18
DPTR FM NORMAL -100 PTCLDY (SCALE 4-7) 11
TOTAL FM JUL 1 2361 CLOUDY (SCALE 8-10) 2
DPTR FM NORMAL -374
[CDD (BASE 65) ]
TOTAL THIS MO. 29
DPTR FM NORMAL 8 [PRESSURE DATA]
TOTAL FM JAN 1 37 HIGHEST SLP 30.40 ON 18
DPTR FM NORMAL 12 LOWEST SLP 29.32 ON 24
[REMARKS]
#FINAL-03-24#