000
CXUS54 KOUN 190810
CF6SPS
PRELIMINARY LOCAL CLIMATOLOGICAL DATA (WS FORM: F-6)
STATION: WICHITA FALLS
MONTH: APRIL
YEAR: 2024
LATITUDE: 33 58 N
LONGITUDE: 98 29 W
TEMPERATURE IN F: :PCPN: SNOW: WIND :SUNSHINE: SKY :PK WND
================================================================================
1 2 3 4 5 6A 6B 7 8 9 10 11 12 13 14 15 16 17 18
12Z AVG MX 2MIN
DY MAX MIN AVG DEP HDD CDD WTR SNW DPTH SPD SPD DIR MIN PSBL S-S WX SPD DR
================================================================================
1 75 53 64 5 1 0 0.26 0.0 0 11.7 32 300 M M 6 135 43 300
2 64 44 54 -6 11 0 0.00 0.0 0 16.6 26 350 M M 4 35 360
3 71 41 56 -4 9 0 0.00 0.0 0 10.5 21 310 M M 0 29 350
4 81 43 62 2 3 0 0.00 0.0 0 5.7 12 110 M M 0 15 240
5 87 46 67 7 0 2 0.00 0.0 0 10.3 25 170 M M 1 35 150
6 83 54 69 9 0 4 0.02 0.0 0 15.6 32 180 M M 3 3 42 190
7 77 48 63 2 2 0 0.00 0.0 0 14.0 22 260 M M 0 30 230
8 80 47 64 3 1 0 T M M 11.2 29 70 M M 3 3 39 70
9 69 52 61 0 4 0 0.36 0.0 0 15.3 29 30 M M 7 13 36 60
10 67 51 59 -3 6 0 1.19 0.0 0 10.9 26 20 M M 6 13 33 10
11 71 47 59 -3 6 0 0.00 0.0 0 11.6 25 10 M M 0 32 360
12 80 46 63 1 2 0 0.00 0.0 0 12.1 26 190 M M 1 32 190
13 83 53 68 6 0 3 0.00 0.0 0 16.9 29 210 M M 0 37 200
14 87 61 74 12 0 9 0.00 0.0 0 14.6 22 170 M M 0 30 180
15 78 66 72 9 0 7 0.01 0.0 0 16.7 37 150 M M 5 13 49 150
16 82 60 71 8 0 6 0.00 0.0 0 11.5 23 250 M M 4 29 260
17 87 57 72 9 0 7 0.00 0.0 0 12.2 24 160 M M 3 12 33 150
18 77 57 67 4 0 2 0.00 0.0 0 17.1 28 10 M M 4 1 36 300
================================================================================
SM 1399 926 45 40 1.84 0.0 234.5 M 47
================================================================================
AV 77.7 51.4 13.0 FASTST M M 3 MAX(MPH)
MISC ----> 37 150 49 150
================================================================================
NOTES:
# LAST OF SEVERAL OCCURRENCES
COLUMN 17 PEAK WIND IN M.P.H.
PRELIMINARY LOCAL CLIMATOLOGICAL DATA (WS FORM: F-6) , PAGE 2
STATION: WICHITA FALLS
MONTH: APRIL
YEAR: 2024
LATITUDE: 33 58 N
LONGITUDE: 98 29 W
[TEMPERATURE DATA] [PRECIPITATION DATA] SYMBOLS USED IN COLUMN 16
AVERAGE MONTHLY: 64.6 TOTAL FOR MONTH: 1.84 1 = FOG OR MIST
DPTR FM NORMAL: 3.2 DPTR FM NORMAL: 0.52 2 = FOG REDUCING VISIBILITY
HIGHEST: 87 ON 17,14 GRTST 24HR 1.21 ON 9-10 TO 1/4 MILE OR LESS
LOWEST: 41 ON 3 3 = THUNDER
SNOW, ICE PELLETS, HAIL 4 = ICE PELLETS
TOTAL MONTH: 0.0 INCH 5 = HAIL
GRTST 24HR 0.0 6 = FREEZING RAIN OR DRIZZLE
GRTST DEPTH: 0 7 = DUSTSTORM OR SANDSTORM:
VSBY 1/2 MILE OR LESS
8 = SMOKE OR HAZE
[NO. OF DAYS WITH] [WEATHER - DAYS WITH] 9 = BLOWING SNOW
X = TORNADO
MAX 32 OR BELOW: 0 0.01 INCH OR MORE: 5
MAX 90 OR ABOVE: 0 0.10 INCH OR MORE: 3
MIN 32 OR BELOW: 0 0.50 INCH OR MORE: 1
MIN 0 OR BELOW: 0 1.00 INCH OR MORE: 1
[HDD (BASE 65) ]
TOTAL THIS MO. 45 CLEAR (SCALE 0-3) 10
DPTR FM NORMAL -55 PTCLDY (SCALE 4-7) 8
TOTAL FM JUL 1 2406 CLOUDY (SCALE 8-10) 0
DPTR FM NORMAL -429
[CDD (BASE 65) ]
TOTAL THIS MO. 40
DPTR FM NORMAL 5 [PRESSURE DATA]
TOTAL FM JAN 1 77 HIGHEST SLP M ON M
DPTR FM NORMAL 17 LOWEST SLP 29.49 ON 1
[REMARKS]