000
CXUS54 KLZK 011230
CF6SRC
PRELIMINARY LOCAL CLIMATOLOGICAL DATA (WS FORM: F-6)
STATION: SEARCY AIRPORT
MONTH: APRIL
YEAR: 2023
LATITUDE: 35 12 N
LONGITUDE: 91 44 W
TEMPERATURE IN F: :PCPN: SNOW: WIND :SUNSHINE: SKY :PK WND
================================================================================
1 2 3 4 5 6A 6B 7 8 9 10 11 12 13 14 15 16 17 18
12Z AVG MX 2MIN
DY MAX MIN AVG DEP HDD CDD WTR SNW DPTH SPD SPD DIR MIN PSBL S-S WX SPD DR
================================================================================
1 71 45 58 2 7 0 0.00 M M 6.5 17 300 M M 1 30 300
2 77 39 58 2 7 0 T M M 7.9 20 200 M M 1 3 28 200
3 77 58 68 11 0 3 T M M 8.2 17 190 M M 8 1 24 190
4 83 66 75 18 0 10 0.01 M M 13.8 32 150 M M 6 1 39 160
5 76 55 66 9 0 1 0.41 M M 9.7 17 170 M M 8 13 35 270
6 58 51 55 -3 10 0 0.00 M M 12.6 17 40 M M 7 25 30
7 62 47 55 -3 10 0 0.00 M M 12.8 20 60 M M 3 28 50
8 69 48 59 1 6 0 T M M 9.2 12 70 M M 4 17 40
9 65 51 58 0 7 0 T M M 5.5 12 60 M M 8 1 M M
10 75 51 63 4 2 0 0.00 M M 2.6 7 100 M M 6 M M
11 77 45 61 2 4 0 0.00 M M 2.0 8 110 M M 0 M M
12 79 42 61 2 4 0 0.00 M M 2.3 10 180 M M 0 M M
13 79 51 65 5 0 0 T M M 5.5 15 50 M M 4 21 50
14 81 50 66 6 0 1 0.00 M M 3.9 12 170 M M 0 M M
15 83 56 70 10 0 5 0.49 M M 7.9 17 180 M M 8 13 33 270
16 68 45 57 -3 8 0 0.00 M M 7.8 15 290 M M 2 23 270
17 76 42 59 -2 6 0 0.00 M M 3.9 10 220 M M 0 17 290
18 81 44 63 2 2 0 0.00 M M 7.3 17 180 M M 0 24 180
19 84 53 69 8 0 4 0.00 M M 9.4 17 190 M M 0 25 180
20 80 60 70 8 0 5 0.58 M M 10.3 21 190 M M 6 3 24 210
21 70 48 59 -3 6 0 0.67 M M 8.1 21 360 M M 4 1 35 360
22 70 42 56 -6 9 0 T M M 4.9 10 340 M M 2 M M
23 61 41 51 -12 14 0 0.05 M M 5.4 12 30 M M 4 1 M M
24 65 37 51 -12 14 0 0.00 M M 5.6 13 90 M M 0 1 17 60
25 67 49 58 -5 7 0 0.07 M M 4.1 8 110 M M 8 M M
26 64 52 58 -6 7 0 0.01 M M 4.9 13 40 M M 10 M M
27 64 55 60 -4 5 0 0.25 M M 6.9 10 20 M M 10 13 M M
28 68 52 60 -4 5 0 0.01 M M 1.2 6 140 M M 10 12 M M
29 69 54 62 -2 3 0 0.88 M M 3.8 17 360 M M 8 1 28 99
30 71 44 58 -7 7 0 0.00 M M 7.0 18 320 M M 1 27 320
================================================================================
SM 2170 1473 150 29 3.43 M 200.8 M 129
================================================================================
AV 72.3 49.1 6.7 FASTST M M 4 MAX(MPH)
MISC ----> 32 150 39 160
================================================================================
NOTES:
# LAST OF SEVERAL OCCURRENCES
COLUMN 17 PEAK WIND IN M.P.H.
PRELIMINARY LOCAL CLIMATOLOGICAL DATA (WS FORM: F-6) , PAGE 2
STATION: SEARCY AIRPORT
MONTH: APRIL
YEAR: 2023
LATITUDE: 35 12 N
LONGITUDE: 91 44 W
[TEMPERATURE DATA] [PRECIPITATION DATA] SYMBOLS USED IN COLUMN 16
AVERAGE MONTHLY: 60.7 TOTAL FOR MONTH: 3.43 1 = FOG OR MIST
DPTR FM NORMAL: 0.3 DPTR FM NORMAL: -1.53 2 = FOG REDUCING VISIBILITY
HIGHEST: 84 ON 19 GRTST 24HR 1.37 ON 20-21 TO 1/4 MILE OR LESS
LOWEST: 37 ON 24 3 = THUNDER
SNOW, ICE PELLETS, HAIL 4 = ICE PELLETS
TOTAL MONTH: M 5 = HAIL
GRTST 24HR M ON M 6 = FREEZING RAIN OR DRIZZLE
GRTST DEPTH: M ON M 7 = DUSTSTORM OR SANDSTORM:
VSBY 1/2 MILE OR LESS
8 = SMOKE OR HAZE
[NO. OF DAYS WITH] [WEATHER - DAYS WITH] 9 = BLOWING SNOW
X = TORNADO
MAX 32 OR BELOW: 0 0.01 INCH OR MORE: 11
MAX 90 OR ABOVE: 0 0.10 INCH OR MORE: 6
MIN 32 OR BELOW: 0 0.50 INCH OR MORE: 3
MIN 0 OR BELOW: 0 1.00 INCH OR MORE: 0
[HDD (BASE 65) ]
TOTAL THIS MO. 150 CLEAR (SCALE 0-3) 13
DPTR FM NORMAL -32 PTCLDY (SCALE 4-7) 13
TOTAL FM JUL 1 2883 CLOUDY (SCALE 8-10) 4
DPTR FM NORMAL -616
[CDD (BASE 65) ]
TOTAL THIS MO. 29
DPTR FM NORMAL -14 [PRESSURE DATA]
TOTAL FM JAN 1 40 HIGHEST SLP 30.40 ON 7
DPTR FM NORMAL -12 LOWEST SLP 29.69 ON 27
[REMARKS]
#FINAL-04-23#