000
CXUS54 KLZK 011330
CF6SRC
PRELIMINARY LOCAL CLIMATOLOGICAL DATA (WS FORM: F-6)
STATION: SEARCY AIRPORT
MONTH: NOVEMBER
YEAR: 2023
LATITUDE: 35 12 N
LONGITUDE: 91 44 W
TEMPERATURE IN F: :PCPN: SNOW: WIND :SUNSHINE: SKY :PK WND
================================================================================
1 2 3 4 5 6A 6B 7 8 9 10 11 12 13 14 15 16 17 18
12Z AVG MX 2MIN
DY MAX MIN AVG DEP HDD CDD WTR SNW DPTH SPD SPD DIR MIN PSBL S-S WX SPD DR
================================================================================
1 52 26 39 -17 26 0 0.00 M M 3.1 9 50 M M 0 M M
2 61 26 44 -12 21 0 0.00 M M 2.9 9 160 M M 0 M M
3 68 28 48 -7 17 0 0.00 M M 4.0 15 190 M M 0 M M
4 76 38 57 2 8 0 0.00 M M 2.1 9 200 M M 0 1 M M
5 77 46 62 8 3 0 0.00 M M 2.0 12 160 M M 1 1 M M
6 81 47 64 10 1 0 0.00 M M 5.3 18 190 M M 0 1 22 200
7 80 56 68 14 0 3 0.00 M M 5.5 13 200 M M 3 1 18 200
8 77 55 66 13 0 1 0.00 M M 7.1 14 200 M M 6 12 23 200
9 69 46 58 5 7 0 0.90 M M 8.8 14 20 M M 8 1 20 30
10 65 44 55 2 10 0 0.03 M M 8.0 15 30 M M 3 21 30
11 63 45 54 2 11 0 0.00 M M 8.0 13 70 M M 1 M M
12 68 41 55 3 10 0 0.00 M M 3.5 7 40 M M 0 M M
13 70 40 55 4 10 0 0.00 M M 2.8 9 60 M M 0 8 M M
14 52 45 49 -2 16 0 0.00 M M 5.6 6 10 M M 0 M M
15 M M M M M M 0.00 M M M M M M M M M M
16 M M M M M M 0.00 M M M M M M M M M M
17 M M M M M M 0.00 M M M M M M M M M M
18 M M M M M M 0.00 M M M M M M M M M M
19 M M M M M M 0.00 M M M M M M M M M M
20 M M M M M M 0.00 M M M M M M M M M M
21 M M M M M M 0.00 M M M M M M M M M M
22 M M M M M M 0.00 M M M M M M M M M M
23 M M M M M M 0.00 M M M M M M M M M M
24 M M M M M M 0.00 M M M M M M M M M M
25 M M M M M M 0.00 M M M M M M M M M M
26 M M M M M M 0.00 M M M M M M M M M M
27 52 23 38 -8 27 0 0.00 M M 4.4 8 320 M M 0 16 320
28 54 25 40 -5 25 0 0.00 M M 3.1 8 30 M M 0 M M
29 65 26 46 1 19 0 0.00 M M 4.1 10 230 M M 0 1 M M
30 51 36 44 0 21 0 1.69 M M 4.6 12 170 M M 7 1 M M
================================================================================
SM 1181 693 232 4 2.62 M 84.9 M 29
================================================================================
AV 65.6 38.5 4.7 FASTST M M 2 MAX(MPH)
MISC ----> 18 190 23 200
================================================================================
NOTES:
# LAST OF SEVERAL OCCURRENCES
COLUMN 17 PEAK WIND IN M.P.H.
PRELIMINARY LOCAL CLIMATOLOGICAL DATA (WS FORM: F-6) , PAGE 2
STATION: SEARCY AIRPORT
MONTH: NOVEMBER
YEAR: 2023
LATITUDE: 35 12 N
LONGITUDE: 91 44 W
[TEMPERATURE DATA] [PRECIPITATION DATA] SYMBOLS USED IN COLUMN 16
AVERAGE MONTHLY: 52.1 TOTAL FOR MONTH: 2.62 1 = FOG OR MIST
DPTR FM NORMAL: 1.8 DPTR FM NORMAL: -2.53 2 = FOG REDUCING VISIBILITY
HIGHEST: 81 ON 6 GRTST 24HR 1.69 ON 30-30 TO 1/4 MILE OR LESS
LOWEST: 23 ON 27 3 = THUNDER
SNOW, ICE PELLETS, HAIL 4 = ICE PELLETS
TOTAL MONTH: M 5 = HAIL
GRTST 24HR M ON M 6 = FREEZING RAIN OR DRIZZLE
GRTST DEPTH: M ON M 7 = DUSTSTORM OR SANDSTORM:
VSBY 1/2 MILE OR LESS
8 = SMOKE OR HAZE
[NO. OF DAYS WITH] [WEATHER - DAYS WITH] 9 = BLOWING SNOW
X = TORNADO
MAX 32 OR BELOW: 0 0.01 INCH OR MORE: 3
MAX 90 OR ABOVE: 0 0.10 INCH OR MORE: 2
MIN 32 OR BELOW: 6 0.50 INCH OR MORE: 2
MIN 0 OR BELOW: 0 1.00 INCH OR MORE: 1
[HDD (BASE 65) ]
TOTAL THIS MO. 232 CLEAR (SCALE 0-3) 15
DPTR FM NORMAL -214 PTCLDY (SCALE 4-7) 3
TOTAL FM JUL 1 349 CLOUDY (SCALE 8-10) 12
DPTR FM NORMAL -294
[CDD (BASE 65) ]
TOTAL THIS MO. 4
DPTR FM NORMAL -1 [PRESSURE DATA]
TOTAL FM JAN 1 2035 HIGHEST SLP 30.56 ON 1
DPTR FM NORMAL 128 LOWEST SLP 29.73 ON 20
[REMARKS]
#FINAL-11-23#