000
CXUS54 KLZK 011230
CF6SRC
PRELIMINARY LOCAL CLIMATOLOGICAL DATA (WS FORM: F-6)
STATION: SEARCY AIRPORT
MONTH: SEPTEMBER
YEAR: 2023
LATITUDE: 35 12 N
LONGITUDE: 91 44 W
TEMPERATURE IN F: :PCPN: SNOW: WIND :SUNSHINE: SKY :PK WND
================================================================================
1 2 3 4 5 6A 6B 7 8 9 10 11 12 13 14 15 16 17 18
12Z AVG MX 2MIN
DY MAX MIN AVG DEP HDD CDD WTR SNW DPTH SPD SPD DIR MIN PSBL S-S WX SPD DR
================================================================================
1 88 57 73 -5 0 8 0.00 M M 4.3 9 100 M M 0 M M
2 93 64 79 1 0 14 T M M 4.1 7 120 M M 3 M M
3 94 72 83 5 0 18 0.00 M M 4.2 8 150 M M 5 1 M M
4 97 70 84 7 0 19 0.32 M M 7.1 35 190 M M 3 138 44 190
5 92 71 82 5 0 17 0.00 M M 6.6 15 170 M M 5 1 M M
6 100 69 85 9 0 20 0.00 M M 5.8 12 180 M M 2 18 360
7 90 65 78 2 0 13 0.00 M M 4.3 9 60 M M 1 M M
8 86 63 75 -1 0 10 0.02 M M 4.7 13 100 M M 1 18 M M
9 86 62 74 -1 0 9 0.00 M M 7.4 14 40 M M 1 21 20
10 88 60 74 -1 0 9 0.00 M M 6.2 13 60 M M 0 21 30
11 90 60 75 0 0 10 0.00 M M 3.1 10 310 M M 0 M M
12 75 66 71 -3 0 6 0.12 M M 5.9 12 10 M M 7 1 M M
13 85 64 75 1 0 10 0.00 M M 8.0 14 70 M M 3 18 50
14 84 60 72 -2 0 7 0.00 M M 6.7 15 110 M M 1 22 110
15 85 58 72 -1 0 7 0.00 M M 5.7 15 70 M M 0 18 50
16 89 57 73 0 0 8 0.00 M M 4.3 9 10 M M 1 16 99
17 89 57 73 1 0 8 0.00 M M 5.6 13 10 M M 2 18 330
18 88 51 70 -2 0 5 0.00 M M 2.2 8 70 M M 0 18 M M
19 90 53 72 1 0 7 T M M 3.6 8 170 M M 0 M M
20 84 65 75 4 0 10 T M M 4.0 7 100 M M 4 M M
21 93 64 79 9 0 14 0.00 M M 4.9 12 190 M M 1 M M
22 87 64 76 6 0 11 0.37 M M 3.1 8 160 M M 4 13 M M
23 92 64 78 8 0 13 0.00 M M 2.7 8 200 M M 1 1 M M
24 86 68 77 8 0 12 0.49 M M 3.4 10 150 M M 5 1 M M
25 90 66 78 9 0 13 0.00 M M 3.0 8 70 M M 3 1 M M
26 93 65 79 11 0 14 0.00 M M 1.5 7 110 M M 0 8 M M
27 94 61 78 10 0 13 0.00 M M 1.5 9 150 M M 0 M M
28 93 64 79 11 0 14 0.00 M M 2.3 9 160 M M 0 M M
29 94 63 79 12 0 14 0.00 M M 2.4 8 190 M M 0 1 M M
30 95 61 78 11 0 13 0.00 M M 2.0 7 120 M M 1 1 M M
================================================================================
SM 2690 1884 0 346 1.32 M 130.6 M 54
================================================================================
AV 89.7 62.8 4.4 FASTST M M 2 MAX(MPH)
MISC ----> 35 190 44 190
================================================================================
NOTES:
# LAST OF SEVERAL OCCURRENCES
COLUMN 17 PEAK WIND IN M.P.H.
PRELIMINARY LOCAL CLIMATOLOGICAL DATA (WS FORM: F-6) , PAGE 2
STATION: SEARCY AIRPORT
MONTH: SEPTEMBER
YEAR: 2023
LATITUDE: 35 12 N
LONGITUDE: 91 44 W
[TEMPERATURE DATA] [PRECIPITATION DATA] SYMBOLS USED IN COLUMN 16
AVERAGE MONTHLY: 76.2 TOTAL FOR MONTH: 1.32 1 = FOG OR MIST
DPTR FM NORMAL: 3.5 DPTR FM NORMAL: -2.03 2 = FOG REDUCING VISIBILITY
HIGHEST: 100 ON 6 GRTST 24HR 0.49 ON 24-24 TO 1/4 MILE OR LESS
LOWEST: 51 ON 18 3 = THUNDER
SNOW, ICE PELLETS, HAIL 4 = ICE PELLETS
TOTAL MONTH: M 5 = HAIL
GRTST 24HR M ON M 6 = FREEZING RAIN OR DRIZZLE
GRTST DEPTH: M ON M 7 = DUSTSTORM OR SANDSTORM:
VSBY 1/2 MILE OR LESS
8 = SMOKE OR HAZE
[NO. OF DAYS WITH] [WEATHER - DAYS WITH] 9 = BLOWING SNOW
X = TORNADO
MAX 32 OR BELOW: 0 0.01 INCH OR MORE: 5
MAX 90 OR ABOVE: 16 0.10 INCH OR MORE: 4
MIN 32 OR BELOW: 0 0.50 INCH OR MORE: 0
MIN 0 OR BELOW: 0 1.00 INCH OR MORE: 0
[HDD (BASE 65) ]
TOTAL THIS MO. 0 CLEAR (SCALE 0-3) 22
DPTR FM NORMAL -21 PTCLDY (SCALE 4-7) 8
TOTAL FM JUL 1 0 CLOUDY (SCALE 8-10) 0
DPTR FM NORMAL -20
[CDD (BASE 65) ]
TOTAL THIS MO. 346
DPTR FM NORMAL 94 [PRESSURE DATA]
TOTAL FM JAN 1 1924 HIGHEST SLP 30.15 ON 10
DPTR FM NORMAL 73 LOWEST SLP 29.82 ON 4
[REMARKS]
#FINAL-09-23#