000
CXUS52 KTBW 021315
CLMSRQ
CLIMATE REPORT
NATIONAL WEATHER SERVICE TAMPA BAY FL
915 AM EDT SUN APR 02 2023
...................................
...THE SARASOTA BRADENTON CLIMATE SUMMARY FOR THE MONTH OF MARCH 2023...
CLIMATE NORMAL PERIOD: 1991 TO 2020
CLIMATE RECORD PERIOD: 1911 TO 2023
WEATHER OBSERVED NORMAL DEPART LAST YEAR`S
VALUE DATE(S) VALUE FROM VALUE DATE(S)
NORMAL
................................................................
TEMPERATURE (F)
ALL-TIME MARCH RECORD
HIGH 91 03/19/1921
LOW 30 03/03/1980
03/04/1943
03/02/1941
MARCH 2023
HIGHEST 88 03/08 MM MM 90 03/06
03/30
03/31
LOWEST 46 03/21 MM MM 41 03/13
AVG. MAXIMUM 80.5 78.2 2.3 81.8
AVG. MINIMUM 62.7 58.1 4.6 61.7
MEAN 71.6 68.1 3.5 71.7
DAYS MAX >= 90 0 0.0 0.0 1
DAYS MAX <= 32 0 0.0 0.0 0
DAYS MIN <= 32 0 0.0 0.0 0
DAYS MIN <= 0 0 0.0 0.0 0
PRECIPITATION (INCHES)
ALL-TIME MARCH RECORD
MAXIMUM 11.10 1987
MINIMUM T 1939
MARCH 2023
TOTALS 0.18 2.85 -2.67 2.51
DAILY AVG. 0.01 0.09 -0.08 0.08
DAYS >= .01 4 6.4 -2.4 6
DAYS >= .10 0 3.6 -3.6 5
DAYS >= .50 0 1.5 -1.5 3
DAYS >= 1.00 0 0.7 -0.7 0
GREATEST
24 HR. TOTAL 0.09 03/10 TO 03/10
DEGREE DAYS
HEATING TOTAL 20 40 -20 11
SINCE 7/1 242 391 -149 MM
COOLING TOTAL 234 138 96 226
SINCE 1/1 463 274 189 MM
................................................................
WIND (MPH)
AVERAGE WIND SPEED 9.3
HIGHEST WIND SPEED/DIRECTION 33/170 DATE 03/03
HIGHEST GUST SPEED/DIRECTION 47/160 DATE 03/03
SKY COVER (DOES NOT INCLUDE ANY CLOUDS ABOVE 12000 FEET)
POSSIBLE SUNSHINE (PERCENT) MM
AVERAGE SKY COVER 0.19
NUMBER OF DAYS FAIR 28
NUMBER OF DAYS PC 2
NUMBER OF DAYS CLOUDY 1
AVERAGE RH (PERCENT) 70
WEATHER CONDITIONS. NUMBER OF DAYS WITH
THUNDERSTORM 1 MIXED PRECIP 0
HEAVY RAIN 0 RAIN 2
LIGHT RAIN 6 FREEZING RAIN 0
LT FREEZING RAIN 0 HAIL 0
HEAVY SNOW 0 SNOW 0
LIGHT SNOW 0 SLEET 0
FOG 6 FOG W/VIS <= 1/4 MILE 1
HAZE 7
- INDICATES NEGATIVE NUMBERS.
R INDICATES RECORD WAS SET OR TIED.
MM INDICATES DATA IS MISSING.
T INDICATES TRACE AMOUNT.
$$