000
CXUS53 KLSX 011400
CF6SUS
PRELIMINARY LOCAL CLIMATOLOGICAL DATA (WS FORM: F-6)
STATION: SPIRIT OF ST LOUIS MO
MONTH: OCTOBER
YEAR: 2021
LATITUDE: 38 39 N
LONGITUDE: 90 38 W
TEMPERATURE IN F: :PCPN: SNOW: WIND :SUNSHINE: SKY :PK WND
================================================================================
1 2 3 4 5 6A 6B 7 8 9 10 11 12 13 14 15 16 17 18
12Z AVG MX 2MIN
DY MAX MIN AVG DEP HDD CDD WTR SNW DPTH SPD SPD DIR MIN PSBL S-S WX SPD DR
================================================================================
1 81 60 71 8 0 6 T 0.0 0 4.0 14 130 M M 5 128 20 150
2 80 68 74 11 0 9 0.09 0.0 0 3.7 12 230 M M 6 18 17 230
3 76 63 70 8 0 5 0.01 0.0 0 6.9 16 270 M M 7 1 25 280
4 78 56 67 5 0 2 0.00 0.0 0 4.3 14 310 M M 3 1 18 310
5 76 56 66 4 0 1 0.01 0.0 0 3.6 14 20 M M 6 1 18 10
6 79 58 69 8 0 4 0.04 0.0 0 4.7 13 80 M M 7 18 19 90
7 75 56 66 5 0 1 0.00 0.0 0 1.8 13 210 M M 5 12 18 220
8 84 54 69 9 0 4 0.00 0.0 0 1.9 8 260 M M 4 12 12 270
9 86 61 74 14 0 9 0.00 0.0 0 5.1 14 210 M M 0 18 20 220
10 88 64 76 16 0 11 0.00 0.0 0 7.2 17 220 M M 0 28 200
11 77 60 69 10 0 4 1.11 0.0 0 12.7 28 240 M M 7 13 42 230
12 78 53 66 7 0 1 0.00 0.0 0 3.4 13 240 M M 1 19 250
13 82 54 68 10 0 3 0.05 0.0 0 5.8 15 220 M M 3 3 24 200
14 76 62 69 11 0 4 1.05 0.0 0 3.7 10 280 M M 10 1 16 230
15 65 47 56 -2 9 0 0.15 0.0 0 6.7 24 320 M M 8 1 34 320
16 65 42 54 -3 11 0 0.00 0.0 0 6.7 20 280 M M 0 28 290
17 71 39 55 -2 10 0 0.00 0.0 0 3.5 13 240 M M 0 18 250
18 76 40 58 1 7 0 0.00 0.0 0 3.9 12 200 M M 0 1 18 190
19 73 41 57 1 8 0 0.00 0.0 0 3.5 14 200 M M 0 18 20 200
20 80 46 63 7 2 0 T 0.0 0 6.0 15 210 M M 3 1 23 220
21 65 45 55 0 10 0 0.00 0.0 0 8.5 21 290 M M 7 27 280
22 59 44 52 -3 13 0 0.00 0.0 0 3.5 10 230 M M 6 14 250
23 58 45 52 -3 13 0 0.02 0.0 0 3.5 9 70 M M 9 18 12 70
24 81 56 69 15 0 4 T 0.0 0 10.1 26 260 M M 6 13 41 280
25 60 41 51 -3 14 0 0.00 0.0 0 13.2 28 290 M M 9 39 280
26 62 35 49 -4 16 0 0.00 0.0 0 3.9 13 90 M M 1 12 19 90
27 65 47 56 3 9 0 T 0.0 0 9.2 17 100 M M 2 27 110
28 56 49 53 0 12 0 0.68 0.0 0 9.2 16 90 M M 10 1 24 80
29 55 51 53 1 12 0 0.15 0.0 0 12.0 21 320 M M 10 1 27 330
30 62 41 52 0 13 0 0.00 0.0 0 6.3 15 310 M M 6 1 22 310
31 60 36 48 -3 17 0 0.00 0.0 0 5.8 18 300 M M 3 12 26 300
================================================================================
SM 2229 1570 176 68 3.36 0.0 184.3 M 144
================================================================================
AV 71.9 50.6 5.9 FASTST M M 5 MAX(MPH)
MISC ----> # 28 240 42 230
================================================================================
NOTES:
# LAST OF SEVERAL OCCURRENCES
COLUMN 17 PEAK WIND IN M.P.H.
PRELIMINARY LOCAL CLIMATOLOGICAL DATA (WS FORM: F-6) , PAGE 2
STATION: SPIRIT OF ST LOUIS MO
MONTH: OCTOBER
YEAR: 2021
LATITUDE: 38 39 N
LONGITUDE: 90 38 W
[TEMPERATURE DATA] [PRECIPITATION DATA] SYMBOLS USED IN COLUMN 16
AVERAGE MONTHLY: 61.3 TOTAL FOR MONTH: 3.36 1 = FOG OR MIST
DPTR FM NORMAL: 4.0 DPTR FM NORMAL: 0.26 2 = FOG REDUCING VISIBILITY
HIGHEST: 88 ON 10 GRTST 24HR 1.11 ON 11-11 TO 1/4 MILE OR LESS
LOWEST: 35 ON 26 3 = THUNDER
SNOW, ICE PELLETS, HAIL 4 = ICE PELLETS
TOTAL MONTH: 0.0 INCH 5 = HAIL
GRTST 24HR 0.0 6 = FREEZING RAIN OR DRIZZLE
GRTST DEPTH: 0 7 = DUSTSTORM OR SANDSTORM:
VSBY 1/2 MILE OR LESS
8 = SMOKE OR HAZE
[NO. OF DAYS WITH] [WEATHER - DAYS WITH] 9 = BLOWING SNOW
X = TORNADO
MAX 32 OR BELOW: 0 0.01 INCH OR MORE: 11
MAX 90 OR ABOVE: 0 0.10 INCH OR MORE: 5
MIN 32 OR BELOW: 0 0.50 INCH OR MORE: 3
MIN 0 OR BELOW: 0 1.00 INCH OR MORE: 2
[HDD (BASE 65) ]
TOTAL THIS MO. 176 CLEAR (SCALE 0-3) 11
DPTR FM NORMAL -95 PTCLDY (SCALE 4-7) 14
TOTAL FM JUL 1 188 CLOUDY (SCALE 8-10) 6
DPTR FM NORMAL -135
[CDD (BASE 65) ]
TOTAL THIS MO. 68
DPTR FM NORMAL 36 [PRESSURE DATA]
TOTAL FM JAN 1 1527 HIGHEST SLP 30.30 ON 31
DPTR FM NORMAL 83 LOWEST SLP 29.34 ON 28
[REMARKS]
#FINAL-10-21#