000
CXUS54 KEPZ 011030
CF6SVC
PRELIMINARY LOCAL CLIMATOLOGICAL DATA (WS FORM: F-6)
STATION: SILVER CITY
MONTH: OCTOBER
YEAR: 2021
LATITUDE: 32 37 N
LONGITUDE: 108 10 W
TEMPERATURE IN F: :PCPN: SNOW: WIND :SUNSHINE: SKY :PK WND
================================================================================
1 2 3 4 5 6A 6B 7 8 9 10 11 12 13 14 15 16 17 18
12Z AVG MX 2MIN
DY MAX MIN AVG DEP HDD CDD WTR SNW DPTH SPD SPD DIR MIN PSBL S-S WX SPD DR
================================================================================
1 70 45 58 M 7 0 T M M 6.3 12 310 M M 2 18 270
2 73 42 58 M 7 0 0.00 M M 5.2 9 10 M M 0 M M
3 76 44 60 M 5 0 0.00 M M 5.9 12 130 M M 1 18 130
4 79 51 65 M 0 0 0.00 M M 7.3 14 140 M M 2 18 160
5 77 56 67 M 0 2 0.07 M M 8.3 25 290 M M 6 35 290
6 77 49 63 M 2 0 0.04 M M 6.6 14 50 M M 2 20 20
7 78 46 62 M 3 0 0.00 M M 6.6 12 190 M M 2 17 230
8 82 49 66 M 0 1 0.00 M M 7.1 10 340 M M 3 17 250
9 78 48 63 M 2 0 0.00 M M 10.6 20 280 M M 2 25 280
10 69 46 58 M 7 0 0.00 M M 12.8 23 300 M M 0 30 300
11 74 37 56 M 9 0 0.00 M M 9.2 21 200 M M 0 30 210
12 63 41 52 M 13 0 0.00 M M 18.8 29 300 M M 1 39 280
13 65 31 48 M 17 0 0.00 M M 9.0 14 270 M M 0 22 280
14 66 35 51 M 14 0 0.00 M M 11.7 20 280 M M 0 24 280
15 68 32 50 M 15 0 0.00 M M 6.6 12 120 M M 0 16 130
16 70 31 51 M 14 0 0.00 M M 8.2 18 130 M M 0 23 130
17 74 38 56 M 9 0 0.00 M M 5.7 10 170 M M 0 16 120
18 73 42 58 M 7 0 0.00 M M 7.8 16 210 M M 0 23 210
19 71 44 58 M 7 0 0.00 M M 9.3 20 270 M M 2 26 280
20 75 37 56 M 9 0 0.00 M M 7.1 15 210 M M 1 18 210
21 78 42 60 M 5 0 0.00 M M 7.4 12 350 M M 2 M M
22 79 43 61 M 4 0 0.00 M M 7.1 10 160 M M 3 17 160
23 72 43 58 M 7 0 0.00 M M 10.9 17 260 M M 3 30 260
24 42 39 41 M 24 0 0.00 M M 6.9 7 320 M M 4 M M
25 79 43 61 M 4 0 0.00 M M 7.6 12 200 M M 1 16 240
26 65 44 55 M 10 0 0.00 M M 19.4 33 290 M M 3 39 270
27 65 33 49 M 16 0 0.00 M M 11.6 25 290 M M 0 29 290
28 68 29 49 M 16 0 0.00 M M 4.7 12 360 M M 0 M M
29 71 33 52 M 13 0 0.00 M M 7.8 15 150 M M 0 20 150
30 76 40 58 M 7 0 0.00 M M 9.1 14 310 M M 0 18 270
31 74 40 57 M 8 0 0.00 M M 8.2 12 250 M M 0 17 310
================================================================================
SM 2227 1273 261 3 0.11 M 270.8 M 40
================================================================================
AV 71.8 41.1 8.7 FASTST M M 1 MAX(MPH)
MISC ----> 33 290 39 270
================================================================================
NOTES:
# LAST OF SEVERAL OCCURRENCES
COLUMN 17 PEAK WIND IN M.P.H.
PRELIMINARY LOCAL CLIMATOLOGICAL DATA (WS FORM: F-6) , PAGE 2
STATION: SILVER CITY
MONTH: OCTOBER
YEAR: 2021
LATITUDE: 32 37 N
LONGITUDE: 108 10 W
[TEMPERATURE DATA] [PRECIPITATION DATA] SYMBOLS USED IN COLUMN 16
AVERAGE MONTHLY: 56.5 TOTAL FOR MONTH: 0.11 1 = FOG OR MIST
DPTR FM NORMAL: 0.0 DPTR FM NORMAL: M 2 = FOG REDUCING VISIBILITY
HIGHEST: 82 ON 8 GRTST 24HR 0.07 ON 5- 5 TO 1/4 MILE OR LESS
LOWEST: 29 ON 28 3 = THUNDER
SNOW, ICE PELLETS, HAIL 4 = ICE PELLETS
TOTAL MONTH: M 5 = HAIL
GRTST 24HR M ON M 6 = FREEZING RAIN OR DRIZZLE
GRTST DEPTH: M ON M 7 = DUSTSTORM OR SANDSTORM:
VSBY 1/2 MILE OR LESS
8 = SMOKE OR HAZE
[NO. OF DAYS WITH] [WEATHER - DAYS WITH] 9 = BLOWING SNOW
X = TORNADO
MAX 32 OR BELOW: 0 0.01 INCH OR MORE: 2
MAX 90 OR ABOVE: 0 0.10 INCH OR MORE: 0
MIN 32 OR BELOW: 4 0.50 INCH OR MORE: 0
MIN 0 OR BELOW: 0 1.00 INCH OR MORE: 0
[HDD (BASE 65) ]
TOTAL THIS MO. 261 CLEAR (SCALE 0-3) 28
DPTR FM NORMAL M PTCLDY (SCALE 4-7) 3
TOTAL FM JUL 1 290 CLOUDY (SCALE 8-10) 0
DPTR FM NORMAL M
[CDD (BASE 65) ]
TOTAL THIS MO. 3
DPTR FM NORMAL M [PRESSURE DATA]
TOTAL FM JAN 1 1077 HIGHEST SLP M ON M
DPTR FM NORMAL M LOWEST SLP M ON M
[REMARKS]
#FINAL-10-21#