000
CXUS54 KOUN 010910
CF6SWO
PRELIMINARY LOCAL CLIMATOLOGICAL DATA (WS FORM: F-6)
STATION: STILLWATER
MONTH: FEBRUARY
YEAR: 2024
LATITUDE: 36 10 N
LONGITUDE: 97 5 W
TEMPERATURE IN F: :PCPN: SNOW: WIND :SUNSHINE: SKY :PK WND
================================================================================
1 2 3 4 5 6A 6B 7 8 9 10 11 12 13 14 15 16 17 18
12Z AVG MX 2MIN
DY MAX MIN AVG DEP HDD CDD WTR SNW DPTH SPD SPD DIR MIN PSBL S-S WX SPD DR
================================================================================
1 77 48 63 23 2 0 0.00 M M 11.7 24 190 M M 1 33 200
2 69 50 60 20 5 0 0.01 M M 12.3 23 140 M M 4 31 150
3 60 51 56 16 9 0 0.19 M M 12.3 29 110 M M 8 13 36 100
4 51 44 48 7 17 0 0.14 M M 11.9 21 10 M M 10 1 27 360
5 54 32 43 2 22 0 0.00 0.0 M 7.9 15 330 M M 2 18 22 300
6 64 27 46 5 19 0 0.00 0.0 M 4.5 13 170 M M 2 128 17 150
7 68 47 58 17 7 0 0.00 0.0 M 15.2 25 170 M M 1 35 170
8 71 47 59 18 6 0 0.00 M M 14.9 26 220 M M 1 44 220
9 64 42 53 11 12 0 0.00 M M 7.8 16 230 M M 0 23 240
10 54 40 47 5 18 0 0.00 M M 11.3 20 40 M M 3 25 40
11 44 34 39 -3 26 0 0.07 M M 16.7 25 10 M M 9 1 34 20
12 56 33 45 3 20 0 0.17 M M 7.3 14 310 M M 3 1 22 360
13 64 29 47 5 18 0 0.00 M M 7.0 20 230 M M 0 1 25 210
14 71 36 54 11 11 0 0.00 M M 11.5 30 180 M M 0 43 190
15 59 37 48 5 17 0 0.00 M M 7.5 18 10 M M 0 23 360
16 49 32 41 -2 24 0 0.00 M M 17.3 31 10 M M 6 41 360
17 36 18 27 -17 38 0 0.00 M M 9.5 22 360 M M 3 30 360
18 57 20 39 -5 26 0 0.00 M M 6.2 15 220 M M 0 23 220
19 64 33 49 5 16 0 0.00 M M 7.9 24 170 M M 0 30 160
20 78 29 54 10 11 0 0.00 M M 7.0 21 140 M M 0 31 160
21 85 37 61 16 4 0 0.00 M M 6.7 20 180 M M 0 1 26 180
22 72 45 59 14 6 0 0.00 M M 9.5 24 340 M M 0 32 320
23 71 38 55 10 10 0 0.00 M M 8.0 20 310 M M 0 8 29 290
24 76 33 55 9 10 0 0.00 M M 7.4 20 220 M M 0 27 200
25 80 43 62 16 3 0 0.00 M M 4.5 12 200 M M 0 16 200
26 90 37 64 18 1 0 0.00 M M 6.6 18 230 M M 1 29 230
27 86 34 60 14 5 0 0.00 0.0 0 15.1 30 230 M M 3 47 250
28 47 24 36 -11 29 0 0.00 M M 9.3 24 350 M M 1 36 360
29 55 27 41 -6 24 0 0.13 M M 8.0 24 180 M M 4 1 31 200
================================================================================
SM 1872 1047 416 0 0.71 0.0 282.8 M 62
================================================================================
AV 64.6 36.1 9.8 FASTST M M 2 MAX(MPH)
MISC ----> 31 10 47 250
================================================================================
NOTES:
# LAST OF SEVERAL OCCURRENCES
COLUMN 17 PEAK WIND IN M.P.H.
PRELIMINARY LOCAL CLIMATOLOGICAL DATA (WS FORM: F-6) , PAGE 2
STATION: STILLWATER
MONTH: FEBRUARY
YEAR: 2024
LATITUDE: 36 10 N
LONGITUDE: 97 5 W
[TEMPERATURE DATA] [PRECIPITATION DATA] SYMBOLS USED IN COLUMN 16
AVERAGE MONTHLY: 50.3 TOTAL FOR MONTH: 0.71 1 = FOG OR MIST
DPTR FM NORMAL: 7.2 DPTR FM NORMAL: -0.62 2 = FOG REDUCING VISIBILITY
HIGHEST: 90 ON 26 GRTST 24HR 0.26 ON 3- 4 TO 1/4 MILE OR LESS
LOWEST: 18 ON 17 3 = THUNDER
SNOW, ICE PELLETS, HAIL 4 = ICE PELLETS
TOTAL MONTH: 0.0 INCH 5 = HAIL
GRTST 24HR 0.0 6 = FREEZING RAIN OR DRIZZLE
GRTST DEPTH: 0 7 = DUSTSTORM OR SANDSTORM:
VSBY 1/2 MILE OR LESS
8 = SMOKE OR HAZE
[NO. OF DAYS WITH] [WEATHER - DAYS WITH] 9 = BLOWING SNOW
X = TORNADO
MAX 32 OR BELOW: 0 0.01 INCH OR MORE: 6
MAX 90 OR ABOVE: 1 0.10 INCH OR MORE: 4
MIN 32 OR BELOW: 9 0.50 INCH OR MORE: 0
MIN 0 OR BELOW: 0 1.00 INCH OR MORE: 0
[HDD (BASE 65) ]
TOTAL THIS MO. 416 CLEAR (SCALE 0-3) 20
DPTR FM NORMAL -199 PTCLDY (SCALE 4-7) 7
TOTAL FM JUL 1 2521 CLOUDY (SCALE 8-10) 2
DPTR FM NORMAL -320
[CDD (BASE 65) ]
TOTAL THIS MO. 0
DPTR FM NORMAL -2 [PRESSURE DATA]
TOTAL FM JAN 1 0 HIGHEST SLP 30.53 ON 17
DPTR FM NORMAL -2 LOWEST SLP 29.33 ON 27
[REMARKS]
#FINAL-02-24#