000
CXUS54 KEWX 011011
CF6T82
PRELIMINARY LOCAL CLIMATOLOGICAL DATA (WS FORM: F-6)
STATION: FREDERICKSBURG
MONTH: MAY
YEAR: 2020
LATITUDE: 30 15 N
LONGITUDE: 98 55 W
TEMPERATURE IN F: :PCPN: SNOW: WIND :SUNSHINE: SKY :PK WND
================================================================================
1 2 3 4 5 6A 6B 7 8 9 10 11 12 13 14 15 16 17 18
12Z AVG MX 2MIN
DY MAX MIN AVG DEP HDD CDD WTR SNW DPTH SPD SPD DIR MIN PSBL S-S WX SPD DR
================================================================================
1 88 55 72 M 0 7 0.00 M M 8.2 17 170 M M 0 27 170
2 90 63 77 M 0 12 0.00 M M 9.4 17 210 M M 2 22 210
3 90 66 78 M 0 13 0.00 M M 9.7 14 210 M M 3 18 190
4 94 67 81 M 0 16 0.00 M M 8.8 16 220 M M 2 21 190
5 91 66 79 M 0 14 0.00 M M 8.2 15 20 M M 6 25 30
6 82 61 72 M 0 7 0.00 M M 6.5 10 90 M M 6 M M
7 83 53 68 M 0 3 0.00 M M 7.0 20 200 M M 5 27 200
8 82 69 76 M 0 11 0.00 M M 16.3 24 10 M M 5 31 20
9 77 51 64 M 1 0 0.00 M M 6.8 16 20 M M 2 25 20
10 79 49 64 M 1 0 0.00 M M 3.6 10 70 M M 0 9 40
11 80 51 66 M 0 1 0.00 M M 5.1 13 180 M M 2 23 180
12 80 65 73 M 0 8 1.25 M M 8.8 16 230 M M 8 3 21 150
13 86 63 75 M 0 10 0.00 M M 6.8 15 200 M M 8 1 22 210
14 88 61 75 M 0 10 0.06 M M 8.1 15 240 M M 3 24 240
15 86 71 79 M 0 14 0.00 M M 7.4 13 190 M M 6 1 17 180
16 83 59 71 M 0 6 1.21 M M 7.8 15 250 M M 5 3 35 250
17 85 59 72 M 0 7 0.00 M M 2.7 8 40 M M 0 M M
18 90 59 75 M 0 10 0.00 M M 4.2 13 190 M M 0 16 200
19 95 67 81 M 0 16 0.00 M M 6.1 14 210 M M 0 23 220
20 93 67 80 M 0 15 0.00 M M 4.3 10 130 M M 0 M M
21 89 66 78 M 0 13 0.05 M M 7.0 16 220 M M 4 13 28 220
22 90 72 81 M 0 16 0.00 M M 8.7 15 170 M M 7 20 170
23 89 73 81 M 0 16 0.00 M M 9.5 15 160 M M 6 22 170
24 89 67 78 M 0 13 0.04 M M 8.6 16 170 M M 6 3 27 260
25 84 61 73 M 0 8 1.55 M M 5.1 16 190 M M 8 3 27 190
26 81 63 72 M 0 7 0.02 M M 4.4 12 320 M M 7 3 M M
27 88 57 73 M 0 8 0.00 M M 4.6 14 190 M M 1 21 210
28 87 60 74 M 0 9 2.34 M M 4.9 27 290 M M 3 3 37 290
29 83 61 72 M 0 7 0.00 M M 5.2 14 30 M M 1 20 50
30 83 59 71 M 0 6 0.00 M M 3.2 9 60 M M 1 M M
31 80 61 71 M 0 6 1.02 0.0 0 1.6 7 90 M M 5 3 M M
================================================================================
SM 2665 1922 2 289 7.54 0.0 208.6 M 112
================================================================================
AV 86.0 62.0 6.7 FASTST M M 4 MAX(MPH)
MISC ----> # 27 290 # 37 290
================================================================================
NOTES:
# LAST OF SEVERAL OCCURRENCES
COLUMN 17 PEAK WIND IN M.P.H.
PRELIMINARY LOCAL CLIMATOLOGICAL DATA (WS FORM: F-6) , PAGE 2
STATION: FREDERICKSBURG
MONTH: MAY
YEAR: 2020
LATITUDE: 30 15 N
LONGITUDE: 98 55 W
[TEMPERATURE DATA] [PRECIPITATION DATA] SYMBOLS USED IN COLUMN 16
AVERAGE MONTHLY: 74.0 TOTAL FOR MONTH: 7.54 1 = FOG OR MIST
DPTR FM NORMAL: M DPTR FM NORMAL: M 2 = FOG REDUCING VISIBILITY
HIGHEST: 95 ON 19 GRTST 24HR 2.34 ON 28-28 TO 1/4 MILE OR LESS
LOWEST: 49 ON 10 3 = THUNDER
SNOW, ICE PELLETS, HAIL 4 = ICE PELLETS
TOTAL MONTH: 0.0 INCH 5 = HAIL
GRTST 24HR 0.0 6 = FREEZING RAIN OR DRIZZLE
GRTST DEPTH: 0 7 = DUSTSTORM OR SANDSTORM:
VSBY 1/2 MILE OR LESS
8 = SMOKE OR HAZE
[NO. OF DAYS WITH] [WEATHER - DAYS WITH] 9 = BLOWING SNOW
X = TORNADO
MAX 32 OR BELOW: 0 0.01 INCH OR MORE: 9
MAX 90 OR ABOVE: 8 0.10 INCH OR MORE: 5
MIN 32 OR BELOW: 0 0.50 INCH OR MORE: 5
MIN 0 OR BELOW: 0 1.00 INCH OR MORE: 5
[HDD (BASE 65) ]
TOTAL THIS MO. 2 CLEAR (SCALE 0-3) 16
DPTR FM NORMAL M PTCLDY (SCALE 4-7) 13
TOTAL FM JUL 1 1860 CLOUDY (SCALE 8-10) 2
DPTR FM NORMAL M
[CDD (BASE 65) ]
TOTAL THIS MO. 289
DPTR FM NORMAL M [PRESSURE DATA]
TOTAL FM JAN 1 459 HIGHEST SLP M ON M
DPTR FM NORMAL M LOWEST SLP M ON M
[REMARKS]
#FINAL-05-20#