000
CXUS52 KTBW 090123
CF6TBW
PRELIMINARY LOCAL CLIMATOLOGICAL DATA (WS FORM: F-6)
STATION: RUSKIN WFO
MONTH: OCTOBER
YEAR: 2021
LATITUDE: 27 42 N
LONGITUDE: 82 24 W
TEMPERATURE IN F: :PCPN: SNOW: WIND :SUNSHINE: SKY :PK WND
================================================================================
1 2 3 4 5 6A 6B 7 8 9 10 11 12 13 14 15 16 17 18
12Z AVG MX 2MIN
DY MAX MIN AVG DEP HDD CDD WTR SNW DPTH SPD SPD DIR MIN PSBL S-S WX SPD DR
================================================================================
1 91 70 81 2 0 16 T 0.0 0 M M M M M M M M
2 92 72 82 3 0 17 0.00 0.0 0 M M M M M M M M
3 91 69 80 1 0 15 0.00 0.0 0 M M M M M M M M
4 91 70 81 2 0 16 0.00 0.0 0 M M M M M M M M
5 91 71 81 2 0 16 0.08 0.0 0 M M M M M M M M
6 93 73 83 5 0 18 T 0.0 0 M M M M M M M M
7 94 74 84 6 0 19 0.00 0.0 0 M M M M M M M M
8 87 73 80 2 0 15 0.08 0.0 0 M M M M M M 3 M M
9 89 73 81 3 0 16 T 0.0 0 M M M M M M M M
10 88 69 79 1 0 14 0.00 0.0 0 M M M M M M M M
11 90 69 80 3 0 15 0.00 0.0 0 M M M M M M M M
12 91 72 82 5 0 17 0.00 0.0 0 M M M M M M M M
13 91 72 82 5 0 17 0.01 0.0 0 M M M M M M M M
14 92 72 82 5 0 17 0.00 0.0 0 M M M M M M M M
15 91 72 82 6 0 17 0.00 0.0 0 M M M M M M M M
16 89 70 80 4 0 15 0.00 0.0 0 M M M M M M M M
17 86 69 78 2 0 13 0.00 0.0 0 M M M M M M M M
18 85 62 74 -2 0 9 0.00 0.0 0 M M M M M M M M
19 87 63 75 0 0 10 0.00 0.0 0 M M M M M M M M
20 88 65 77 2 0 12 0.00 0.0 0 M M M M M M M M
21 89 66 78 3 0 13 0.00 0.0 0 M M M M M M M M
22 90 68 79 5 0 14 0.00 0.0 0 M M M M M M M M
23 89 70 80 6 0 15 0.00 0.0 0 M M M M M M M M
24 84 72 78 4 0 13 1.83 0.0 0 M M M M M M 1 M M
25 85 72 79 5 0 14 0.16 0.0 0 M M M M M M M M
26 86 70 78 5 0 13 T 0.0 0 M M M M M M M M
27 85 63 74 1 0 9 0.00 0.0 0 M M M M M M M M
28 82 70 76 3 0 11 0.52 0.0 0 M M M M M M 3 M M
29 81 68 75 3 0 10 0.01 0.0 0 M M M M M M M M
30 75 62 69 -3 0 4 0.26 0.0 0 M M M M M M M M
31 74 62 68 -4 0 3 0.01 0.0 0 M M M M M M M M
================================================================================
SM 2717 2143 0 423 2.96 0.0 M M M
================================================================================
AV 87.6 69.1 M FASTST M M M MAX(MPH)
MISC ----> M M M M
================================================================================
NOTES:
# LAST OF SEVERAL OCCURRENCES
COLUMN 17 PEAK WIND IN M.P.H.
PRELIMINARY LOCAL CLIMATOLOGICAL DATA (WS FORM: F-6) , PAGE 2
STATION: RUSKIN WFO
MONTH: OCTOBER
YEAR: 2021
LATITUDE: 27 42 N
LONGITUDE: 82 24 W
[TEMPERATURE DATA] [PRECIPITATION DATA] SYMBOLS USED IN COLUMN 16
AVERAGE MONTHLY: 78.4 TOTAL FOR MONTH: 2.96 1 = FOG OR MIST
DPTR FM NORMAL: 2.5 DPTR FM NORMAL: 0.10 2 = FOG REDUCING VISIBILITY
HIGHEST: 94 ON 7 GRTST 24HR 1.83 ON 24-24 TO 1/4 MILE OR LESS
LOWEST: 62 ON 31,30 3 = THUNDER
SNOW, ICE PELLETS, HAIL 4 = ICE PELLETS
TOTAL MONTH: 0.0 INCH 5 = HAIL
GRTST 24HR 0.0 6 = FREEZING RAIN OR DRIZZLE
GRTST DEPTH: 0 7 = DUSTSTORM OR SANDSTORM:
VSBY 1/2 MILE OR LESS
8 = SMOKE OR HAZE
[NO. OF DAYS WITH] [WEATHER - DAYS WITH] 9 = BLOWING SNOW
X = TORNADO
MAX 32 OR BELOW: 0 0.01 INCH OR MORE: 9
MAX 90 OR ABOVE: 13 0.10 INCH OR MORE: 4
MIN 32 OR BELOW: 0 0.50 INCH OR MORE: 2
MIN 0 OR BELOW: 0 1.00 INCH OR MORE: 1
[HDD (BASE 65) ]
TOTAL THIS MO. 0 CLEAR (SCALE 0-3) 0
DPTR FM NORMAL -5 PTCLDY (SCALE 4-7) 0
TOTAL FM JUL 1 0 CLOUDY (SCALE 8-10) 31
DPTR FM NORMAL 0
[CDD (BASE 65) ]
TOTAL THIS MO. 423
DPTR FM NORMAL 79 [PRESSURE DATA]
TOTAL FM JAN 1 3599 HIGHEST SLP M ON M
DPTR FM NORMAL 356 LOWEST SLP M ON M
[REMARKS]
#FINAL-10-21#