000
CXUS54 KEPZ 011030
CF6TCS
PRELIMINARY LOCAL CLIMATOLOGICAL DATA (WS FORM: F-6)
STATION: TRUTH OR CONSEQUENCES
MONTH: MAY
YEAR: 2022
LATITUDE: 33 13 N
LONGITUDE: 107 16 W
TEMPERATURE IN F: :PCPN: SNOW: WIND :SUNSHINE: SKY :PK WND
================================================================================
1 2 3 4 5 6A 6B 7 8 9 10 11 12 13 14 15 16 17 18
12Z AVG MX 2MIN
DY MAX MIN AVG DEP HDD CDD WTR SNW DPTH SPD SPD DIR MIN PSBL S-S WX SPD DR
================================================================================
1 88 53 71 6 0 6 0.00 M M 12.3 31 210 M M 0 46 230
2 89 58 74 9 0 9 0.00 M M 10.4 20 260 M M 0 29 260
3 85 54 70 4 0 5 0.00 M M 11.0 28 220 M M 0 38 210
4 85 53 69 3 0 4 0.00 M M 10.6 23 330 M M 0 39 230
5 83 50 67 1 0 2 0.00 M M 8.9 16 290 M M 0 26 50
6 91 57 74 7 0 9 0.00 M M 8.4 17 300 M M 0 22 290
7 94 62 78 11 0 13 0.00 M M 12.9 26 250 M M 0 37 230
8 90 61 76 9 0 11 0.00 M M 16.1 32 260 M M 0 43 260
9 89 62 76 8 0 11 0.00 M M 12.5 26 260 M M 0 37 260
10 90 55 73 5 0 8 0.00 M M 11.8 32 180 M M 0 44 200
11 92 53 73 5 0 8 0.00 M M 13.9 31 220 M M 0 48 180
12 88 60 74 5 0 9 0.00 M M 7.1 21 110 M M 0 26 120
13 88 54 71 2 0 6 0.00 M M 7.3 14 190 M M 0 22 190
14 92 56 74 4 0 9 0.00 M M 7.4 15 210 M M 0 8 20 180
15 95 59 77 7 0 12 0.00 M M 7.4 17 190 M M 0 8 26 160
16 96 62 79 9 0 14 0.00 M M 12.1 29 210 M M 1 39 170
17 91 62 77 6 0 12 0.00 M M 8.9 17 240 M M 7 8 25 240
18 90 63 77 6 0 12 0.00 M M 9.9 17 170 M M 2 8 26 210
19 93 66 80 9 0 15 0.00 M M 11.5 22 240 M M 3 8 32 240
20 90 59 75 3 0 10 0.00 M M 11.1 26 250 M M 3 35 240
21 91 61 76 4 0 11 0.00 M M 11.5 28 160 M M 1 41 150
22 80 52 66 -6 0 1 0.00 M M 13.3 25 180 M M 0 35 180
23 89 54 72 -1 0 7 0.00 M M 11.7 29 30 M M 1 43 30
24 84 56 70 -3 0 5 0.00 M M 12.5 32 300 M M 1 47 300
25 88 50 69 -5 0 4 0.00 M M 7.3 17 290 M M 0 24 290
26 91 61 76 2 0 11 0.00 M M 7.3 14 120 M M 1 8 21 220
27 100 60 80 6 0 15 0.00 M M 9.2 29 230 M M 1 8 39 220
28 94 65 80 5 0 15 0.00 M M 13.8 31 210 M M 3 8 45 200
29 89 65 77 2 0 12 0.00 M M 14.3 28 250 M M 3 8 37 250
30 89 58 74 -1 0 9 0.00 M M 10.7 23 250 M M 2 8 32 220
31 93 58 76 0 0 11 0.00 M M 10.2 28 210 M M 1 8 38 220
================================================================================
SM 2787 1799 0 286 0.00 M 333.3 M 30
================================================================================
AV 89.9 58.0 10.8 FASTST M M 1 MAX(MPH)
MISC ----> # 32 260 48 180
================================================================================
NOTES:
# LAST OF SEVERAL OCCURRENCES
COLUMN 17 PEAK WIND IN M.P.H.
PRELIMINARY LOCAL CLIMATOLOGICAL DATA (WS FORM: F-6) , PAGE 2
STATION: TRUTH OR CONSEQUENCES
MONTH: MAY
YEAR: 2022
LATITUDE: 33 13 N
LONGITUDE: 107 16 W
[TEMPERATURE DATA] [PRECIPITATION DATA] SYMBOLS USED IN COLUMN 16
AVERAGE MONTHLY: 74.0 TOTAL FOR MONTH: 0.00 1 = FOG OR MIST
DPTR FM NORMAL: 3.7 DPTR FM NORMAL: -0.55 2 = FOG REDUCING VISIBILITY
HIGHEST: 100 ON 27 GRTST 24HR 0.00 ON 1- 1 TO 1/4 MILE OR LESS
LOWEST: 50 ON 25, 5 3 = THUNDER
SNOW, ICE PELLETS, HAIL 4 = ICE PELLETS
TOTAL MONTH: M 5 = HAIL
GRTST 24HR M ON M 6 = FREEZING RAIN OR DRIZZLE
GRTST DEPTH: M ON M 7 = DUSTSTORM OR SANDSTORM:
VSBY 1/2 MILE OR LESS
8 = SMOKE OR HAZE
[NO. OF DAYS WITH] [WEATHER - DAYS WITH] 9 = BLOWING SNOW
X = TORNADO
MAX 32 OR BELOW: 0 0.01 INCH OR MORE: 0
MAX 90 OR ABOVE: 17 0.10 INCH OR MORE: 0
MIN 32 OR BELOW: 0 0.50 INCH OR MORE: 0
MIN 0 OR BELOW: 0 1.00 INCH OR MORE: 0
[HDD (BASE 65) ]
TOTAL THIS MO. 0 CLEAR (SCALE 0-3) 29
DPTR FM NORMAL -27 PTCLDY (SCALE 4-7) 2
TOTAL FM JUL 1 2642 CLOUDY (SCALE 8-10) 0
DPTR FM NORMAL -394
[CDD (BASE 65) ]
TOTAL THIS MO. 286
DPTR FM NORMAL 95 [PRESSURE DATA]
TOTAL FM JAN 1 364 HIGHEST SLP 30.05 ON 22
DPTR FM NORMAL 137 LOWEST SLP 29.32 ON 29
[REMARKS]
#FINAL-05-22#