000
CXUS54 KEPZ 011130
CF6TCS
PRELIMINARY LOCAL CLIMATOLOGICAL DATA (WS FORM: F-6)
STATION: TRUTH OR CONSEQUENCES
MONTH: DECEMBER
YEAR: 2023
LATITUDE: 33 13 N
LONGITUDE: 107 16 W
TEMPERATURE IN F: :PCPN: SNOW: WIND :SUNSHINE: SKY :PK WND
================================================================================
1 2 3 4 5 6A 6B 7 8 9 10 11 12 13 14 15 16 17 18
12Z AVG MX 2MIN
DY MAX MIN AVG DEP HDD CDD WTR SNW DPTH SPD SPD DIR MIN PSBL S-S WX SPD DR
================================================================================
1 55 34 45 1 20 0 0.00 M M 7.9 21 250 M M 6 29 240
2 54 32 43 -1 22 0 0.00 M M 7.2 16 310 M M 0 22 310
3 60 34 47 3 18 0 0.00 M M 9.0 20 280 M M 0 26 280
4 63 34 49 5 16 0 0.00 M M 4.9 10 10 M M 0 15 10
5 65 31 48 5 17 0 0.00 M M 6.9 14 40 M M 0 17 50
6 64 33 49 6 16 0 0.00 M M 6.0 12 300 M M 0 15 310
7 68 34 51 8 14 0 0.00 M M 6.4 15 280 M M 0 18 280
8 69 33 51 9 14 0 0.00 M M 9.0 28 270 M M 0 40 300
9 46 26 36 -6 29 0 0.00 M M 11.9 23 40 M M 0 32 40
10 49 20 35 -7 30 0 0.00 M M 5.0 13 300 M M 0 15 320
11 55 25 40 -2 25 0 0.00 M M 4.1 9 310 M M 0 12 310
12 56 33 45 3 20 0 0.00 M M 4.6 10 310 M M 0 8 14 310
13 59 35 47 5 18 0 0.00 M M 6.7 16 40 M M 1 23 30
14 60 35 48 7 17 0 0.00 M M 5.4 17 30 M M 4 24 310
15 58 30 44 3 21 0 0.00 M M 7.6 17 30 M M 0 22 40
16 57 28 43 2 22 0 0.00 M M 5.3 10 310 M M 0 15 320
17 63 29 46 5 19 0 0.00 M M 5.9 10 320 M M 0 14 320
18 58 31 45 4 20 0 0.00 M M 5.7 12 310 M M 0 14 320
19 56 35 46 5 19 0 0.00 M M 4.4 10 190 M M 3 13 300
20 53 35 44 3 21 0 0.13 M M 4.9 12 200 M M 4 1 14 10
21 54 32 43 2 22 0 0.00 M M 5.8 12 30 M M 4 12 14 30
22 56 34 45 4 20 0 0.17 M M 5.0 16 280 M M 4 13 19 280
23 55 36 46 6 19 0 0.70 M M 7.4 25 270 M M 5 13 35 260
24 54 35 45 5 20 0 0.00 M M 10.4 24 300 M M 0 30 290
25 46 29 38 -2 27 0 0.00 M M 6.4 13 320 M M 0 19 310
26 52 30 41 1 24 0 0.00 M M 15.3 29 300 M M 0 38 310
27 51 28 40 0 25 0 0.00 M M 5.0 10 300 M M 0 17 340
28 50 27 39 -1 26 0 0.00 M M 5.9 12 40 M M 0 16 50
29 52 26 39 -1 26 0 0.00 M M 4.7 13 300 M M 0 16 290
30 54 27 41 1 24 0 0.00 M M 5.0 12 320 M M 0 16 300
31 57 26 42 2 23 0 0.00 M M 6.3 12 300 M M 0 15 350
================================================================================
SM 1749 957 654 0 1.00 M 206.0 M 31
================================================================================
AV 56.4 30.9 6.6 FASTST M M 1 MAX(MPH)
MISC ----> 29 300 40 300
================================================================================
NOTES:
# LAST OF SEVERAL OCCURRENCES
COLUMN 17 PEAK WIND IN M.P.H.
PRELIMINARY LOCAL CLIMATOLOGICAL DATA (WS FORM: F-6) , PAGE 2
STATION: TRUTH OR CONSEQUENCES
MONTH: DECEMBER
YEAR: 2023
LATITUDE: 33 13 N
LONGITUDE: 107 16 W
[TEMPERATURE DATA] [PRECIPITATION DATA] SYMBOLS USED IN COLUMN 16
AVERAGE MONTHLY: 43.6 TOTAL FOR MONTH: 1.00 1 = FOG OR MIST
DPTR FM NORMAL: 2.0 DPTR FM NORMAL: 0.40 2 = FOG REDUCING VISIBILITY
HIGHEST: 69 ON 8 GRTST 24HR 0.87 ON 22-23 TO 1/4 MILE OR LESS
LOWEST: 20 ON 10 3 = THUNDER
SNOW, ICE PELLETS, HAIL 4 = ICE PELLETS
TOTAL MONTH: M 5 = HAIL
GRTST 24HR M ON M 6 = FREEZING RAIN OR DRIZZLE
GRTST DEPTH: M ON M 7 = DUSTSTORM OR SANDSTORM:
VSBY 1/2 MILE OR LESS
8 = SMOKE OR HAZE
[NO. OF DAYS WITH] [WEATHER - DAYS WITH] 9 = BLOWING SNOW
X = TORNADO
MAX 32 OR BELOW: 0 0.01 INCH OR MORE: 3
MAX 90 OR ABOVE: 0 0.10 INCH OR MORE: 3
MIN 32 OR BELOW: 17 0.50 INCH OR MORE: 1
MIN 0 OR BELOW: 0 1.00 INCH OR MORE: 0
[HDD (BASE 65) ]
TOTAL THIS MO. 654 CLEAR (SCALE 0-3) 25
DPTR FM NORMAL -71 PTCLDY (SCALE 4-7) 6
TOTAL FM JUL 1 1124 CLOUDY (SCALE 8-10) 0
DPTR FM NORMAL -186
[CDD (BASE 65) ]
TOTAL THIS MO. 0
DPTR FM NORMAL 0 [PRESSURE DATA]
TOTAL FM JAN 1 2202 HIGHEST SLP 30.49 ON 10
DPTR FM NORMAL 373 LOWEST SLP 29.70 ON 8
[REMARKS]
#FINAL-12-23#