000
CXUS52 KTAE 010800
CF6TLH
PRELIMINARY LOCAL CLIMATOLOGICAL DATA (WS FORM: F-6)
STATION: TALLAHASSEE
MONTH: APRIL
YEAR: 2020
LATITUDE: 30 22 N
LONGITUDE: 84 22 W
TEMPERATURE IN F: :PCPN: SNOW: WIND :SUNSHINE: SKY :PK WND
================================================================================
1 2 3 4 5 6A 6B 7 8 9 10 11 12 13 14 15 16 17 18
12Z AVG MX 2MIN
DY MAX MIN AVG DEP HDD CDD WTR SNW DPTH SPD SPD DIR MIN PSBL S-S WX SPD DR
================================================================================
1 72 49 61 -2 4 0 0.00 0.0 0 10.1 22 340 M M 2 31 330
2 75 46 61 -2 4 0 0.00 0.0 0 3.4 13 350 M M 1 16 360
3 77 47 62 -2 3 0 0.00 0.0 0 2.2 10 360 M M 5 13 350
4 85 52 69 5 0 4 0.00 0.0 0 3.7 13 190 M M 4 8 15 190
5 80 61 71 7 0 6 0.01 0.0 0 3.0 10 140 M M 6 13 50
6 84 54 69 5 0 4 0.00 0.0 0 2.0 10 170 M M 3 1 14 110
7 86 58 72 8 0 7 0.00 0.0 0 4.5 17 170 M M 4 20 190
8 90 68 79 15 0 14 0.00 0.0 0 9.6 21 240 M M 7 3 26 270
9 94 74 84 19 0 19 0.00 0.0 0 10.6 17 300 M M 6 23 320
10 76 50 63 -2 2 0 0.02 0.0 0 7.3 28 340 M M 6 1 39 330
11 78 44 61 -4 4 0 0.00 0.0 0 3.5 12 190 M M 6 15 200
12 82 54 68 3 0 3 0.00 0.0 0 12.3 25 170 M M 7 18 32 170
13 88 66 77 12 0 12 0.70 0.0 M 9.2 29 190 M M 6 13 39 210
14 83 64 74 8 0 9 0.30 0.0 0 5.3 20 220 M M 7 13 26 220
15 72 55 64 -2 1 0 0.86 0.0 0 6.6 16 330 M M 9 13 22 330
16 76 54 65 -1 0 0 0.00 0.0 0 8.2 15 80 M M 4 20 40
17 81 50 66 0 0 1 0.00 0.0 0 6.7 15 110 M M 4 21 110
18 83 64 74 8 0 9 T 0.0 0 4.6 17 320 M M 7 1 23 300
19 84 69 77 10 0 12 0.01 0.0 0 8.2 23 210 M M 8 12 29 190
20 80 62 71 4 0 6 0.64 0.0 0 8.6 30 340 M M 5 13 39 330
21 85 54 70 3 0 5 0.00 0.0 0 4.8 16 290 M M 2 19 290
22 83 54 69 1 0 4 0.00 0.0 0 3.9 12 80 M M 5 15 80
23 80 65 73 5 0 8 1.64 0.0 0 9.9 26 330 M M 8 13 37 180
24 85 61 73 5 0 8 0.00 0.0 0 5.2 15 280 M M 6 19 270
25 88 58 73 5 0 8 0.00 0.0 0 7.7 21 210 M M 4 12 25 220
26 80 57 69 0 0 4 T 0.0 0 10.4 23 300 M M 3 1 37 280
27 78 52 65 -4 0 0 0.00 0.0 0 6.7 16 350 M M 1 8 24 340
28 82 46 64 -5 1 0 0.00 0.0 0 3.7 13 180 M M 2 17 190
29 81 56 69 0 0 4 0.09 0.0 0 9.7 23 170 M M 6 13 31 140
30 77 55 66 -4 0 1 0.24 0.0 0 9.1 22 300 M M 4 1 28 320
================================================================================
SM 2445 1699 19 148 4.51 0.0 200.7 M 148
================================================================================
AV 81.5 56.6 6.7 FASTST M M 5 MAX(MPH)
MISC ----> # 30 340 # 39 330
================================================================================
NOTES:
# LAST OF SEVERAL OCCURRENCES
COLUMN 17 PEAK WIND IN M.P.H.
PRELIMINARY LOCAL CLIMATOLOGICAL DATA (WS FORM: F-6) , PAGE 2
STATION: TALLAHASSEE
MONTH: APRIL
YEAR: 2020
LATITUDE: 30 22 N
LONGITUDE: 84 22 W
[TEMPERATURE DATA] [PRECIPITATION DATA] SYMBOLS USED IN COLUMN 16
AVERAGE MONTHLY: 69.1 TOTAL FOR MONTH: 4.51 1 = FOG OR MIST
DPTR FM NORMAL: 3.0 DPTR FM NORMAL: 1.45 2 = FOG REDUCING VISIBILITY
HIGHEST: 94 ON 9 GRTST 24HR 1.64 ON 23-23 TO 1/4 MILE OR LESS
LOWEST: 44 ON 11 3 = THUNDER
SNOW, ICE PELLETS, HAIL 4 = ICE PELLETS
TOTAL MONTH: 0.0 INCH 5 = HAIL
GRTST 24HR 0.0 6 = FREEZING RAIN OR DRIZZLE
GRTST DEPTH: 0 7 = DUSTSTORM OR SANDSTORM:
VSBY 1/2 MILE OR LESS
8 = SMOKE OR HAZE
[NO. OF DAYS WITH] [WEATHER - DAYS WITH] 9 = BLOWING SNOW
X = TORNADO
MAX 32 OR BELOW: 0 0.01 INCH OR MORE: 10
MAX 90 OR ABOVE: 2 0.10 INCH OR MORE: 6
MIN 32 OR BELOW: 0 0.50 INCH OR MORE: 4
MIN 0 OR BELOW: 0 1.00 INCH OR MORE: 1
[HDD (BASE 65) ]
TOTAL THIS MO. 19 CLEAR (SCALE 0-3) 7
DPTR FM NORMAL -47 PTCLDY (SCALE 4-7) 22
TOTAL FM JUL 1 1070 CLOUDY (SCALE 8-10) 1
DPTR FM NORMAL -520
[CDD (BASE 65) ]
TOTAL THIS MO. 148
DPTR FM NORMAL 49 [PRESSURE DATA]
TOTAL FM JAN 1 417 HIGHEST SLP M ON M
DPTR FM NORMAL 264 LOWEST SLP 29.60 ON 20
[REMARKS]
#FINAL-04-20#