000
CXUS52 KTAE 010900
CF6TLH
PRELIMINARY LOCAL CLIMATOLOGICAL DATA (WS FORM: F-6)
STATION: TALLAHASSEE
MONTH: NOVEMBER
YEAR: 2023
LATITUDE: 30 22 N
LONGITUDE: 84 22 W
TEMPERATURE IN F: :PCPN: SNOW: WIND :SUNSHINE: SKY :PK WND
================================================================================
1 2 3 4 5 6A 6B 7 8 9 10 11 12 13 14 15 16 17 18
12Z AVG MX 2MIN
DY MAX MIN AVG DEP HDD CDD WTR SNW DPTH SPD SPD DIR MIN PSBL S-S WX SPD DR
================================================================================
1 64 46 55 -9 10 0 0.00 0.0 0 11.4 22 360 M M 1 31 360
2 71 44 58 -6 7 0 0.00 M M 8.2 14 60 M M 1 21 40
3 78 53 66 2 0 1 0.00 0.0 M 7.4 14 30 M M 3 20 60
4 80 49 65 2 0 0 0.00 0.0 M 3.8 14 10 M M 1 20 350
5 82 41 62 -1 3 0 0.00 0.0 M 3.8 15 320 M M 0 1 25 350
6 82 43 63 0 2 0 0.00 0.0 M 2.2 10 160 M M 0 14 180
7 84 46 65 3 0 0 0.00 0.0 0 2.7 12 230 M M 0 15 280
8 83 45 64 2 1 0 0.00 0.0 0 1.7 10 180 M M 1 1 14 160
9 81 50 66 4 0 1 0.00 0.0 0 1.5 10 220 M M 8 12 13 220
10 87 52 70 8 0 5 0.00 M M 1.5 10 260 M M 5 12 13 220
11 84 63 74 13 0 9 T 0.0 M 5.0 15 360 M M 7 21 360
12 71 58 65 4 0 0 0.00 0.0 0 7.6 13 60 M M 9 20 60
13 70 58 64 3 1 0 T 0.0 0 7.0 14 20 M M 8 18 50
14 67 57 62 2 3 0 0.12 0.0 0 9.1 15 70 M M 8 1 25 80
15 67 57 62 2 3 0 0.57 0.0 0 9.4 17 40 M M 10 1 28 70
16 74 63 69 9 0 4 0.02 0.0 0 9.2 16 70 M M 9 1 23 60
17 78 65 72 12 0 7 0.00 0.0 0 6.0 13 340 M M 9 20 330
18 81 56 69 10 0 4 0.00 0.0 0 5.7 16 310 M M 3 1 21 290
19 77 49 63 4 2 0 0.00 0.0 0 2.4 9 220 M M 1 14 210
20 80 47 64 5 1 0 0.00 0.0 0 2.8 13 140 M M 2 16 160
21 75 65 70 11 0 5 T 0.0 0 8.5 17 150 M M 9 27 150
22 73 50 62 4 3 0 0.18 0.0 0 10.1 20 310 M M 6 13 24 320
23 61 40 51 -7 14 0 0.01 0.0 0 3.7 9 350 M M 5 13 20
24 66 51 59 1 6 0 0.07 0.0 0 2.1 9 260 M M 5 11 240
25 74 44 59 1 6 0 0.00 0.0 0 2.3 10 110 M M 4 14 100
26 63 56 60 2 5 0 2.37 0.0 M 6.0 13 310 M M 9 1 20 30
27 61 44 53 -5 12 0 0.00 M M 7.4 16 340 M M 4 1 22 330
28 60 35 48 -9 17 0 0.00 0.0 M 5.8 16 340 M M 1 23 340
29 59 27 43 -14 22 0 0.00 0.0 M 3.1 10 340 M M 1 19 360
30 66 28 47 -10 18 0 0.00 0.0 M 2.4 13 90 M M 5 17 100
================================================================================
SM 2199 1482 136 36 3.34 0.0 159.8 M 135
================================================================================
AV 73.3 49.4 5.3 FASTST M M 5 MAX(MPH)
MISC ----> 22 360 31 360
================================================================================
NOTES:
# LAST OF SEVERAL OCCURRENCES
COLUMN 17 PEAK WIND IN M.P.H.
PRELIMINARY LOCAL CLIMATOLOGICAL DATA (WS FORM: F-6) , PAGE 2
STATION: TALLAHASSEE
MONTH: NOVEMBER
YEAR: 2023
LATITUDE: 30 22 N
LONGITUDE: 84 22 W
[TEMPERATURE DATA] [PRECIPITATION DATA] SYMBOLS USED IN COLUMN 16
AVERAGE MONTHLY: 61.4 TOTAL FOR MONTH: 3.34 1 = FOG OR MIST
DPTR FM NORMAL: 1.2 DPTR FM NORMAL: 0.24 2 = FOG REDUCING VISIBILITY
HIGHEST: 87 ON 10 GRTST 24HR 2.37 ON 26-26 TO 1/4 MILE OR LESS
LOWEST: 27 ON 29 3 = THUNDER
SNOW, ICE PELLETS, HAIL 4 = ICE PELLETS
TOTAL MONTH: 0.0 INCH 5 = HAIL
GRTST 24HR 0.0 6 = FREEZING RAIN OR DRIZZLE
GRTST DEPTH: 0 7 = DUSTSTORM OR SANDSTORM:
VSBY 1/2 MILE OR LESS
8 = SMOKE OR HAZE
[NO. OF DAYS WITH] [WEATHER - DAYS WITH] 9 = BLOWING SNOW
X = TORNADO
MAX 32 OR BELOW: 0 0.01 INCH OR MORE: 7
MAX 90 OR ABOVE: 0 0.10 INCH OR MORE: 4
MIN 32 OR BELOW: 2 0.50 INCH OR MORE: 2
MIN 0 OR BELOW: 0 1.00 INCH OR MORE: 1
[HDD (BASE 65) ]
TOTAL THIS MO. 136 CLEAR (SCALE 0-3) 12
DPTR FM NORMAL -54 PTCLDY (SCALE 4-7) 10
TOTAL FM JUL 1 158 CLOUDY (SCALE 8-10) 8
DPTR FM NORMAL -71
[CDD (BASE 65) ]
TOTAL THIS MO. 36
DPTR FM NORMAL -11 [PRESSURE DATA]
TOTAL FM JAN 1 3245 HIGHEST SLP 30.40 ON 2
DPTR FM NORMAL 503 LOWEST SLP 29.79 ON 18
[REMARKS]
#FINAL-11-23#