000
CXUS52 KMFL 011130
CF6TMB
PRELIMINARY LOCAL CLIMATOLOGICAL DATA (WS FORM: F-6)
STATION: KENDALL-TAMIAMI EXEC ARPT
MONTH: JANUARY
YEAR: 2023
LATITUDE: 25 38 N
LONGITUDE: 80 26 W
TEMPERATURE IN F: :PCPN: SNOW: WIND :SUNSHINE: SKY :PK WND
================================================================================
1 2 3 4 5 6A 6B 7 8 9 10 11 12 13 14 15 16 17 18
12Z AVG MX 2MIN
DY MAX MIN AVG DEP HDD CDD WTR SNW DPTH SPD SPD DIR MIN PSBL S-S WX SPD DR
================================================================================
1 86 61 74 7 0 9 0.00 0.0 0 3.5 13 100 M M 3 1 15 110
2 83 64 74 7 0 9 0.00 0.0 M 6.9 15 100 M M 2 22 120
3 83 68 76 9 0 11 0.00 0.0 M 8.3 17 120 M M 3 22 120
4 84 71 78 11 0 13 0.00 0.0 M 7.2 17 130 M M 2 23 130
5 86 64 75 8 0 10 0.00 M M 4.4 10 250 M M 2 1 15 210
6 77 57 67 0 0 2 0.00 M M 9.7 18 360 M M 0 23 360
7 79 56 68 1 0 3 T M M 6.5 17 70 M M 1 24 130
8 80 54 67 0 0 2 0.00 M M 3.6 13 100 M M 2 1 19 80
9 80 58 69 2 0 4 T M M 4.5 17 320 M M 1 20 10
10 80 54 67 0 0 2 0.00 M M 5.7 13 280 M M 0 19 280
11 78 47 63 -4 2 0 0.00 0.0 0 4.5 12 100 M M 0 16 360
12 80 53 67 0 0 2 T 0.0 0 3.3 14 140 M M 1 1 20 140
13 82 54 68 2 0 3 0.01 0.0 0 11.2 30 280 M M 2 35 280
14 62 47 55 -11 10 0 0.00 M M 15.7 23 300 M M 1 30 340
15 63 38 51 -15 14 0 0.00 0.0 0 6.7 17 330 M M 0 23 320
16 74 39 57 -9 8 0 0.00 0.0 0 3.2 12 130 M M 0 16 150
17 76 48 62 -4 3 0 0.00 0.0 0 3.6 15 130 M M 1 1 20 120
18 81 53 67 1 0 2 0.00 0.0 0 5.5 17 130 M M 2 22 120
19 82 58 70 4 0 5 T M M 4.6 13 140 M M 1 17 130
20 84 60 72 5 0 7 T M M 3.1 12 130 M M 2 1 15 140
21 83 62 73 6 0 8 0.00 0.0 0 4.6 13 110 M M 1 17 150
22 84 63 74 7 0 9 0.00 0.0 0 8.0 18 180 M M 2 25 150
23 88 63 76 9 0 11 0.00 0.0 0 7.9 24 310 M M 1 34 290
24 82 62 72 5 0 7 T M M 11.2 22 100 M M 5 27 110
25 84 69 77 10 0 12 T 0.0 0 8.1 18 150 M M 3 27 160
26 83 67 75 8 0 10 T 0.0 0 7.5 18 320 M M 3 22 320
27 70 60 65 -2 0 0 0.00 0.0 0 11.6 20 360 M M 9 25 10
28 79 62 71 4 0 6 T 0.0 0 12.4 24 70 M M 9 29 80
29 84 70 77 10 0 12 T 0.0 0 12.4 22 90 M M 5 18 27 120
30 84 65 75 8 0 10 T M M 6.6 15 110 M M 3 128 22 110
31 84 62 73 5 0 8 0.00 M M 5.9 14 120 M M 2 18 100
================================================================================
SM 2485 1809 37 177 0.01 0.0 217.9 M 69
================================================================================
AV 80.2 58.4 7.0 FASTST M M 2 MAX(MPH)
MISC ----> 30 280 35 280
================================================================================
NOTES:
# LAST OF SEVERAL OCCURRENCES
COLUMN 17 PEAK WIND IN M.P.H.
PRELIMINARY LOCAL CLIMATOLOGICAL DATA (WS FORM: F-6) , PAGE 2
STATION: KENDALL-TAMIAMI EXEC ARPT
MONTH: JANUARY
YEAR: 2023
LATITUDE: 25 38 N
LONGITUDE: 80 26 W
[TEMPERATURE DATA] [PRECIPITATION DATA] SYMBOLS USED IN COLUMN 16
AVERAGE MONTHLY: 69.3 TOTAL FOR MONTH: 0.01 1 = FOG OR MIST
DPTR FM NORMAL: 2.4 DPTR FM NORMAL: -1.73 2 = FOG REDUCING VISIBILITY
HIGHEST: 88 ON 23 GRTST 24HR 0.08 ON 13-13 TO 1/4 MILE OR LESS
LOWEST: 38 ON 15 3 = THUNDER
SNOW, ICE PELLETS, HAIL 4 = ICE PELLETS
TOTAL MONTH: 0.0 INCH 5 = HAIL
GRTST 24HR 0.0 6 = FREEZING RAIN OR DRIZZLE
GRTST DEPTH: 0 7 = DUSTSTORM OR SANDSTORM:
VSBY 1/2 MILE OR LESS
8 = SMOKE OR HAZE
[NO. OF DAYS WITH] [WEATHER - DAYS WITH] 9 = BLOWING SNOW
X = TORNADO
MAX 32 OR BELOW: 0 0.01 INCH OR MORE: 1
MAX 90 OR ABOVE: 0 0.10 INCH OR MORE: 0
MIN 32 OR BELOW: 0 0.50 INCH OR MORE: 0
MIN 0 OR BELOW: 0 1.00 INCH OR MORE: 0
[HDD (BASE 65) ]
TOTAL THIS MO. 37 CLEAR (SCALE 0-3) 24
DPTR FM NORMAL -25 PTCLDY (SCALE 4-7) 5
TOTAL FM JUL 1 84 CLOUDY (SCALE 8-10) 2
DPTR FM NORMAL -25
[CDD (BASE 65) ]
TOTAL THIS MO. 177
DPTR FM NORMAL 57 [PRESSURE DATA]
TOTAL FM JAN 1 177 HIGHEST SLP 30.28 ON 28
DPTR FM NORMAL 57 LOWEST SLP 29.85 ON 13
[REMARKS]
#FINAL-01-23#