000
CXUS53 KTOP 011758
CLATOP

CLIMATE REPORT
NATIONAL WEATHER SERVICE TOPEKA KS
921 AM CST FRI JAN 1 2016

...................................

...THE TOPEKA KS CLIMATE SUMMARY FOR THE YEAR OF 2015...

CLIMATE NORMAL PERIOD 1981 TO 2010
CLIMATE RECORD PERIOD 1887 TO 2015

WEATHER         OBSERVED          NORMAL  DEPART  LAST YEAR`S
                 VALUE   DATE(S)  VALUE   FROM    VALUE  DATE(S)
                                          NORMAL
................................................................
TEMPERATURE (F)
RECORD
 HIGH             114   07/24/1936
 LOW              -26   12/23/1989
HIGHEST           100   07/24        MM      MM      103  07/22
LOWEST              0   02/05        MM      MM       -8  01/06
AVG. MAXIMUM     67.8              66.1     1.7     66.0
AVG. MINIMUM     45.3              44.2     1.1     43.3
MEAN             56.6              55.1     1.5     54.7
DAYS MAX >= 90     45              41.5     3.5       45
DAYS MAX <= 32     23              21.3     1.7       33
DAYS MIN <= 32    106             110.9    -4.9      121
DAYS MIN <= 0       1               4.0    -3.0        6

PRECIPITATION (INCHES)
RECORD
 MAXIMUM        60.89   1973
 MINIMUM        19.07   1963
TOTALS          49.39             36.46   12.93    31.15
DAILY AVG.       0.14              0.10    0.04     0.09
DAYS >= .01       109              99.6     9.4      102
DAYS >= .10        67              60.6     6.4       53
DAYS >= .50        30              23.9     6.1       23
DAYS >= 1.00       17              10.1     6.9        9
GREATEST
 24 HR. TOTAL    4.38   MM                       12/31 TO 12/31
                                                          12/31 TO 12/31
                                                          12/31 TO 12/31

SNOWFALL (INCHES)
RECORDS
 TOTAL           48.6   1960
 24 HR TOTAL     17.3   02/26/1900 TO 02/27/1900
 SNOW DEPTH        18   03/16/1960
TOTALS            9.1              17.8    -8.7     25.5
SINCE 7/1         1.2               6.5    -5.3      2.4
SNOWDEPTH AVG.      0                MM      MM        0
DAYS >= TRACE      28              12.7    15.3       40
DAYS >= 1.0         3               5.2    -2.2        6
GREATEST
 SNOW DEPTH         2   02/19                         13  02/05
                        02/18
 24 HR TOTAL      1.8   MM                       12/31 TO 12/31
                                                          12/31 TO 12/31
                                                          12/31 TO 12/31

DEGREE_DAYS
HEATING TOTAL    4467              5020    -553     5250
 SINCE 7/1         MM              2017      MM       MM
COOLING TOTAL    1536              1422     114     1611
 SINCE 1/1       1536              1422     114     1611
..................................................

WIND (MPH)
AVERAGE WIND SPEED              7.6
RESULTANT WIND SPEED/DIRECTION   1/157
HIGHEST WIND SPEED/DIRECTION    40/140    DATE  09/07
HIGHEST GUST SPEED/DIRECTION    52/140    DATE  05/05

SKY COVER
AVERAGE SKY COVER           0.30

AVERAGE RH (PERCENT)     68

WEATHER CONDITIONS. NUMBER OF DAYS WITH
THUNDERSTORM             58     MIXED PRECIP               0
HEAVY RAIN               39     RAIN                      47
LIGHT RAIN              117     FREEZING RAIN              2
LT FREEZING RAIN          5     HAIL                       1
HEAVY SNOW                0     SNOW                       2
LIGHT SNOW               22     FOG                      170
FOG W/VIS <= 1/4 MILE    19     HAZE                      41

-  INDICATES NEGATIVE NUMBERS.
R  INDICATES RECORD WAS SET OR TIED.
MM INDICATES DATA IS MISSING.
T  INDICATES TRACE AMOUNT.

REMARKS...

2015 WAS A VERY WET YEAR...PLACING AS THE THIRD WETTEST YEAR ON
RECORD. IT WAS 1.25 INCHES SHORT OF THE SECOND WETTEST YEAR OF
1967...BUT WELL SHORT OF THE 1973 RECORD OF 60.88 INCHES. MUCH OF
THE ABOVE NORMAL PRECIPITATION CAME IN THE LAST HALF OF THE
YEAR...WITH MONTHLY TOTALS OF FOUR OF THE LAST SIX MONTHS OF THE
YEAR PLACING IN THE TOP ELEVEN OF THE HIGHEST TOTALS FOR THEIR
RESPECTIVE MONTHS. 2015 ALSO RANKS AS THE FOURTEENTH HOTTEST YEAR ON
RECORD...WITH AVERAGES OF FIVE OF THE YEARS MONTHS PLACING IN THE
TOP TWENTY FOR THEIR RESPECTIVE MONTHS.

OF COURSE COLD TEMPERATURES STARTED THE YEAR...INCLUDING A SEVEN DAY
STRETCH IN JANUARY WHEN LOW TEMPERATURES WERE IN THE SINGLE DIGITS
ON SIX OF THE SEVEN DAYS. EXTREMELY HIGH PRESSURE AT THE SURFACE
ACCOMPANIED THIS VERY COLD ARIMASS...INCLUDING A RECORD HIGH READING
OF 1054.3 MILLIBARS ON JANUARY 7. A MUCH DIFFERENT SCENARIO BROUGHT
THE TEMPERATURE TO 78 DEGREES JUST THREE WEEKS LATER. THIS
TEMPERATURE WAS THE HIGHEST FOR ANY JANUARY DATE ON RECORD FOR
TOPEKA. THE 9.43 INCHES OF RAIN IN MAY WAS THE 29TH WETTEST FOR ANY
MONTH ON RECORD AND THE WETTEST MONTH IN TOPEKA SINCE JUNE 2010.
LATE JULY BROUGHT PERSISTENT HEAT WITH AN AVERAGE PEAK HEAT INDEX OF
104 FROM JULY 12 THROUGH JULY 28...AND HEAT INDEX VALUES NEARING 120
ON JULY 13 AND 24. AUGUST BROUGHT RELATIVELY COOL TEMPERATURES. THE
HIGHEST TEMPERATURE MEASURED THAT MONTH WAS 93 DEGREES. ONLY FOUR
OTHER MONTHS OF AUGUST ON RECORD HAD A LOWER HIGHEST TEMPERATURE.
FLASH FLOODING OCCURRED IN THE EVENING OF SEPTEMBER 10 AS 3.41
INCHES OF RAIN FELL IN AN HOUR...CAUSING SOME MOTORISTS TO BECOME
STRANDED IN THEIR VEHICLES AND REQUIRING WATER RESCUES. PERIODS OF
FREEZING RAIN AND SLEET FELL DURING THE LAST FEW DAYS OF NOVEMBER
AND LEAD TO SOME POWER OUTAGES AND MANY TRAFFIC ACCIDENTS. RAIN WAS
PERSISTENT IN THE DAYTIME HOURS OF DECEMBER 13 WITH A RECORD-
BREAKING 1.64 INCHES OF RAIN ACCUMULATING. THIS WAS THE SEVENTH
WETTEST DAY OF ANY DAY IN DECEMBER AND THIRTEENTH WETTEST OF ANY DAY
IN METEOROLOGICAL WINTER.


-- DAILY RECORDS --

HIGHEST MAXIMUM - JAN 19...67 F
                  JAN 28...78 F
                  DEC 9....70 F

LOWEST MINIMUM -- NONE

HIGHEST MINIMUM - SEP 17...75 F

LOWEST MAXIMUM -- MAY 20...55 F
                  JUL 7....71 F
                  JUL 8....71 F

PRECIPITATION --- JAN 31...1.04 INCHES
                  JUL 29...2.09 INCHES
                  SEP 10...4.38 INCHES
                  NOV 26...1.13 INCHES
                  DEC 13...1.64 INCHES

SNOWFALL -------- NONE


-- MONTHLY AVERAGE TEMPERATURES IN THE TOP 20 ON RECORD --

FEBRUARY....20TH COLDEST
JUNE........20TH HOTTEST
SEPTMEBER...11TH HOTTEST
NOVEMBER....13TH HOTTEST
DECEMBER.....4TH HOTTEST (TIED 1965)

-- MONTHLY AVERAGE PRECIPITATION IN THE TOP 20 ON RECORD --

MAY..........6TH WETTEST
JULY.........7TH WETTEST
SEPTEMBER...10TH WETTEST
NOVEMBER.....7TH WETTEST
DECEMBER....11TH WETTEST


-- THUNDERSTORM-RELATED SEVERE WEATHER REPORTS --

HAIL ----- JUN 4....1.25 INCH

WIND ----- JUN 4....60-70 MPH WINDS, TREE LIMB DAMAGE
           JUN 26...TREE LIMB DAMAGE
           AUG 8....60-70 MPH WINDS


$$
