000
CDUS43 KTOP 280635
CLITOP


CLIMATE REPORT
NATIONAL WEATHER SERVICE TOPEKA KS
134 AM CDT SUN SEP 28 2014


...................................

...THE TOPEKA KS CLIMATE SUMMARY FOR SEPTEMBER 27 2014...

CLIMATE NORMAL PERIOD 1981 TO 2010
CLIMATE RECORD PERIOD 1887 TO 2014


WEATHER ITEM   OBSERVED TIME   RECORD YEAR NORMAL DEPARTURE LAST
                VALUE   (LST)  VALUE       VALUE  FROM      YEAR
                                                  NORMAL
..................................................................
TEMPERATURE (F)
 YESTERDAY
  MAXIMUM         83    327 PM  95    1911  76      7       89
  MINIMUM         55    558 AM  33    1942  51      4       69
                                      1889
  AVERAGE         69                        63      6       79

PRECIPITATION (IN)
  YESTERDAY        0.00          2.00 1900   0.12  -0.12     0.00
  MONTH TO DATE    4.14                      3.31   0.83     3.09
  SINCE SEP 1      4.14                      3.31   0.83     3.09
  SINCE JAN 1     23.98                     29.88  -5.90    27.56

SNOWFALL (IN)
  YESTERDAY        0.0           T    1923   0.0    0.0      0.0
  MONTH TO DATE    0.0                       0.0    0.0      0.0
  SINCE JAN 1     23.1                      11.3   11.8     24.2
  SINCE JUL 1      T                         0.0    0.0      0.0
  SNOW DEPTH       0

DEGREE DAYS
 HEATING
  YESTERDAY        0                         4     -4        0
  MONTH TO DATE   49                        49      0        5
  SINCE SEP 1     49                        49      0        5
  SINCE JUL 1     49                        51     -2        5

 COOLING
  YESTERDAY        4                         3      1       14
  MONTH TO DATE  153                       157     -4      255
  SINCE SEP 1    153                       157     -4      255
  SINCE JAN 1   1563                      1385    178     1549
..................................................................


WIND (MPH)
  HIGHEST WIND SPEED    15   HIGHEST WIND DIRECTION     S (160)
  HIGHEST GUST SPEED    20   HIGHEST GUST DIRECTION    SE (120)
  AVERAGE WIND SPEED     3.8


SKY COVER
  AVERAGE SKY COVER 0.0


WEATHER CONDITIONS
 THE FOLLOWING WEATHER WAS RECORDED YESTERDAY.
  FOG


RELATIVE HUMIDITY (PERCENT)
 HIGHEST   100           500 AM
 LOWEST     40           300 PM
 AVERAGE    70

..........................................................


THE TOPEKA KS CLIMATE NORMALS FOR TODAY
                         NORMAL    RECORD    YEAR
 MAXIMUM TEMPERATURE (F)   75       104      1953
 MINIMUM TEMPERATURE (F)   51        33      1888


SUNRISE AND SUNSET
SEPTEMBER 28 2014.....SUNRISE   716 AM CDT   SUNSET   710 PM CDT
SEPTEMBER 29 2014.....SUNRISE   717 AM CDT   SUNSET   708 PM CDT


-  INDICATES NEGATIVE NUMBERS.
R  INDICATES RECORD WAS SET OR TIED.
MM INDICATES DATA IS MISSING.
T  INDICATES TRACE AMOUNT.




$$
