000
CDUS43 KTOP 282238
CLITOP


CLIMATE REPORT
NATIONAL WEATHER SERVICE TOPEKA KS
436 PM CST WED JAN 28 2015


...................................

...THE TOPEKA KS CLIMATE SUMMARY FOR JANUARY 28 2015...
VALID TODAY AS OF 0400 PM LOCAL TIME.

CLIMATE NORMAL PERIOD 1981 TO 2010
CLIMATE RECORD PERIOD 1887 TO 2015


WEATHER ITEM   OBSERVED TIME   RECORD YEAR NORMAL DEPARTURE LAST
                VALUE   (LST)  VALUE       VALUE  FROM      YEAR
                                                  NORMAL
..................................................................
TEMPERATURE (F)
 TODAY
  MAXIMUM         78R   310 PM  77    2013  41     37       25
  MINIMUM         32    702 AM -11    1948  20     12        2
  AVERAGE         55                        30     25       14

PRECIPITATION (IN)
  TODAY            0.00          0.79 1989   0.03  -0.03     0.00
  MONTH TO DATE    0.08                      0.75  -0.67     0.34
  SINCE DEC 1      2.35                      2.10   0.25     0.90
  SINCE JAN 1      0.08                      0.75  -0.67     0.34

SNOWFALL (IN)
  TODAY            0.0           2.3  2000   0.2   -0.2      0.0
  MONTH TO DATE    1.2                       4.4   -3.2      3.8
  SINCE JAN 1      1.2                       4.4   -3.2      3.8
  SINCE JUL 1      3.6                      10.9   -7.3      8.1
  SNOW DEPTH       0

DEGREE DAYS
 HEATING
  TODAY           10                        35    -25       51
  MONTH TO DATE  936                       987    -51     1057
  SINCE DEC 1   1819                      2010   -191     2165
  SINCE JUL 1   2850                      3004   -154     3161

 COOLING
  TODAY            0                         0      0        0
  MONTH TO DATE    0                         0      0        0
  SINCE DEC 1      0                         0      0        0
  SINCE JAN 1      0                         0      0        0
..................................................................


WIND (MPH)
  HIGHEST WIND SPEED    23   HIGHEST WIND DIRECTION    SW (230)
  HIGHEST GUST SPEED    33   HIGHEST GUST DIRECTION    SW (230)
  AVERAGE WIND SPEED     9.4



WEATHER CONDITIONS
 THE FOLLOWING WEATHER WAS RECORDED TODAY.
  NO SIGNIFICANT WEATHER WAS OBSERVED.


RELATIVE HUMIDITY (PERCENT)
 HIGHEST    82           700 AM
 LOWEST     24           300 PM
 AVERAGE    53

..........................................................


THE TOPEKA KS CLIMATE NORMALS FOR TOMORROW
                         NORMAL    RECORD    YEAR
 MAXIMUM TEMPERATURE (F)   41        70      2013
 MINIMUM TEMPERATURE (F)   20        -9      1966


SUNRISE AND SUNSET
JANUARY 28 2015.......SUNRISE   733 AM CST   SUNSET   539 PM CST
JANUARY 29 2015.......SUNRISE   732 AM CST   SUNSET   540 PM CST


-  INDICATES NEGATIVE NUMBERS.
R  INDICATES RECORD WAS SET OR TIED.
MM INDICATES DATA IS MISSING.
T  INDICATES TRACE AMOUNT.

$$
