233
CDUS43 KTOP 240648
CLITOP


CLIMATE REPORT
NATIONAL WEATHER SERVICE TOPEKA KS
1248 AM CST FRI FEB 24 2017


...................................

...THE TOPEKA KS CLIMATE SUMMARY FOR FEBRUARY 23 2017...

CLIMATE NORMAL PERIOD 1981 TO 2010
CLIMATE RECORD PERIOD 1887 TO 2017


WEATHER ITEM   OBSERVED TIME   RECORD YEAR NORMAL DEPARTURE LAST
                VALUE   (LST)  VALUE       VALUE  FROM      YEAR
                                                  NORMAL
..................................................................
TEMPERATURE (F)
 YESTERDAY
  MAXIMUM         63    325 PM  78    1918  48     15       51
  MINIMUM         42   1148 PM  -6    1889  26     16       33
  AVERAGE         53                        37     16       42

PRECIPITATION (IN)
  YESTERDAY        T             0.63 1942   0.06  -0.06     0.00
  MONTH TO DATE    0.11                      1.06  -0.95     0.35
  SINCE DEC 1      2.44                      3.27  -0.83     3.96
  SINCE JAN 1      1.39                      1.92  -0.53     1.25

SNOWFALL (IN)
  YESTERDAY        0.0           6.0  1965   0.2   -0.2      0.0
  MONTH TO DATE    T                         4.0   -4.0       T
  SINCE JAN 1      2.2                       8.9   -6.7      2.1
  SINCE JUL 1      5.3                      15.4  -10.1      3.3
  SNOW DEPTH       0

DEGREE DAYS
 HEATING
  YESTERDAY       12                        28    -16       23
  MONTH TO DATE  461                       722   -261      574
  SINCE DEC 1   2495                      2838   -343     2394
  SINCE JUL 1   3068                      3832   -764     3130

 COOLING
  YESTERDAY        0                         0      0        0
  MONTH TO DATE    0                         0      0        0
  SINCE DEC 1      0                         0      0        0
  SINCE JAN 1      0                         0      0        0
..................................................................


WIND (MPH)
  HIGHEST WIND SPEED    29   HIGHEST WIND DIRECTION    NW (320)
  HIGHEST GUST SPEED    37   HIGHEST GUST DIRECTION    NW (310)
  AVERAGE WIND SPEED    12.4


SKY COVER
  AVERAGE SKY COVER 0.2


WEATHER CONDITIONS
 THE FOLLOWING WEATHER WAS RECORDED YESTERDAY.
  LIGHT RAIN
  FOG


RELATIVE HUMIDITY (PERCENT)
 HIGHEST    93           900 PM
 LOWEST     59          1100 AM
 AVERAGE    76

..........................................................


THE TOPEKA KS CLIMATE NORMALS FOR TODAY
                         NORMAL    RECORD    YEAR
 MAXIMUM TEMPERATURE (F)   48        83      1930
 MINIMUM TEMPERATURE (F)   27        -4      1913


SUNRISE AND SUNSET
FEBRUARY 24 2017......SUNRISE   702 AM CST   SUNSET   610 PM CST
FEBRUARY 25 2017......SUNRISE   700 AM CST   SUNSET   611 PM CST


-  INDICATES NEGATIVE NUMBERS.
R  INDICATES RECORD WAS SET OR TIED.
MM INDICATES DATA IS MISSING.
T  INDICATES TRACE AMOUNT.




$$
