000
CDUS43 KTOP 010631
CLITOP


CLIMATE REPORT
NATIONAL WEATHER SERVICE TOPEKA KS
131 AM CDT TUE SEP 1 2015


...................................

...THE TOPEKA KS CLIMATE SUMMARY FOR AUGUST 31 2015...

CLIMATE NORMAL PERIOD 1981 TO 2010
CLIMATE RECORD PERIOD 1887 TO 2015


WEATHER ITEM   OBSERVED TIME   RECORD YEAR NORMAL DEPARTURE LAST
                VALUE   (LST)  VALUE       VALUE  FROM      YEAR
                                                  NORMAL
..................................................................
TEMPERATURE (F)
 YESTERDAY
  MAXIMUM         91    352 PM 107    2000  86      5       97
                                      1947
  MINIMUM         64    522 AM  47    1967  63      1       68
                                      1915
  AVERAGE         78                        74      4       83

PRECIPITATION (IN)
  YESTERDAY        0.00          3.88 1977   0.13  -0.13     0.94
  MONTH TO DATE    3.10                      4.24  -1.14     5.19
  SINCE JUN 1     18.65                     13.46   5.19    12.37
  SINCE JAN 1     33.24                     26.57   6.67    19.84

SNOWFALL (IN)
  YESTERDAY        0.0           T    1974   0.0    0.0      0.0
  MONTH TO DATE    0.0                       0.0    0.0       T
  SINCE JAN 1      7.9                      11.3   -3.4     23.1
  SINCE JUL 1      0.0                       0.0    0.0       T
  SNOW DEPTH       0

DEGREE DAYS
 HEATING
  YESTERDAY        0                         0      0        0
  MONTH TO DATE    0                         0      0        0
  SINCE JUN 1      0                        10    -10        0
  SINCE JUL 1      0                         2     -2        0

 COOLING
  YESTERDAY       13                        10      3       18
  MONTH TO DATE  322                       386    -64      487
  SINCE JUN 1   1136                      1102     34     1193
  SINCE JAN 1   1218                      1228    -10     1410
..................................................................


WIND (MPH)
  HIGHEST WIND SPEED    17   HIGHEST WIND DIRECTION     S (160)
  HIGHEST GUST SPEED    21   HIGHEST GUST DIRECTION     S (160)
  AVERAGE WIND SPEED     5.6


SKY COVER
  AVERAGE SKY COVER 0.2


WEATHER CONDITIONS
 THE FOLLOWING WEATHER WAS RECORDED YESTERDAY.
  FOG
  FOG W/VISIBILITY <= 1/4 MILE
  HAZE


RELATIVE HUMIDITY (PERCENT)
 HIGHEST   100           600 AM
 LOWEST     50           200 PM
 AVERAGE    75

..........................................................


THE TOPEKA KS CLIMATE NORMALS FOR TODAY
                         NORMAL    RECORD    YEAR
 MAXIMUM TEMPERATURE (F)   86       106      2011
 MINIMUM TEMPERATURE (F)   62        44      1949


SUNRISE AND SUNSET
SEPTEMBER  1 2015.....SUNRISE   651 AM CDT   SUNSET   753 PM CDT
SEPTEMBER  2 2015.....SUNRISE   652 AM CDT   SUNSET   752 PM CDT


-  INDICATES NEGATIVE NUMBERS.
R  INDICATES RECORD WAS SET OR TIED.
MM INDICATES DATA IS MISSING.
T  INDICATES TRACE AMOUNT.




$$
