000
CDUS43 KTOP 170636
CLITOP


CLIMATE REPORT
NATIONAL WEATHER SERVICE TOPEKA KS
133 AM CDT SAT JUN 17 2017


...................................

...THE TOPEKA KS CLIMATE SUMMARY FOR JUNE 16 2017...

CLIMATE NORMAL PERIOD 1981 TO 2010
CLIMATE RECORD PERIOD 1887 TO 2017


WEATHER ITEM   OBSERVED TIME   RECORD YEAR NORMAL DEPARTURE LAST
                VALUE   (LST)  VALUE       VALUE  FROM      YEAR
                                                  NORMAL
..................................................................
TEMPERATURE (F)
 YESTERDAY
  MAXIMUM         92    456 PM 103    1946  85      7       93
  MINIMUM         66    551 AM  49    1942  64      2       71
  AVERAGE         79                        74      5       82

PRECIPITATION (IN)
  YESTERDAY        1.41          3.09 2010   0.19   1.22     T
  MONTH TO DATE    2.27                      2.91  -0.64     1.58
  SINCE JUN 1      2.27                      2.91  -0.64     1.58
  SINCE JAN 1     17.42                     16.02   1.40    20.89

SNOWFALL (IN)
  YESTERDAY        0.0           T    2009   0.0    0.0      0.0
  MONTH TO DATE    0.0                       0.0    0.0      0.0
  SINCE JAN 1      3.5                      11.3   -7.8      3.7
  SINCE JUL 1      6.6                      17.8  -11.2      4.9
  SNOW DEPTH       0

DEGREE DAYS
 HEATING
  YESTERDAY        0                         0      0        0
  MONTH TO DATE    0                         6     -6        0
  SINCE JUN 1      0                         6     -6        0
  SINCE JUL 1   4007                      5019  -1012     4002

 COOLING
  YESTERDAY       14                        10      4       17
  MONTH TO DATE  187                       124     63      194
  SINCE JUN 1    187                       124     63      194
  SINCE JAN 1    316                       250     66      286
..................................................................


WIND (MPH)
  HIGHEST WIND SPEED    28   HIGHEST WIND DIRECTION     N (360)
  HIGHEST GUST SPEED    36   HIGHEST GUST DIRECTION     N (10)
  AVERAGE WIND SPEED     9.5


SKY COVER
  AVERAGE SKY COVER 0.1


WEATHER CONDITIONS
 THE FOLLOWING WEATHER WAS RECORDED YESTERDAY.
  THUNDERSTORM
  HEAVY RAIN
  FOG


RELATIVE HUMIDITY (PERCENT)
 HIGHEST    93           600 AM
 LOWEST     42          1200 AM
 AVERAGE    68

..........................................................


THE TOPEKA KS CLIMATE NORMALS FOR TODAY
                         NORMAL    RECORD    YEAR
 MAXIMUM TEMPERATURE (F)   85       103      1946
 MINIMUM TEMPERATURE (F)   64        50      1999


SUNRISE AND SUNSET
JUNE 17 2017..........SUNRISE   556 AM CDT   SUNSET   851 PM CDT
JUNE 18 2017..........SUNRISE   556 AM CDT   SUNSET   851 PM CDT


-  INDICATES NEGATIVE NUMBERS.
R  INDICATES RECORD WAS SET OR TIED.
MM INDICATES DATA IS MISSING.
T  INDICATES TRACE AMOUNT.




$$
