000
CDUS43 KTOP 200741
CLITOP


CLIMATE REPORT
NATIONAL WEATHER SERVICE TOPEKA KS
229 AM CDT SAT MAY 20 2017


...................................

...THE TOPEKA KS CLIMATE SUMMARY FOR MAY 19 2017...

CLIMATE NORMAL PERIOD 1981 TO 2010
CLIMATE RECORD PERIOD 1887 TO 2017


WEATHER ITEM   OBSERVED TIME   RECORD YEAR NORMAL DEPARTURE LAST
                VALUE   (LST)  VALUE       VALUE  FROM      YEAR
                                                  NORMAL
..................................................................
TEMPERATURE (F)
 YESTERDAY
  MAXIMUM         69    357 PM  96    2006  77     -8       68
                                      1975
                                      1944
  MINIMUM         60    403 AM  30    1888  55      5       46
  AVERAGE         65                        66     -1       57

PRECIPITATION (IN)
  YESTERDAY        1.03          2.04 1977   0.16   0.87     0.03
  MONTH TO DATE    2.83                      2.98  -0.15     3.77
  SINCE MAR 1     12.90                      9.00   3.90    12.99
  SINCE JAN 1     14.29                     11.18   3.11    14.26

SNOWFALL (IN)
  YESTERDAY        0.0           0.0    MM   0.0    0.0      0.0
  MONTH TO DATE    T                         0.0    0.0       T
  SINCE JAN 1      3.5                      11.3   -7.8      3.7
  SINCE JUL 1      6.6                      17.8  -11.2      4.9
  SNOW DEPTH       0

DEGREE DAYS
 HEATING
  YESTERDAY        0                         2     -2        8
  MONTH TO DATE   53                        78    -25      109
  SINCE MAR 1    798                      1028   -230      746
  SINCE JUL 1   3979                      4995  -1016     3998

 COOLING
  YESTERDAY        0                         3     -3        0
  MONTH TO DATE   66                        43     23       18
  SINCE MAR 1    103                        71     32       36
  SINCE JAN 1    103                        71     32       36
..................................................................


WIND (MPH)
  HIGHEST WIND SPEED    28   HIGHEST WIND DIRECTION     E (70)
  HIGHEST GUST SPEED    34   HIGHEST GUST DIRECTION    NE (60)
  AVERAGE WIND SPEED     9.5


SKY COVER
  AVERAGE SKY COVER 1.0


WEATHER CONDITIONS
 THE FOLLOWING WEATHER WAS RECORDED YESTERDAY.
  THUNDERSTORM
  HEAVY RAIN
  RAIN
  LIGHT RAIN
  FOG


RELATIVE HUMIDITY (PERCENT)
 HIGHEST   100          1200 AM
 LOWEST     87           900 AM
 AVERAGE    94

..........................................................


THE TOPEKA KS CLIMATE NORMALS FOR TODAY
                         NORMAL    RECORD    YEAR
 MAXIMUM TEMPERATURE (F)   77        91      1964
                                             1937
                                             1933
 MINIMUM TEMPERATURE (F)   56        36      1981


SUNRISE AND SUNSET
MAY 20 2017...........SUNRISE   605 AM CDT   SUNSET   833 PM CDT
MAY 21 2017...........SUNRISE   605 AM CDT   SUNSET   834 PM CDT


-  INDICATES NEGATIVE NUMBERS.
R  INDICATES RECORD WAS SET OR TIED.
MM INDICATES DATA IS MISSING.
T  INDICATES TRACE AMOUNT.




$$
