000
CDUS43 KTOP 210636
CLITOP


CLIMATE REPORT
NATIONAL WEATHER SERVICE TOPEKA KS
136 AM CDT THU MAY 21 2015


...................................

...THE TOPEKA KS CLIMATE SUMMARY FOR MAY 20 2015...

CLIMATE NORMAL PERIOD 1981 TO 2010
CLIMATE RECORD PERIOD 1887 TO 2015


WEATHER ITEM   OBSERVED TIME   RECORD YEAR NORMAL DEPARTURE LAST
                VALUE   (LST)  VALUE       VALUE  FROM      YEAR
                                                  NORMAL
..................................................................
TEMPERATURE (F)
 YESTERDAY
  MAXIMUM         55    419 PM  91    1964  77    -22       90
                                      1937
                                      1933
  MINIMUM         49   1159 PM  36    1981  56     -7       63
  AVERAGE         52                        66    -14       77

PRECIPITATION (IN)
  YESTERDAY        1.00          2.37 1949   0.17   0.83     0.00
  MONTH TO DATE    6.07                      3.15   2.92     0.84
  SINCE MAR 1      9.24                      9.17   0.07     5.02
  SINCE JAN 1     11.23                     11.35  -0.12     6.68

SNOWFALL (IN)
  YESTERDAY        0.0           0.0    MM   0.0    0.0      0.0
  MONTH TO DATE    0.0                       0.0    0.0       T
  SINCE JAN 1      7.9                      11.3   -3.4     23.1
  SINCE JUL 1     10.3                      17.8   -7.5     27.4
  SNOW DEPTH       0

DEGREE DAYS
 HEATING
  YESTERDAY       13                         2     11        0
  MONTH TO DATE   66                        80    -14       96
  SINCE MAR 1    847                      1030   -183     1118
  SINCE JUL 1   4848                      4997   -149     5440

 COOLING
  YESTERDAY        0                         4     -4       12
  MONTH TO DATE   52                        47      5       82
  SINCE MAR 1     57                        75    -18      105
  SINCE JAN 1     57                        75    -18      105
..................................................................


WIND (MPH)
  HIGHEST WIND SPEED    20   HIGHEST WIND DIRECTION    NE (50)
  HIGHEST GUST SPEED    25   HIGHEST GUST DIRECTION    NE (50)
  AVERAGE WIND SPEED    10.6


SKY COVER
  AVERAGE SKY COVER 1.0


WEATHER CONDITIONS
 THE FOLLOWING WEATHER WAS RECORDED YESTERDAY.
  HEAVY RAIN
  RAIN
  LIGHT RAIN
  FOG


RELATIVE HUMIDITY (PERCENT)
 HIGHEST   100           300 AM
 LOWEST     77           500 PM
 AVERAGE    89

..........................................................


THE TOPEKA KS CLIMATE NORMALS FOR TODAY
                         NORMAL    RECORD    YEAR
 MAXIMUM TEMPERATURE (F)   77        97      1956
 MINIMUM TEMPERATURE (F)   56        33      1968


SUNRISE AND SUNSET
MAY 21 2015...........SUNRISE   605 AM CDT   SUNSET   834 PM CDT
MAY 22 2015...........SUNRISE   604 AM CDT   SUNSET   835 PM CDT


-  INDICATES NEGATIVE NUMBERS.
R  INDICATES RECORD WAS SET OR TIED.
MM INDICATES DATA IS MISSING.
T  INDICATES TRACE AMOUNT.




$$
