404
CDUS43 KTOP 212140
CLITOP


CLIMATE REPORT
NATIONAL WEATHER SERVICE TOPEKA KS
440 PM CDT SUN AUG 21 2016


...................................

...THE TOPEKA KS CLIMATE SUMMARY FOR AUGUST 21 2016...
VALID TODAY AS OF 0400 PM LOCAL TIME.

CLIMATE NORMAL PERIOD 1981 TO 2010
CLIMATE RECORD PERIOD 1887 TO 2016


WEATHER ITEM   OBSERVED TIME   RECORD YEAR NORMAL DEPARTURE LAST
                VALUE   (LST)  VALUE       VALUE  FROM      YEAR
                                                  NORMAL
..................................................................
TEMPERATURE (F)
 TODAY
  MAXIMUM         83    239 PM 107    2003  88     -5       84
  MINIMUM         55    536 AM  45    1956  66    -11       56
  AVERAGE         69                        77     -8       70

PRECIPITATION (IN)
  TODAY            0.00          1.74 1911   0.13  -0.13     0.00
  MONTH TO DATE    1.06                      2.86  -1.80     2.21
  SINCE JUN 1      8.81                     12.08  -3.27    17.76
  SINCE JAN 1     28.12                     25.19   2.93    32.35

SNOWFALL (IN)
  TODAY            0.0           0.0    MM   0.0    0.0      0.0
  MONTH TO DATE    0.0                       0.0    0.0      0.0
  SINCE JAN 1      3.7                      11.3   -7.6      7.9
  SINCE JUL 1      T                         0.0    0.0      0.0
  SNOW DEPTH       0

DEGREE DAYS
 HEATING
  TODAY            0                         0      0        0
  MONTH TO DATE    0                         0      0        0
  SINCE JUN 1      0                         8     -8        0
  SINCE JUL 1      0                         0      0        0

 COOLING
  TODAY            4                        12     -8        5
  MONTH TO DATE  281                       278      3      251
  SINCE JUN 1   1194                       994    200     1065
  SINCE JAN 1   1286                      1120    166     1147
..................................................................


WIND (MPH)
  HIGHEST WIND SPEED    10   HIGHEST WIND DIRECTION     W (270)
  HIGHEST GUST SPEED    14   HIGHEST GUST DIRECTION    NW (320)
  AVERAGE WIND SPEED     4.0



WEATHER CONDITIONS
 THE FOLLOWING WEATHER WAS RECORDED TODAY.
  NO SIGNIFICANT WEATHER WAS OBSERVED.


RELATIVE HUMIDITY (PERCENT)
 HIGHEST    93           200 AM
 LOWEST     34           100 PM
 AVERAGE    64

..........................................................


THE TOPEKA KS CLIMATE NORMALS FOR TOMORROW
                         NORMAL    RECORD    YEAR
 MAXIMUM TEMPERATURE (F)   88       103      1936
 MINIMUM TEMPERATURE (F)   65        48      1889


SUNRISE AND SUNSET
AUGUST 21 2016........SUNRISE   642 AM CDT   SUNSET   809 PM CDT
AUGUST 22 2016........SUNRISE   643 AM CDT   SUNSET   807 PM CDT


-  INDICATES NEGATIVE NUMBERS.
R  INDICATES RECORD WAS SET OR TIED.
MM INDICATES DATA IS MISSING.
T  INDICATES TRACE AMOUNT.




$$
