760
CDUS43 KTOP 260634
CLITOP


CLIMATE REPORT
NATIONAL WEATHER SERVICE TOPEKA KS
133 AM CDT WED APR 26 2017


...................................

...THE TOPEKA KS CLIMATE SUMMARY FOR APRIL 25 2017...

CLIMATE NORMAL PERIOD 1981 TO 2010
CLIMATE RECORD PERIOD 1887 TO 2017


WEATHER ITEM   OBSERVED TIME   RECORD YEAR NORMAL DEPARTURE LAST
                VALUE   (LST)  VALUE       VALUE  FROM      YEAR
                                                  NORMAL
..................................................................
TEMPERATURE (F)
 YESTERDAY
  MAXIMUM         72    254 PM  97    2012  70      2       79
  MINIMUM         47   1159 PM  32    2013  47      0       60
  AVERAGE         60                        58      2       70

PRECIPITATION (IN)
  YESTERDAY        0.01          1.42 1896   0.13  -0.12     0.00
  MONTH TO DATE    4.42                      2.82   1.60     3.37
  SINCE MAR 1      8.45                      5.31   3.14     5.67
  SINCE JAN 1      9.84                      7.49   2.35     6.94

SNOWFALL (IN)
  YESTERDAY       MM             T    1967   0.0   MM        0.0
  MONTH TO DATE    T                         0.3   -0.3      0.0
  SINCE JAN 1      3.5                      11.3   -7.8      3.7
  SINCE JUL 1      6.6                      17.8  -11.2      4.9
  SNOW DEPTH       0

DEGREE DAYS
 HEATING
  YESTERDAY        5                         8     -3        0
  MONTH TO DATE  173                       287   -114      175
  SINCE MAR 1    673                       915   -242      603
  SINCE JUL 1   3854                      4882  -1028     3855

 COOLING
  YESTERDAY        0                         1     -1        5
  MONTH TO DATE   28                        18     10       13
  SINCE MAR 1     37                        21     16       16
  SINCE JAN 1     37                        21     16       16
..................................................................


WIND (MPH)
  HIGHEST WIND SPEED    21   HIGHEST WIND DIRECTION    NW (320)
  HIGHEST GUST SPEED    25   HIGHEST GUST DIRECTION    NW (310)
  AVERAGE WIND SPEED     9.7


SKY COVER
  AVERAGE SKY COVER 0.5


WEATHER CONDITIONS
 THE FOLLOWING WEATHER WAS RECORDED YESTERDAY.
  THUNDERSTORM
  LIGHT RAIN


RELATIVE HUMIDITY (PERCENT)
 HIGHEST    93          1100 PM
 LOWEST     57          1000 AM
 AVERAGE    75

..........................................................


THE TOPEKA KS CLIMATE NORMALS FOR TODAY
                         NORMAL    RECORD    YEAR
 MAXIMUM TEMPERATURE (F)   70        94      1989
 MINIMUM TEMPERATURE (F)   47        31      1950


SUNRISE AND SUNSET
APRIL 26 2017.........SUNRISE   630 AM CDT   SUNSET   811 PM CDT
APRIL 27 2017.........SUNRISE   629 AM CDT   SUNSET   812 PM CDT


-  INDICATES NEGATIVE NUMBERS.
R  INDICATES RECORD WAS SET OR TIED.
MM INDICATES DATA IS MISSING.
T  INDICATES TRACE AMOUNT.




$$
