000
CDUS43 KTOP 100636
CLITOP


CLIMATE REPORT
NATIONAL WEATHER SERVICE TOPEKA KS
1235 AM CST SAT DEC 10 2016


...................................

...THE TOPEKA KS CLIMATE SUMMARY FOR DECEMBER 9 2016...

CLIMATE NORMAL PERIOD 1981 TO 2010
CLIMATE RECORD PERIOD 1887 TO 2016


WEATHER ITEM   OBSERVED TIME   RECORD YEAR NORMAL DEPARTURE LAST
                VALUE   (LST)  VALUE       VALUE  FROM      YEAR
                                                  NORMAL
..................................................................
TEMPERATURE (F)
 YESTERDAY
  MAXIMUM         28   1155 PM  70    2015  43    -15       70
  MINIMUM         10    523 AM  -7    2005  24    -14       33
  AVERAGE         19                        33    -14       52

PRECIPITATION (IN)
  YESTERDAY        0.00          1.50 1911   0.04  -0.04     0.00
  MONTH TO DATE    0.58                      0.46   0.12     0.00
  SINCE DEC 1      0.58                      0.46   0.12     0.00
  SINCE JAN 1     42.76                     35.57   7.19    46.68

SNOWFALL (IN)
  YESTERDAY        0.0           5.5  1944   0.2   -0.2      0.0
  MONTH TO DATE    0.5                       1.3   -0.8      0.0
  SINCE JAN 1      4.2                      13.9   -9.7      8.0
  SINCE JUL 1      0.5                       2.6   -2.1      0.1
  SNOW DEPTH       T

DEGREE DAYS
 HEATING
  YESTERDAY       46                        32     14       13
  MONTH TO DATE  303                       273     30      205
  SINCE DEC 1    303                       273     30      205
  SINCE JUL 1    876                      1267   -391      941

 COOLING
  YESTERDAY        0                         0      0        0
  MONTH TO DATE    0                         0      0        0
  SINCE DEC 1      0                         0      0        0
  SINCE JAN 1   1711                      1422    289     1536
..................................................................


WIND (MPH)
  HIGHEST WIND SPEED    12   HIGHEST WIND DIRECTION     S (160)
  HIGHEST GUST SPEED    15   HIGHEST GUST DIRECTION     S (160)
  AVERAGE WIND SPEED     4.6


SKY COVER
  AVERAGE SKY COVER 0.6


WEATHER CONDITIONS
 THE FOLLOWING WEATHER WAS RECORDED YESTERDAY.
  NO SIGNIFICANT WEATHER WAS OBSERVED.


RELATIVE HUMIDITY (PERCENT)
 HIGHEST    83           400 AM
 LOWEST     50           300 PM
 AVERAGE    67

..........................................................


THE TOPEKA KS CLIMATE NORMALS FOR TODAY
                         NORMAL    RECORD    YEAR
 MAXIMUM TEMPERATURE (F)   43        71      1890
 MINIMUM TEMPERATURE (F)   23        -9      1919


SUNRISE AND SUNSET
DECEMBER 10 2016......SUNRISE   731 AM CST   SUNSET   500 PM CST
DECEMBER 11 2016......SUNRISE   732 AM CST   SUNSET   500 PM CST


-  INDICATES NEGATIVE NUMBERS.
R  INDICATES RECORD WAS SET OR TIED.
MM INDICATES DATA IS MISSING.
T  INDICATES TRACE AMOUNT.




$$
