000
CDUS43 KTOP 182132
CLITOP


CLIMATE REPORT
NATIONAL WEATHER SERVICE TOPEKA KS
431 PM CDT THU MAY 18 2017


...................................

...THE TOPEKA KS CLIMATE SUMMARY FOR MAY 18 2017...
VALID TODAY AS OF 0400 PM LOCAL TIME.

CLIMATE NORMAL PERIOD 1981 TO 2010
CLIMATE RECORD PERIOD 1887 TO 2017


WEATHER ITEM   OBSERVED TIME   RECORD YEAR NORMAL DEPARTURE LAST
                VALUE   (LST)  VALUE       VALUE  FROM      YEAR
                                                  NORMAL
..................................................................
TEMPERATURE (F)
 TODAY
  MAXIMUM         78    259 PM  94    1975  77      1       69
  MINIMUM         54    520 AM  38    1976  55     -1       44
  AVERAGE         66                        66      0       57

PRECIPITATION (IN)
  TODAY            0.00          2.00 1950   0.16  -0.16     0.00
  MONTH TO DATE    0.47                      2.82  -2.35     3.74
  SINCE MAR 1     10.54                      8.84   1.70    12.96
  SINCE JAN 1     11.93                     11.02   0.91    14.23

SNOWFALL (IN)
  TODAY            0.0           T    1997   0.0    0.0      0.0
  MONTH TO DATE    0.0                       0.0    0.0       T
  SINCE JAN 1      3.5                      11.3   -7.8      3.7
  SINCE JUL 1      6.6                      17.8  -11.2      4.9
  SNOW DEPTH       0

DEGREE DAYS
 HEATING
  TODAY            0                         3     -3        8
  MONTH TO DATE   53                        76    -23      101
  SINCE MAR 1    798                      1026   -228      738
  SINCE JUL 1   3979                      4993  -1014     3990

 COOLING
  TODAY            1                         3     -2        0
  MONTH TO DATE   65                        40     25       18
  SINCE MAR 1    102                        68     34       36
  SINCE JAN 1    102                        68     34       36
..................................................................


WIND (MPH)
  HIGHEST WIND SPEED    17   HIGHEST WIND DIRECTION    NE (40)
  HIGHEST GUST SPEED    21   HIGHEST GUST DIRECTION    NE (50)
  AVERAGE WIND SPEED     7.3



WEATHER CONDITIONS
 THE FOLLOWING WEATHER WAS RECORDED TODAY.
  NO SIGNIFICANT WEATHER WAS OBSERVED.


RELATIVE HUMIDITY (PERCENT)
 HIGHEST    93           400 AM
 LOWEST     58           300 PM
 AVERAGE    76

..........................................................


THE TOPEKA KS CLIMATE NORMALS FOR TOMORROW
                         NORMAL    RECORD    YEAR
 MAXIMUM TEMPERATURE (F)   77        96      2006
                                             1975
                                             1944
 MINIMUM TEMPERATURE (F)   55        30      1888


SUNRISE AND SUNSET
MAY 18 2017...........SUNRISE   607 AM CDT   SUNSET   832 PM CDT
MAY 19 2017...........SUNRISE   606 AM CDT   SUNSET   832 PM CDT


-  INDICATES NEGATIVE NUMBERS.
R  INDICATES RECORD WAS SET OR TIED.
MM INDICATES DATA IS MISSING.
T  INDICATES TRACE AMOUNT.




$$
