000
CDUS43 KTOP 260635
CLITOP


CLIMATE REPORT
NATIONAL WEATHER SERVICE TOPEKA KS
1234 AM CST MON JAN 26 2015


...................................

...THE TOPEKA KS CLIMATE SUMMARY FOR JANUARY 25 2015...

CLIMATE NORMAL PERIOD 1981 TO 2010
CLIMATE RECORD PERIOD 1887 TO 2015


WEATHER ITEM   OBSERVED TIME   RECORD YEAR NORMAL DEPARTURE LAST
                VALUE   (LST)  VALUE       VALUE  FROM      YEAR
                                                  NORMAL
..................................................................
TEMPERATURE (F)
 YESTERDAY
  MAXIMUM         49    154 AM  64    1944  40      9       50
  MINIMUM         28   1159 PM -13    1905  20      8       29
  AVERAGE         39                        30      9       40

PRECIPITATION (IN)
  YESTERDAY        T             0.80 1967   0.04  -0.04      T
  MONTH TO DATE    0.08                      0.65  -0.57     0.34
  SINCE DEC 1      2.35                      2.00   0.35     0.90
  SINCE JAN 1      0.08                      0.65  -0.57     0.34

SNOWFALL (IN)
  YESTERDAY        0.0           6.3  1991   0.1   -0.1      0.0
  MONTH TO DATE    1.2                       3.9   -2.7      3.8
  SINCE JAN 1      1.2                       3.9   -2.7      3.8
  SINCE JUL 1      3.6                      10.4   -6.8      8.1
  SNOW DEPTH       0

DEGREE DAYS
 HEATING
  YESTERDAY       26                        35     -9       25
  MONTH TO DATE  884                       882      2      929
  SINCE DEC 1   1767                      1905   -138     2037
  SINCE JUL 1   2798                      2899   -101     3033

 COOLING
  YESTERDAY        0                         0      0        0
  MONTH TO DATE    0                         0      0        0
  SINCE DEC 1      0                         0      0        0
  SINCE JAN 1      0                         0      0        0
..................................................................


WIND (MPH)
  HIGHEST WIND SPEED    29   HIGHEST WIND DIRECTION    NW (320)
  HIGHEST GUST SPEED    38   HIGHEST GUST DIRECTION    NW (300)
  AVERAGE WIND SPEED    14.7


SKY COVER
  AVERAGE SKY COVER 1.0


WEATHER CONDITIONS
 THE FOLLOWING WEATHER WAS RECORDED YESTERDAY.
  LIGHT RAIN


RELATIVE HUMIDITY (PERCENT)
 HIGHEST    78          1100 PM
 LOWEST     64           900 PM
 AVERAGE    71

..........................................................


THE TOPEKA KS CLIMATE NORMALS FOR TODAY
                         NORMAL    RECORD    YEAR
 MAXIMUM TEMPERATURE (F)   41        67      1944
 MINIMUM TEMPERATURE (F)   20       -10      1904


SUNRISE AND SUNSET
JANUARY 26 2015.......SUNRISE   734 AM CST   SUNSET   536 PM CST
JANUARY 27 2015.......SUNRISE   733 AM CST   SUNSET   538 PM CST


-  INDICATES NEGATIVE NUMBERS.
R  INDICATES RECORD WAS SET OR TIED.
MM INDICATES DATA IS MISSING.
T  INDICATES TRACE AMOUNT.




$$
