000
CDUS43 KTOP 240644
CLITOP


CLIMATE REPORT
NATIONAL WEATHER SERVICE TOPEKA KS
143 AM CDT WED JUN 24 2015


...................................

...THE TOPEKA KS CLIMATE SUMMARY FOR JUNE 23 2015...

CLIMATE NORMAL PERIOD 1981 TO 2010
CLIMATE RECORD PERIOD 1887 TO 2015


WEATHER ITEM   OBSERVED TIME   RECORD YEAR NORMAL DEPARTURE LAST
                VALUE   (LST)  VALUE       VALUE  FROM      YEAR
                                                  NORMAL
..................................................................
TEMPERATURE (F)
 YESTERDAY
  MAXIMUM         79   1144 AM 104    1937  87     -8       84
  MINIMUM         68   1159 PM  48    1887  66      2       67
  AVERAGE         74                        76     -2       76

PRECIPITATION (IN)
  YESTERDAY        T             1.61 2003   0.18  -0.18      T
  MONTH TO DATE    5.16                      4.20   0.96     5.99
  SINCE JUN 1      5.16                      4.20   0.96     5.99
  SINCE JAN 1     19.75                     17.31   2.44    13.46

SNOWFALL (IN)
  YESTERDAY        0.0           T    1951   0.0    0.0      0.0
  MONTH TO DATE    0.0                       0.0    0.0      0.0
  SINCE JAN 1      7.9                      11.3   -3.4     23.1
  SINCE JUL 1     10.3                      17.8   -7.5     27.4
  SNOW DEPTH       0

DEGREE DAYS
 HEATING
  YESTERDAY        0                         0      0        0
  MONTH TO DATE    0                         6     -6        0
  SINCE JUN 1      0                         6     -6        0
  SINCE JUL 1   4874                      5019   -145     5440

 COOLING
  YESTERDAY        9                        11     -2       11
  MONTH TO DATE  269                       198     71      243
  SINCE JUN 1    269                       198     71      243
  SINCE JAN 1    351                       324     27      460
..................................................................


WIND (MPH)
  HIGHEST WIND SPEED    23   HIGHEST WIND DIRECTION     N (10)
  HIGHEST GUST SPEED    27   HIGHEST GUST DIRECTION     N (360)
  AVERAGE WIND SPEED     8.6


SKY COVER
  AVERAGE SKY COVER 0.4


WEATHER CONDITIONS
 THE FOLLOWING WEATHER WAS RECORDED YESTERDAY.
  NO SIGNIFICANT WEATHER WAS OBSERVED.


RELATIVE HUMIDITY (PERCENT)
 HIGHEST    90          1100 PM
 LOWEST     47           200 AM
 AVERAGE    69

..........................................................


THE TOPEKA KS CLIMATE NORMALS FOR TODAY
                         NORMAL    RECORD    YEAR
 MAXIMUM TEMPERATURE (F)   87       104      1937
                                             1933
 MINIMUM TEMPERATURE (F)   66        50      1974
                                             1961


SUNRISE AND SUNSET
JUNE 24 2015..........SUNRISE   558 AM CDT   SUNSET   852 PM CDT
JUNE 25 2015..........SUNRISE   558 AM CDT   SUNSET   852 PM CDT


-  INDICATES NEGATIVE NUMBERS.
R  INDICATES RECORD WAS SET OR TIED.
MM INDICATES DATA IS MISSING.
T  INDICATES TRACE AMOUNT.




$$
