000
CDUS43 KTOP 210641
CLITOP


CLIMATE REPORT
NATIONAL WEATHER SERVICE TOPEKA KS
1241 AM CST WED JAN 21 2015


...................................

...THE TOPEKA KS CLIMATE SUMMARY FOR JANUARY 20 2015...

CLIMATE NORMAL PERIOD 1981 TO 2010
CLIMATE RECORD PERIOD 1887 TO 2015


WEATHER ITEM   OBSERVED TIME   RECORD YEAR NORMAL DEPARTURE LAST
                VALUE   (LST)  VALUE       VALUE  FROM      YEAR
                                                  NORMAL
..................................................................
TEMPERATURE (F)
 YESTERDAY
  MAXIMUM         52    351 PM  71    1906  40     12       54
  MINIMUM         26   1159 PM -12    1985  19      7       16
  AVERAGE         39                        30      9       35

PRECIPITATION (IN)
  YESTERDAY        0.00          0.90 1916   0.03  -0.03      T
  MONTH TO DATE    0.08                      0.49  -0.41     0.34
  SINCE DEC 1      2.35                      1.84   0.51     0.90
  SINCE JAN 1      0.08                      0.49  -0.41     0.34

SNOWFALL (IN)
  YESTERDAY        0.0           4.3  1959   0.2   -0.2       T
  MONTH TO DATE    1.2                       3.1   -1.9      3.8
  SINCE JAN 1      1.2                       3.1   -1.9      3.8
  SINCE JUL 1      3.6                       9.6   -6.0      8.1
  SNOW DEPTH       0

DEGREE DAYS
 HEATING
  YESTERDAY       26                        35     -9       30
  MONTH TO DATE  746                       707     39      725
  SINCE DEC 1   1629                      1730   -101     1833
  SINCE JUL 1   2660                      2724    -64     2829

 COOLING
  YESTERDAY        0                         0      0        0
  MONTH TO DATE    0                         0      0        0
  SINCE DEC 1      0                         0      0        0
  SINCE JAN 1      0                         0      0        0
..................................................................


WIND (MPH)
  HIGHEST WIND SPEED    14   HIGHEST WIND DIRECTION     W (270)
  HIGHEST GUST SPEED    19   HIGHEST GUST DIRECTION     W (270)
  AVERAGE WIND SPEED     5.1


SKY COVER
  AVERAGE SKY COVER 0.0


WEATHER CONDITIONS
 THE FOLLOWING WEATHER WAS RECORDED YESTERDAY.
  NO SIGNIFICANT WEATHER WAS OBSERVED.


RELATIVE HUMIDITY (PERCENT)
 HIGHEST    85           200 AM
 LOWEST     38           400 PM
 AVERAGE    62

..........................................................


THE TOPEKA KS CLIMATE NORMALS FOR TODAY
                         NORMAL    RECORD    YEAR
 MAXIMUM TEMPERATURE (F)   40        69      1957
 MINIMUM TEMPERATURE (F)   19       -11      1888


SUNRISE AND SUNSET
JANUARY 21 2015.......SUNRISE   737 AM CST   SUNSET   531 PM CST
JANUARY 22 2015.......SUNRISE   737 AM CST   SUNSET   532 PM CST


-  INDICATES NEGATIVE NUMBERS.
R  INDICATES RECORD WAS SET OR TIED.
MM INDICATES DATA IS MISSING.
T  INDICATES TRACE AMOUNT.




$$
